000
CXUS52 KTBW 011136
CF6SRQ
PRELIMINARY LOCAL CLIMATOLOGICAL DATA (WS FORM: F-6)
STATION: Sarasota Bradenton
MONTH: JUNE
YEAR: 2020
LATITUDE: 27 23 N
LONGITUDE: 82 33 W
TEMPERATURE IN F: :PCPN: SNOW: WIND :SUNSHINE: SKY :PK WND
================================================================================
1 2 3 4 5 6A 6B 7 8 9 10 11 12 13 14 15 16 17 18
12Z AVG MX 2MIN
DY MAX MIN AVG DEP HDD CDD WTR SNW DPTH SPD SPD DIR MIN PSBL S-S WX SPD DR
================================================================================
1 94 75 85 6 0 20 1.42 0.0 0 5.8 38 310 M M 4 13 56 310
2 92 76 84 5 0 19 0.00 0.0 0 11.6 21 80 M M 3 26 110
3 86 72 79 0 0 14 3.18 0.0 0 8.1 17 70 M M 5 13 23 60
4 83 73 78 -2 0 13 0.47 0.0 0 5.8 21 160 M M 6 13 24 160
5 86 74 80 0 0 15 2.13 0.0 0 7.4 24 110 M M 5 138 32 330
6 84 74 79 -1 0 14 2.83 0.0 0 10.1 32 230 M M 7 123 44 240
7 89 77 83 3 0 18 0.01 0.0 0 14.7 30 170 M M 6 1 38 180
8 88 80 84 4 0 19 0.00 0.0 0 10.7 18 200 M M 4 23 200
9 88 78 83 3 0 18 0.00 0.0 0 5.2 13 110 M M 1 16 260
10 90 75 83 3 0 18 0.75 0.0 0 7.2 22 110 M M 2 13 26 110
11 89 75 82 2 0 17 0.73 0.0 0 7.4 24 100 M M 1 13 29 100
12 92 74 83 3 0 18 0.00 0.0 0 7.9 17 100 M M 2 22 110
13 87 76 82 1 0 17 0.05 0.0 0 8.1 20 110 M M 3 3 25 120
14 91 74 83 2 0 18 0.01 0.0 0 8.0 18 140 M M 2 24 30
15 92 75 84 3 0 19 0.00 0.0 0 8.3 16 80 M M 0 21 80
16 89 71 80 -1 0 15 0.00 0.0 0 7.6 15 290 M M 2 20 300
17 88 72 80 -1 0 15 0.00 0.0 0 7.8 13 280 M M 2 16 290
18 90 75 83 2 0 18 0.00 0.0 0 8.1 16 90 M M 1 20 100
19 88 75 82 1 0 17 0.00 0.0 0 5.7 15 210 M M 1 3 19 220
20 89 76 83 2 0 18 0.00 0.0 0 6.8 13 290 M M 1 18 270
21 90 77 84 3 0 19 0.00 0.0 0 5.0 14 300 M M 0 19 260
22 90 77 84 3 0 19 0.00 0.0 0 5.3 13 270 M M 1 16 260
23 90 77 84 2 0 19 0.00 0.0 0 6.0 13 220 M M 1 15 270
24 92 78 85 3 0 20 0.00 0.0 0 5.6 13 240 M M 0 16 270
25 93 79 86 4 0 21 0.00 0.0 0 6.1 15 60 M M 1 3 26 230
26 95 75 85 3 0 20 0.34 0.0 0 6.8 26 360 M M 3 3 33 10
27 91 77 84 2 0 19 0.00 0.0 0 6.9 13 260 M M 0 8 16 310
28 91 78 85 3 0 20 0.00 0.0 0 4.9 12 270 M M 0 3 20 290
29 92 80 86 4 0 21 0.00 0.0 0 5.8 14 270 M M 1 3 17 270
30 92 79 86 4 0 21 0.01 0.0 0 6.1 14 290 M M 1 3 19 260
================================================================================
SM 2691 2274 0 539 11.93 0.0 220.8 M 66
================================================================================
AV 89.7 75.8 7.4 FASTST M M 2 MAX(MPH)
MISC ----> # 38 310 # 56 310
================================================================================
NOTES:
# LAST OF SEVERAL OCCURRENCES
COLUMN 17 PEAK WIND IN M.P.H.
PRELIMINARY LOCAL CLIMATOLOGICAL DATA (WS FORM: F-6) , PAGE 2
STATION: Sarasota Bradenton
MONTH: JUNE
YEAR: 2020
LATITUDE: 27 23 N
LONGITUDE: 82 33 W
[TEMPERATURE DATA] [PRECIPITATION DATA] SYMBOLS USED IN COLUMN 16
AVERAGE MONTHLY: 82.8 TOTAL FOR MONTH: 11.93 1 = FOG OR MIST
DPTR FM NORMAL: 1.9 DPTR FM NORMAL: 4.42 2 = FOG REDUCING VISIBILITY
HIGHEST: 95 ON 26 GRTST 24HR 3.18 ON 3- 3 TO 1/4 MILE OR LESS
LOWEST: 71 ON 16 3 = THUNDER
SNOW, ICE PELLETS, HAIL 4 = ICE PELLETS
TOTAL MONTH: 0.0 INCH 5 = HAIL
GRTST 24HR 0.0 6 = FREEZING RAIN OR DRIZZLE
GRTST DEPTH: 0 7 = DUSTSTORM OR SANDSTORM:
VSBY 1/2 MILE OR LESS
8 = SMOKE OR HAZE
[NO. OF DAYS WITH] [WEATHER - DAYS WITH] 9 = BLOWING SNOW
X = TORNADO
MAX 32 OR BELOW: 0 0.01 INCH OR MORE: 12
MAX 90 OR ABOVE: 17 0.10 INCH OR MORE: 8
MIN 32 OR BELOW: 0 0.50 INCH OR MORE: 6
MIN 0 OR BELOW: 0 1.00 INCH OR MORE: 4
[HDD (BASE 65) ]
TOTAL THIS MO. 0 CLEAR (SCALE 0-3) 23
DPTR FM NORMAL 0 PTCLDY (SCALE 4-7) 7
TOTAL FM JUL 1 201 CLOUDY (SCALE 8-10) 0
DPTR FM NORMAL -276
[CDD (BASE 65) ]
TOTAL THIS MO. 539
DPTR FM NORMAL 67 [PRESSURE DATA]
TOTAL FM JAN 1 1790 HIGHEST SLP 30.17 ON 26
DPTR FM NORMAL 567 LOWEST SLP 29.85 ON 7
[REMARKS]
#FINAL-06-20#