000
CXUS53 KGRB 051605
CF6STE
PRELIMINARY LOCAL CLIMATOLOGICAL DATA (WS FORM: F-6)
STATION: STEVENS POINT WI
MONTH: MAY
YEAR: 2022
LATITUDE: 44 32 N
LONGITUDE: 89 32 W
TEMPERATURE IN F: :PCPN: SNOW: WIND :SUNSHINE: SKY :PK WND
================================================================================
1 2 3 4 5 6A 6B 7 8 9 10 11 12 13 14 15 16 17 18
12Z AVG MX 2MIN
DY MAX MIN AVG DEP HDD CDD WTR SNW DPTH SPD SPD DIR MIN PSBL S-S WX SPD DR
================================================================================
1 53 46 50 M 15 0 0.04 M M 9.1 15 260 M M 10 1 25 220
2 50 43 47 M 18 0 M M M 5.7 9 270 M M 10 18 280
3 55 35 45 M 20 0 M M M 7.2 13 50 M M 7 18 20
4 62 27 45 M 20 0 M M M 4.0 10 50 M M 0 9 120
5 65 31 48 M 17 0 M M M 3.8 9 120 M M 0 10 100
6 67 38 53 M 12 0 M M M 6.6 16 100 M M 0 23 100
7 70 34 52 M 13 0 M M M 6.1 13 90 M M 0 20 0
8 64 47 56 M 9 0 M M M 9.6 17 130 M M 3 28 130
9 78 52 65 M 0 0 0.22 M M 14.3 25 130 M M 7 3 38 150
10 83 63 73 M 0 8 M M M 3.8 12 160 M M 6 1 M M
11 76 66 71 M 0 6 M M M 10.5 16 90 M M 7 18 24 90
12 96 66 81 M 0 16 M M M 10.6 17 70 M M 3 18 32 70
13 93 67 80 M 0 15 M M M 9.5 17 210 M M 1 28 210
14 86 56 71 M 0 6 M M M 4.1 23 270 M M 1 35 270
15 75 55 65 M 0 0 M M M 5.7 12 260 M M 2 25 270
16 72 46 59 M 6 0 M M M 7.9 17 300 M M 2 31 300
17 72 38 55 M 10 0 M M M 3.3 8 150 M M 0 18 80
18 67 48 58 M 7 0 0.21 M M 5.9 10 200 M M 8 21 190
19 73 49 61 M 4 0 0.29 M M 7.4 29 140 M M 4 1 35 140
20 65 54 60 M 5 0 0.53 M M 6.0 10 290 M M 7 3 21 290
21 61 48 55 M 10 0 M M M 5.7 10 260 M M 4 20 310
22 56 40 48 M 17 0 M M M 6.8 14 310 M M 7 20 280
23 62 32 47 M 18 0 M M M 4.6 12 110 M M 1 16 110
24 68 38 53 M 12 0 M M M 6.1 14 90 M M 3 26 120
25 54 49 52 M 13 0 0.44 M M 8.6 13 70 M M 10 1 18 80
26 63 53 58 M 7 0 0.19 M M 4.6 10 350 M M 10 18 M M
27 73 51 62 M 3 0 M M M 5.5 13 10 M M 6 18 10
28 73 46 60 M 5 0 M M M 6.1 15 150 M M 5 23 180
29 78 60 69 M 0 4 0.02 M M 8.3 17 140 M M 2 25 120
30 89 70 80 M 0 15 M M M 11.8 18 180 M M 0 25 140
31 84 62 73 M 0 8 M M M 13.0 23 200 M M 2 32 220
================================================================================
SM 2183 1510 241 78 1.94 M 222.2 M 128
================================================================================
AV 70.4 48.7 7.2 FASTST M M 4 MAX(MPH)
MISC ----> 29 140 38 150
================================================================================
NOTES:
# LAST OF SEVERAL OCCURRENCES
COLUMN 17 PEAK WIND IN M.P.H.
PRELIMINARY LOCAL CLIMATOLOGICAL DATA (WS FORM: F-6) , PAGE 2
STATION: STEVENS POINT WI
MONTH: MAY
YEAR: 2022
LATITUDE: 44 32 N
LONGITUDE: 89 32 W
[TEMPERATURE DATA] [PRECIPITATION DATA] SYMBOLS USED IN COLUMN 16
AVERAGE MONTHLY: 59.6 TOTAL FOR MONTH: 1.94 1 = FOG OR MIST
DPTR FM NORMAL: 3.6 DPTR FM NORMAL: M 2 = FOG REDUCING VISIBILITY
HIGHEST: 96 ON 12 GRTST 24HR 0.53 ON 20-20 TO 1/4 MILE OR LESS
LOWEST: 27 ON 4 3 = THUNDER
SNOW, ICE PELLETS, HAIL 4 = ICE PELLETS
TOTAL MONTH: M 5 = HAIL
GRTST 24HR M ON M 6 = FREEZING RAIN OR DRIZZLE
GRTST DEPTH: M ON M 7 = DUSTSTORM OR SANDSTORM:
VSBY 1/2 MILE OR LESS
8 = SMOKE OR HAZE
[NO. OF DAYS WITH] [WEATHER - DAYS WITH] 9 = BLOWING SNOW
X = TORNADO
MAX 32 OR BELOW: 0 0.01 INCH OR MORE: 8
MAX 90 OR ABOVE: 2 0.10 INCH OR MORE: 6
MIN 32 OR BELOW: 3 0.50 INCH OR MORE: 1
MIN 0 OR BELOW: 0 1.00 INCH OR MORE: 0
[HDD (BASE 65) ]
TOTAL THIS MO. 241 CLEAR (SCALE 0-3) 15
DPTR FM NORMAL -70 PTCLDY (SCALE 4-7) 12
TOTAL FM JUL 1 7768 CLOUDY (SCALE 8-10) 4
DPTR FM NORMAL 7510
[CDD (BASE 65) ]
TOTAL THIS MO. 78
DPTR FM NORMAL 46 [PRESSURE DATA]
TOTAL FM JAN 1 78 HIGHEST SLP M ON M
DPTR FM NORMAL 45 LOWEST SLP M ON M
[REMARKS]
#FINAL-05-22#