000
CXUS53 KEAX 010736
CF6STJ
PRELIMINARY LOCAL CLIMATOLOGICAL DATA (WS FORM: F-6)
STATION: ST. JOSEPH MO
MONTH: APRIL
YEAR: 2023
LATITUDE: 39 46 N
LONGITUDE: 94 55 W
TEMPERATURE IN F: :PCPN: SNOW: WIND :SUNSHINE: SKY :PK WND
================================================================================
1 2 3 4 5 6A 6B 7 8 9 10 11 12 13 14 15 16 17 18
12Z AVG MX 2MIN
DY MAX MIN AVG DEP HDD CDD WTR SNW DPTH SPD SPD DIR MIN PSBL S-S WX SPD DR
================================================================================
1 59 34 47 -2 18 0 0.00 M M 13.3 33 280 M M 3 46 270
2 78 33 56 6 9 0 0.00 M M 10.6 31 200 M M 0 44 200
3 67 51 59 9 6 0 T M M 10.6 22 90 M M 7 32 80
4 88 41 65 15 0 0 0.24 M M 19.4 36 300 M M 3 13 46 180
5 52 30 41 -10 24 0 0.03 M M 13.4 29 320 M M 2 1 38 320
6 59 22 41 -10 24 0 0.00 M M 2.7 15 350 M M 0 8 22 350
7 68 30 49 -2 16 0 0.00 M M 7.9 17 140 M M 0 25 170
8 71 35 53 1 12 0 0.00 M M 8.8 21 150 M M 0 25 150
9 75 45 60 8 5 0 0.00 M M 10.6 21 170 M M 0 34 130
10 71 47 59 7 6 0 0.34 M M 7.1 18 130 M M 6 13 23 160
11 79 41 60 8 5 0 0.00 M M 11.1 24 210 M M 1 12 31 220
12 81 55 68 15 0 3 0.00 M M 15.0 29 220 M M 0 38 220
13 83 50 67 14 0 2 0.00 M M 14.0 25 160 M M 0 8 34 160
14 84 53 69 16 0 4 0.24 M M 14.3 37 190 M M 1 138 50 180
15 58 42 50 -4 15 0 0.53 M M 15.4 26 330 M M 10 138 36 320
16 58 39 49 -5 16 0 0.00 M M 20.1 36 310 M M 6 50 310
17 68 32 50 -4 15 0 0.00 M M 5.6 13 270 M M 0 17 310
18 80 50 65 10 0 0 0.00 M M 13.1 29 180 M M 1 45 160
19 79 63 71 16 0 6 0.04 M M 17.6 30 170 M M 8 3 41 200
20 69 43 56 1 9 0 0.59 M M 13.2 40 280 M M 5 13 52 280
21 56 40 48 -8 17 0 0.00 M M 12.2 29 290 M M 2 40 300
22 48 30 39 -17 26 0 T M M 12.7 24 340 M M 6 33 300
23 56 23 40 -16 25 0 0.00 M M 5.6 20 320 M M 1 1 27 340
24 69 32 51 -5 14 0 0.00 M M 8.1 20 210 M M 4 8 25 210
25 67 35 51 -6 14 0 0.00 M M 4.2 14 80 M M 2 20 80
26 68 44 56 -1 9 0 0.00 M M 7.8 17 80 M M 0 23 110
27 71 43 57 -1 8 0 0.00 M M 4.4 13 170 M M 5 19 140
28 68 53 61 3 4 0 T M M 8.8 20 330 M M 10 18 26 300
29 76 38 57 -1 8 0 0.00 M M 10.5 40 10 M M 2 55 360
30 63 37 50 -9 15 0 0.00 M M 18.9 37 320 M M 2 45 320
================================================================================
SM 2069 1211 320 15 2.01 M 337.0 M 87
================================================================================
AV 69.0 40.4 11.2 FASTST M M 3 MAX(MPH)
MISC ----> # 40 280 55 360
================================================================================
NOTES:
# LAST OF SEVERAL OCCURRENCES
COLUMN 17 PEAK WIND IN M.P.H.
PRELIMINARY LOCAL CLIMATOLOGICAL DATA (WS FORM: F-6) , PAGE 2
STATION: ST. JOSEPH MO
MONTH: APRIL
YEAR: 2023
LATITUDE: 39 46 N
LONGITUDE: 94 55 W
[TEMPERATURE DATA] [PRECIPITATION DATA] SYMBOLS USED IN COLUMN 16
AVERAGE MONTHLY: 54.7 TOTAL FOR MONTH: 2.01 1 = FOG OR MIST
DPTR FM NORMAL: 0.9 DPTR FM NORMAL: -1.70 2 = FOG REDUCING VISIBILITY
HIGHEST: 88 ON 4 GRTST 24HR 0.77 ON 14-15 TO 1/4 MILE OR LESS
LOWEST: 22 ON 6 3 = THUNDER
SNOW, ICE PELLETS, HAIL 4 = ICE PELLETS
TOTAL MONTH: M 5 = HAIL
GRTST 24HR M ON M 6 = FREEZING RAIN OR DRIZZLE
GRTST DEPTH: M ON M 7 = DUSTSTORM OR SANDSTORM:
VSBY 1/2 MILE OR LESS
8 = SMOKE OR HAZE
[NO. OF DAYS WITH] [WEATHER - DAYS WITH] 9 = BLOWING SNOW
X = TORNADO
MAX 32 OR BELOW: 0 0.01 INCH OR MORE: 7
MAX 90 OR ABOVE: 0 0.10 INCH OR MORE: 5
MIN 32 OR BELOW: 7 0.50 INCH OR MORE: 2
MIN 0 OR BELOW: 0 1.00 INCH OR MORE: 0
[HDD (BASE 65) ]
TOTAL THIS MO. 320 CLEAR (SCALE 0-3) 19
DPTR FM NORMAL -32 PTCLDY (SCALE 4-7) 9
TOTAL FM JUL 1 5274 CLOUDY (SCALE 8-10) 2
DPTR FM NORMAL 9
[CDD (BASE 65) ]
TOTAL THIS MO. 15
DPTR FM NORMAL -3 [PRESSURE DATA]
TOTAL FM JAN 1 15 HIGHEST SLP M ON M
DPTR FM NORMAL -6 LOWEST SLP 29.22 ON 4
[REMARKS]
#FINAL-04-23#