000
CXUS53 KEAX 010836
CF6STJ
PRELIMINARY LOCAL CLIMATOLOGICAL DATA (WS FORM: F-6)
STATION: ST. JOSEPH MO
MONTH: JANUARY
YEAR: 2023
LATITUDE: 39 46 N
LONGITUDE: 94 55 W
TEMPERATURE IN F: :PCPN: SNOW: WIND :SUNSHINE: SKY :PK WND
================================================================================
1 2 3 4 5 6A 6B 7 8 9 10 11 12 13 14 15 16 17 18
12Z AVG MX 2MIN
DY MAX MIN AVG DEP HDD CDD WTR SNW DPTH SPD SPD DIR MIN PSBL S-S WX SPD DR
================================================================================
1 55 24 40 12 25 0 0.00 M M 5.7 15 40 M M 1 1 20 20
2 49 39 44 16 21 0 0.04 M M 8.0 17 100 M M 10 13 24 100
3 45 31 38 11 27 0 0.01 M M 13.1 24 250 M M 10 12 33 230
4 37 31 34 7 31 0 T M M 11.7 22 290 M M 10 18 28 300
5 42 17 30 3 35 0 0.00 M M 9.4 22 310 M M 4 27 330
6 48 15 32 5 33 0 0.00 M M 4.4 13 70 M M 0 1 19 70
7 32 24 28 1 37 0 0.00 M M 7.2 15 10 M M 7 18 50
8 47 14 31 4 34 0 0.00 M M 2.1 10 210 M M 1 18 13 220
9 56 19 38 11 27 0 0.00 M M 4.6 18 210 M M 0 1 23 210
10 56 20 38 11 27 0 0.00 M M 3.7 10 20 M M 0 1 13 110
11 49 20 35 8 30 0 T M M 6.9 23 360 M M 1 18 31 360
12 34 25 30 3 35 0 T M M 18.9 29 350 M M 10 1 39 330
13 33 14 24 -3 41 0 0.00 M M 6.6 20 330 M M 5 26 340
14 47 15 31 4 34 0 0.00 M M 8.9 18 170 M M 0 1 26 170
15 57 36 47 20 18 0 T M M 15.2 24 180 M M 2 33 190
16 58 36 47 20 18 0 T M M 15.1 28 220 M M 4 36 220
17 44 29 37 10 28 0 0.00 M M 7.1 15 320 M M 4 18 21 320
18 36 31 34 7 31 0 0.54 M M 10.0 25 70 M M 7 1 37 60
19 36 27 32 5 33 0 0.06 M M 12.7 25 300 M M 10 1 32 300
20 34 19 27 0 38 0 0.00 M M 6.0 18 310 M M 8 12 24 310
21 32 20 26 -1 39 0 0.27 M M 0.9 6 340 M M 9 12 7 360
22 32 21 27 0 38 0 0.03 M M 6.6 12 310 M M 10 1 14 320
23 35 18 27 0 38 0 0.00 M M 4.7 12 200 M M 6 12 14 200
24 37 26 32 5 33 0 T M M 2.4 9 10 M M 8 18 10 360
25 33 17 25 -2 40 0 0.04 M M 15.1 28 320 M M 9 1 35 320
26 26 8 17 -11 48 0 0.00 M M 7.3 18 320 M M 2 24 320
27 44 25 35 7 30 0 0.00 M M 9.6 22 200 M M 3 29 200
28 45 16 31 3 34 0 T M M 13.5 24 360 M M 6 32 10
29 20 9 15 -13 50 0 T M M 17.0 24 10 M M 7 30 360
30 18 8 13 -15 52 0 0.00 M M 11.9 22 20 M M 10 26 10
31 25 3 14 -14 51 0 0.00 M M 4.5 12 270 M M 0 18 240
================================================================================
SM 1242 657 1056 0 0.99 M 270.8 M 164
================================================================================
AV 40.1 21.2 8.7 FASTST M M 5 MAX(MPH)
MISC ----> 29 350 39 330
================================================================================
NOTES:
# LAST OF SEVERAL OCCURRENCES
COLUMN 17 PEAK WIND IN M.P.H.
PRELIMINARY LOCAL CLIMATOLOGICAL DATA (WS FORM: F-6) , PAGE 2
STATION: ST. JOSEPH MO
MONTH: JANUARY
YEAR: 2023
LATITUDE: 39 46 N
LONGITUDE: 94 55 W
[TEMPERATURE DATA] [PRECIPITATION DATA] SYMBOLS USED IN COLUMN 16
AVERAGE MONTHLY: 30.6 TOTAL FOR MONTH: 0.99 1 = FOG OR MIST
DPTR FM NORMAL: 3.3 DPTR FM NORMAL: 0.28 2 = FOG REDUCING VISIBILITY
HIGHEST: 58 ON 16 GRTST 24HR 0.89 ON 2- 2 TO 1/4 MILE OR LESS
LOWEST: 3 ON 31 3 = THUNDER
SNOW, ICE PELLETS, HAIL 4 = ICE PELLETS
TOTAL MONTH: M 5 = HAIL
GRTST 24HR M ON M 6 = FREEZING RAIN OR DRIZZLE
GRTST DEPTH: M ON M 7 = DUSTSTORM OR SANDSTORM:
VSBY 1/2 MILE OR LESS
8 = SMOKE OR HAZE
[NO. OF DAYS WITH] [WEATHER - DAYS WITH] 9 = BLOWING SNOW
X = TORNADO
MAX 32 OR BELOW: 7 0.01 INCH OR MORE: 7
MAX 90 OR ABOVE: 0 0.10 INCH OR MORE: 2
MIN 32 OR BELOW: 28 0.50 INCH OR MORE: 1
MIN 0 OR BELOW: 0 1.00 INCH OR MORE: 0
[HDD (BASE 65) ]
TOTAL THIS MO. 1056 CLEAR (SCALE 0-3) 11
DPTR FM NORMAL -114 PTCLDY (SCALE 4-7) 10
TOTAL FM JUL 1 3369 CLOUDY (SCALE 8-10) 10
DPTR FM NORMAL 54
[CDD (BASE 65) ]
TOTAL THIS MO. 0
DPTR FM NORMAL 0 [PRESSURE DATA]
TOTAL FM JAN 1 0 HIGHEST SLP 30.59 ON 30
DPTR FM NORMAL 0 LOWEST SLP 29.33 ON 16
[REMARKS]
#FINAL-01-23#