000
CXUS53 KEAX 010736
CF6STJ
PRELIMINARY LOCAL CLIMATOLOGICAL DATA (WS FORM: F-6)
STATION: ST. JOSEPH MO
MONTH: SEPTEMBER
YEAR: 2022
LATITUDE: 39 46 N
LONGITUDE: 94 55 W
TEMPERATURE IN F: :PCPN: SNOW: WIND :SUNSHINE: SKY :PK WND
================================================================================
1 2 3 4 5 6A 6B 7 8 9 10 11 12 13 14 15 16 17 18
12Z AVG MX 2MIN
DY MAX MIN AVG DEP HDD CDD WTR SNW DPTH SPD SPD DIR MIN PSBL S-S WX SPD DR
================================================================================
1 86 60 73 1 0 8 0.00 M M 4.1 12 120 M M 0 15 150
2 87 62 75 4 0 10 0.00 M M 6.8 17 140 M M 0 21 150
3 81 60 71 0 0 6 0.00 M M 7.1 16 340 M M 3 1 22 340
4 80 57 69 -2 0 4 0.00 M M 6.9 13 70 M M 4 1 17 70
5 81 58 70 0 0 5 0.00 M M 4.2 10 70 M M 5 1 14 70
6 83 55 69 -1 0 4 0.00 M M 4.1 10 90 M M 4 12 15 120
7 84 58 71 1 0 6 0.00 M M 1.8 12 60 M M 1 12 19 60
8 83 53 68 -2 0 3 0.00 M M 5.4 14 160 M M 1 12 21 170
9 86 55 71 2 0 6 0.00 M M 5.8 13 210 M M 0 1 17 230
10 63 55 59 -10 6 0 0.59 M M 8.9 17 340 M M 8 1 24 40
11 74 47 61 -8 4 0 0.00 M M 5.9 16 340 M M 1 1 23 330
12 81 42 62 -6 3 0 0.00 M M 3.3 14 350 M M 0 1 20 360
13 86 47 67 -1 0 2 0.00 M M 3.1 12 160 M M 0 15 150
14 86 53 70 2 0 5 0.00 M M 6.6 17 160 M M 0 1 24 160
15 82 53 68 1 0 3 0.00 M M 8.4 21 160 M M 0 27 190
16 77 60 69 2 0 4 T M M 8.3 16 210 M M 5 1 23 220
17 86 65 76 9 0 11 0.74 M M 10.1 22 130 M M 2 1238 30 140
18 88 61 75 9 0 10 0.04 M M 6.3 18 160 M M 1 13 24 170
19 94 62 78 12 0 13 0.00 M M 4.7 16 200 M M 0 1 22 200
20 97 66 82 16 0 17 0.00 M M 9.8 22 210 M M 0 32 210
21 79 55 67 2 0 2 0.26 M M 7.9 22 20 M M 4 13 29 30
22 63 52 58 -7 7 0 0.01 M M 5.8 14 60 M M 2 18 30
23 64 49 57 -7 8 0 0.66 M M 7.0 15 160 M M 9 12 20 110
24 88 46 67 3 0 2 0.00 M M 4.5 16 260 M M 3 12 23 260
25 78 45 62 -2 3 0 0.00 M M 7.8 25 350 M M 1 37 360
26 73 42 58 -5 7 0 0.00 M M 3.3 12 310 M M 0 23 350
27 79 39 59 -4 6 0 0.00 M M 4.3 13 60 M M 0 1 19 70
28 68 42 55 -8 10 0 0.00 M M 7.6 15 120 M M 0 21 70
29 70 40 55 -7 10 0 0.00 M M 7.9 16 140 M M 0 22 130
30 73 37 55 -7 10 0 0.00 M M 6.7 16 110 M M 0 22 160
================================================================================
SM 2400 1576 74 121 2.30 M 184.4 M 54
================================================================================
AV 80.0 52.5 6.1 FASTST M M 2 MAX(MPH)
MISC ----> 25 350 37 360
================================================================================
NOTES:
# LAST OF SEVERAL OCCURRENCES
COLUMN 17 PEAK WIND IN M.P.H.
PRELIMINARY LOCAL CLIMATOLOGICAL DATA (WS FORM: F-6) , PAGE 2
STATION: ST. JOSEPH MO
MONTH: SEPTEMBER
YEAR: 2022
LATITUDE: 39 46 N
LONGITUDE: 94 55 W
[TEMPERATURE DATA] [PRECIPITATION DATA] SYMBOLS USED IN COLUMN 16
AVERAGE MONTHLY: 66.3 TOTAL FOR MONTH: 2.30 1 = FOG OR MIST
DPTR FM NORMAL: -0.7 DPTR FM NORMAL: -0.88 2 = FOG REDUCING VISIBILITY
HIGHEST: 97 ON 20 GRTST 24HR 0.74 ON 16-17 TO 1/4 MILE OR LESS
LOWEST: 37 ON 30 3 = THUNDER
SNOW, ICE PELLETS, HAIL 4 = ICE PELLETS
TOTAL MONTH: M 5 = HAIL
GRTST 24HR M ON M 6 = FREEZING RAIN OR DRIZZLE
GRTST DEPTH: M ON M 7 = DUSTSTORM OR SANDSTORM:
VSBY 1/2 MILE OR LESS
8 = SMOKE OR HAZE
[NO. OF DAYS WITH] [WEATHER - DAYS WITH] 9 = BLOWING SNOW
X = TORNADO
MAX 32 OR BELOW: 0 0.01 INCH OR MORE: 6
MAX 90 OR ABOVE: 2 0.10 INCH OR MORE: 4
MIN 32 OR BELOW: 0 0.50 INCH OR MORE: 3
MIN 0 OR BELOW: 0 1.00 INCH OR MORE: 0
[HDD (BASE 65) ]
TOTAL THIS MO. 74 CLEAR (SCALE 0-3) 23
DPTR FM NORMAL 3 PTCLDY (SCALE 4-7) 6
TOTAL FM JUL 1 74 CLOUDY (SCALE 8-10) 1
DPTR FM NORMAL -2
[CDD (BASE 65) ]
TOTAL THIS MO. 121
DPTR FM NORMAL -12 [PRESSURE DATA]
TOTAL FM JAN 1 1155 HIGHEST SLP M ON M
DPTR FM NORMAL -106 LOWEST SLP 29.77 ON 9
[REMARKS]
#FINAL-09-22#