000
CXUS55 KEAX 010736
CF6STJ
PRELIMINARY LOCAL CLIMATOLOGICAL DATA (WS FORM: F-6)
STATION: ST. JOSEPH MO
MONTH: SEPTEMBER
YEAR: 2020
LATITUDE: 39 46 N
LONGITUDE: 94 55 W
TEMPERATURE IN F: :PCPN: SNOW: WIND :SUNSHINE: SKY :PK WND
================================================================================
1 2 3 4 5 6A 6B 7 8 9 10 11 12 13 14 15 16 17 18
12Z AVG MX 2MIN
DY MAX MIN AVG DEP HDD CDD WTR SNW DPTH SPD SPD DIR MIN PSBL S-S WX SPD DR
================================================================================
1 76 63 70 -2 0 5 0.26 M M 4.3 17 70 M M 8 123 24 60
2 86 60 73 1 0 8 0.00 M M 3.2 10 190 M M 5 12 15 210
3 82 55 69 -2 0 4 0.00 M M 7.7 17 340 M M 1 1 26 340
4 83 50 67 -4 0 2 0.00 M M 2.3 12 160 M M 0 15 190
5 91 58 75 4 0 10 0.00 M M 5.8 13 180 M M 0 18 220
6 92 73 83 13 0 18 0.00 M M 12.9 26 200 M M 0 36 190
7 84 60 72 2 0 7 0.00 M M 9.6 23 30 M M 3 33 30
8 61 48 55 -15 10 0 0.11 M M 14.5 26 30 M M 10 1 33 20
9 54 48 51 -18 14 0 0.39 M M 11.4 17 10 M M 10 1 23 20
10 58 50 54 -15 11 0 1.30 M M 8.3 14 20 M M 10 1 18 10
11 63 54 59 -9 6 0 0.03 M M 3.1 7 230 M M 10 1 9 230
12 78 52 65 -3 0 0 0.02 M M 4.6 17 330 M M 6 12 22 310
13 79 47 63 -5 2 0 0.00 M M 2.4 9 350 M M 2 128 14 350
14 79 49 64 -3 1 0 0.00 M M 2.3 10 140 M M 2 12 13 90
15 81 52 67 0 0 2 0.00 M M 2.6 12 180 M M 2 12 16 210
16 86 54 70 4 0 5 0.00 M M 3.4 12 10 M M 2 128 16 360
17 74 52 63 -3 2 0 0.00 M M 5.7 13 50 M M 0 18 18 30
18 75 48 62 -4 3 0 0.00 M M 5.1 10 100 M M 0 15 80
19 72 53 63 -2 2 0 0.00 M M 8.2 17 170 M M 0 8 26 150
20 75 50 63 -2 2 0 0.00 M M 8.9 17 140 M M 0 23 140
21 80 48 64 0 1 0 0.00 M M 5.0 14 190 M M 0 19 180
22 81 50 66 2 0 1 0.00 M M 3.2 12 170 M M 0 128 16 180
23 77 58 68 4 0 3 0.00 M M 4.3 12 190 M M 8 18 17 250
24 83 55 69 6 0 4 0.00 M M 7.4 16 210 M M 0 1 23 200
25 89 62 76 13 0 11 0.00 M M 9.5 21 200 M M 0 27 180
26 92 65 79 17 0 14 0.00 M M 12.7 26 200 M M 0 37 220
27 73 52 63 1 2 0 0.54 M M 7.4 30 10 M M 7 13 41 10
28 68 47 58 -4 7 0 0.00 M M 8.8 23 330 M M 4 36 320
29 77 40 59 -2 6 0 0.00 M M 6.2 17 260 M M 0 8 27 240
30 76 44 60 -1 5 0 0.00 M M 9.8 28 350 M M 0 39 350
================================================================================
SM 2325 1597 74 94 2.65 M 200.6 M 90
================================================================================
AV 77.5 53.2 6.7 FASTST M M 3 MAX(MPH)
MISC ----> 30 10 41 10
================================================================================
NOTES:
# LAST OF SEVERAL OCCURRENCES
COLUMN 17 PEAK WIND IN M.P.H.
PRELIMINARY LOCAL CLIMATOLOGICAL DATA (WS FORM: F-6) , PAGE 2
STATION: ST. JOSEPH MO
MONTH: SEPTEMBER
YEAR: 2020
LATITUDE: 39 46 N
LONGITUDE: 94 55 W
[TEMPERATURE DATA] [PRECIPITATION DATA] SYMBOLS USED IN COLUMN 16
AVERAGE MONTHLY: 65.4 TOTAL FOR MONTH: 2.65 1 = FOG OR MIST
DPTR FM NORMAL: -1.2 DPTR FM NORMAL: -0.77 2 = FOG REDUCING VISIBILITY
HIGHEST: 92 ON 26, 6 GRTST 24HR 1.31 ON 9-10 TO 1/4 MILE OR LESS
LOWEST: 40 ON 29 3 = THUNDER
SNOW, ICE PELLETS, HAIL 4 = ICE PELLETS
TOTAL MONTH: M 5 = HAIL
GRTST 24HR M ON M 6 = FREEZING RAIN OR DRIZZLE
GRTST DEPTH: M ON M 7 = DUSTSTORM OR SANDSTORM:
VSBY 1/2 MILE OR LESS
8 = SMOKE OR HAZE
[NO. OF DAYS WITH] [WEATHER - DAYS WITH] 9 = BLOWING SNOW
X = TORNADO
MAX 32 OR BELOW: 0 0.01 INCH OR MORE: 7
MAX 90 OR ABOVE: 3 0.10 INCH OR MORE: 5
MIN 32 OR BELOW: 0 0.50 INCH OR MORE: 2
MIN 0 OR BELOW: 0 1.00 INCH OR MORE: 1
[HDD (BASE 65) ]
TOTAL THIS MO. 74 CLEAR (SCALE 0-3) 19
DPTR FM NORMAL -1 PTCLDY (SCALE 4-7) 7
TOTAL FM JUL 1 75 CLOUDY (SCALE 8-10) 4
DPTR FM NORMAL -6
[CDD (BASE 65) ]
TOTAL THIS MO. 94
DPTR FM NORMAL -28 [PRESSURE DATA]
TOTAL FM JAN 1 1280 HIGHEST SLP M ON M
DPTR FM NORMAL 81 LOWEST SLP 29.58 ON 26
[REMARKS]
#FINAL-09-20#