000
CXUS53 KEAX 011036 RRA
CLSSTJ
CLIMATE REPORT
NATIONAL WEATHER SERVICE
527 AM CDT TUE JUN 01 2021
...................................
...THE ST. JOSEPH MO CLIMATE SUMMARY FOR THE SEASON, FROM
3/1/2021 TO 5/31/2021...
CLIMATE NORMAL PERIOD: 1991 TO 2020
CLIMATE RECORD PERIOD: 1892 TO 2021
WEATHER OBSERVED NORMAL DEPART LAST YEAR`S
VALUE DATE(S) VALUE FROM VALUE DATE(S)
NORMAL
................................................................
TEMPERATURE (F)
RECORD
HIGH 103 05/30/1934
LOW -13 03/04/1978
HIGHEST 88 05/26 90 -2 88 04/08
LOWEST 20 04/01 14 6 20 03/21
AVG. MAXIMUM 66.1 65.6 0.5 65.0
AVG. MINIMUM 43.1 42.3 0.8 42.8
MEAN 54.6 54.0 0.6 53.9
DAYS MAX >= 90 0 2.5 -2.5 0
DAYS MAX <= 32 0 1.3 -1.3 0
DAYS MIN <= 32 19 22.7 -3.7 20
DAYS MIN <= 0 0 0.2 -0.2 0
PRECIPITATION (INCHES)
RECORD
MAXIMUM 19.06 1944
MINIMUM 2.67 1966
TOTALS 10.00 10.64 -0.64 9.61
DAILY AVG. 0.11 0.12 -0.01 0.10
DAYS >= .01 31 30.6 0.4 32
DAYS >= .10 21 18.4 2.6 20
DAYS >= .50 10 6.5 3.5 7
DAYS >= 1.00 1 2.5 -1.5 2
GREATEST
24 HR. TOTAL 1.30 05/19 TO 05/20
DEGREE DAYS
HEATING TOTAL 1036 1141 -105 1076
COOLING TOTAL 107 126 -19 78
................................................................
WIND (MPH)
AVERAGE WIND SPEED 10.2
HIGHEST WIND SPEED/DIRECTION 38/200 DATE 03/29
HIGHEST GUST SPEED/DIRECTION 48/260 DATE 05/08
SKY COVER
POSSIBLE SUNSHINE (PERCENT) MM
AVERAGE SKY COVER 0.42
NUMBER OF DAYS FAIR 45
NUMBER OF DAYS PC 23
NUMBER OF DAYS CLOUDY 24
AVERAGE RH (PERCENT) 65
WEATHER CONDITIONS. NUMBER OF DAYS WITH
THUNDERSTORM 6
MIXED PRECIP 0
HEAVY RAIN 10
RAIN 13
LIGHT RAIN 38
LT FREEZING RAIN 0
HAIL 0
HEAVY SNOW 0
SNOW 0
LIGHT SNOW 2
SLEET 0
FOG 41
FOG W/VIS <= 1/4 MILE 4
HAZE 13
- INDICATES NEGATIVE NUMBERS.
R INDICATES RECORD WAS SET OR TIED.
MM INDICATES DATA IS MISSING.
T INDICATES TRACE AMOUNT.
>= INDICATES GREATER THAN OR EQUAL TO.
<= INDICATES LESS THAN OR EQUAL TO.
$$