000
CXUS53 KLSX 011500
CF6STL
PRELIMINARY LOCAL CLIMATOLOGICAL DATA (WS FORM: F-6)
STATION: ST. LOUIS
MONTH: SEPTEMBER
YEAR: 2020
LATITUDE: 38 45 N
LONGITUDE: 90 23 W
TEMPERATURE IN F: :PCPN: SNOW: WIND :SUNSHINE: SKY :PK WND
================================================================================
1 2 3 4 5 6A 6B 7 8 9 10 11 12 13 14 15 16 17 18
12Z AVG MX 2MIN
DY MAX MIN AVG DEP HDD CDD WTR SNW DPTH SPD SPD DIR MIN PSBL S-S WX SPD DR
================================================================================
1 76 70 73 -3 0 8 0.44 0.0 0 6.0 14 110 M M 10 1 20 160
2 81 70 76 0 0 11 0.00 0.0 0 3.0 8 350 M M 8 12 290
3 90 68 79 4 0 14 0.02 0.0 0 8.0 18 270 M M 6 128 25 270
4 83 59 71 -4 0 6 0.00 0.0 0 2.6 10 330 M M 6 15 280
5 88 62 75 0 0 10 0.00 0.0 0 5.3 15 210 M M 2 21 210
6 92 71 82 8 0 17 0.00 0.0 0 11.1 25 200 M M 6 35 210
7 92 75 84 10 0 19 T 0.0 0 10.4 17 270 M M 4 23 280
8 91 71 81 7 0 16 0.02 0.0 0 7.9 20 20 M M 6 3 26 350
9 85 67 76 3 0 11 0.00 0.0 0 5.7 14 30 M M 7 1 19 20
10 82 71 77 4 0 12 0.00 0.0 0 6.5 12 20 M M 9 18 17 350
11 87 70 79 6 0 14 0.00 0.0 0 9.2 18 140 M M 8 18 24 140
12 79 67 73 1 0 8 0.02 0.0 0 6.8 18 140 M M 9 18 26 150
13 78 62 70 -2 0 5 0.00 0.0 0 5.6 14 350 M M 5 18 360
14 83 61 72 1 0 7 0.00 0.0 0 5.8 14 100 M M 1 19 100
15 80 59 70 -1 0 5 0.00 0.0 0 5.8 12 110 M M 3 17 110
16 83 58 71 1 0 6 0.00 0.0 0 2.4 10 350 M M 7 13 350
17 80 63 72 2 0 7 0.00 0.0 0 8.7 17 350 M M 3 26 10
18 73 55 64 -5 1 0 0.00 0.0 0 8.9 16 70 M M 0 23 60
19 72 47 60 -9 5 0 0.00 0.0 0 5.5 13 120 M M 1 17 90
20 76 48 62 -7 3 0 0.00 0.0 0 5.9 14 130 M M 1 17 110
21 79 50 65 -3 0 0 0.00 0.0 0 6.1 13 150 M M 1 19 170
22 77 56 67 -1 0 2 0.00 0.0 0 4.7 12 170 M M 7 14 160
23 74 62 68 1 0 3 0.00 0.0 0 4.2 10 170 M M 8 16 160
24 76 57 67 0 0 2 0.00 0.0 0 3.7 10 150 M M 3 15 190
25 82 56 69 3 0 4 0.00 0.0 0 6.0 16 130 M M 1 24 200
26 86 64 75 9 0 10 0.00 0.0 0 10.3 18 180 M M 5 25 190
27 81 57 69 3 0 4 0.20 0.0 0 9.1 18 350 M M 8 1 31 360
28 69 52 61 -4 4 0 0.20 0.0 0 9.7 25 310 M M 7 1 36 310
29 66 49 58 -7 7 0 0.00 0.0 0 8.3 17 280 M M 6 24 310
30 82 53 68 4 0 3 0.00 0.0 0 12.9 25 330 M M 1 35 350
================================================================================
SM 2423 1830 20 204 0.90 0.0 206.1 M 149
================================================================================
AV 80.8 61.0 6.9 FASTST M M 5 MAX(MPH)
MISC ----> # 25 200 36 310
================================================================================
NOTES:
# LAST OF SEVERAL OCCURRENCES
COLUMN 17 PEAK WIND IN M.P.H.
PRELIMINARY LOCAL CLIMATOLOGICAL DATA (WS FORM: F-6) , PAGE 2
STATION: ST. LOUIS
MONTH: SEPTEMBER
YEAR: 2020
LATITUDE: 38 45 N
LONGITUDE: 90 23 W
[TEMPERATURE DATA] [PRECIPITATION DATA] SYMBOLS USED IN COLUMN 16
AVERAGE MONTHLY: 70.9 TOTAL FOR MONTH: 0.90 1 = FOG OR MIST
DPTR FM NORMAL: 0.5 DPTR FM NORMAL: -2.23 2 = FOG REDUCING VISIBILITY
HIGHEST: 92 ON 7, 6 GRTST 24HR 0.44 ON 1- 1 TO 1/4 MILE OR LESS
LOWEST: 47 ON 19 3 = THUNDER
SNOW, ICE PELLETS, HAIL 4 = ICE PELLETS
TOTAL MONTH: 0.0 INCH 5 = HAIL
GRTST 24HR 0.0 6 = FREEZING RAIN OR DRIZZLE
GRTST DEPTH: 0 7 = DUSTSTORM OR SANDSTORM:
VSBY 1/2 MILE OR LESS
8 = SMOKE OR HAZE
[NO. OF DAYS WITH] [WEATHER - DAYS WITH] 9 = BLOWING SNOW
X = TORNADO
MAX 32 OR BELOW: 0 0.01 INCH OR MORE: 6
MAX 90 OR ABOVE: 4 0.10 INCH OR MORE: 3
MIN 32 OR BELOW: 0 0.50 INCH OR MORE: 0
MIN 0 OR BELOW: 0 1.00 INCH OR MORE: 0
[HDD (BASE 65) ]
TOTAL THIS MO. 20 CLEAR (SCALE 0-3) 11
DPTR FM NORMAL -20 PTCLDY (SCALE 4-7) 12
TOTAL FM JUL 1 20 CLOUDY (SCALE 8-10) 7
DPTR FM NORMAL -20
[CDD (BASE 65) ]
TOTAL THIS MO. 204
DPTR FM NORMAL 2 [PRESSURE DATA]
TOTAL FM JAN 1 1703 HIGHEST SLP M ON M
DPTR FM NORMAL 102 LOWEST SLP 29.74 ON 7
[REMARKS]
#FINAL-09-20#