000
CXUS53 KGRB 011828
CF6SUE
PRELIMINARY LOCAL CLIMATOLOGICAL DATA (WS FORM: F-6)
STATION: STURGEON BAY WI
MONTH: OCTOBER
YEAR: 2021
LATITUDE: 44 55 N
LONGITUDE: 87 25 W
TEMPERATURE IN F: :PCPN: SNOW: WIND :SUNSHINE: SKY :PK WND
================================================================================
1 2 3 4 5 6A 6B 7 8 9 10 11 12 13 14 15 16 17 18
12Z AVG MX 2MIN
DY MAX MIN AVG DEP HDD CDD WTR SNW DPTH SPD SPD DIR MIN PSBL S-S WX SPD DR
================================================================================
1 77 52 65 M 0 0 M M M 6.3 10 180 M M 2 12 M M
2 77 63 70 M 0 5 M M M 6.6 12 240 M M 4 1 M M
3 66 60 63 M 2 0 M M M 3.7 12 340 M M 9 12 M M
4 65 61 63 M 2 0 M M M 6.9 12 30 M M 10 1 M M
5 69 56 63 M 2 0 M M M 5.7 9 40 M M 4 128 M M
6 69 55 62 M 3 0 M M M 5.6 8 120 M M 1 12 M M
7 67 55 61 M 4 0 0.35 M M 5.4 10 80 M M 8 12 16 50
8 69 62 66 M 0 1 T M M 5.8 10 120 M M 10 12 M M
9 69 60 65 M 0 0 M M M 5.4 10 150 M M 10 12 M M
10 71 62 67 M 0 2 M M M 13.2 21 170 M M 4 1 32 180
11 69 64 67 M 0 2 0.22 M M 5.8 9 110 M M 9 1 M M
12 64 60 62 M 3 0 0.42 M M 5.4 13 350 M M 10 1 M M
13 65 57 61 M 4 0 M M M 8.0 17 160 M M 9 21 150
14 65 48 57 M 8 0 M M M 8.7 18 240 M M 2 1 24 240
15 56 43 50 M 15 0 T M M 5.4 9 290 M M 3 M M
16 58 45 52 M 13 0 M M M 11.0 16 280 M M 4 24 300
17 64 43 54 M 11 0 M M M 10.0 17 300 M M 1 23 300
18 66 41 54 M 11 0 M M M 5.3 9 190 M M 0 M M
19 73 50 62 M 3 0 M M M 8.2 16 230 M M 0 20 230
20 59 52 56 M 9 0 0.24 M M 7.1 12 30 M M 7 3 M M
21 54 42 48 M 17 0 0.16 M M 15.6 22 360 M M 9 1 39 360
22 46 41 44 M 21 0 T M M 6.4 12 350 M M 10 16 340
23 50 38 44 M 21 0 0.10 M M 6.7 13 350 M M 6 M M
24 49 32 41 M 24 0 T M M 7.7 16 30 M M 4 21 30
25 50 45 48 M 17 0 T M M 12.4 18 20 M M 9 25 20
26 50 42 46 M 19 0 M M M 8.6 15 360 M M 5 M M
27 51 42 47 M 18 0 T M M 5.1 13 130 M M 10 M M
28 56 50 53 M 12 0 0.03 M M 9.1 15 50 M M 6 1 21 50
29 55 50 53 M 12 0 0.02 M M 14.8 21 10 M M 9 29 10
30 56 40 48 M 17 0 M M M 9.7 21 10 M M 2 24 10
31 50 40 45 M 20 0 M M M 14.8 23 300 M M 7 33 300
================================================================================
SM 1905 1551 288 10 1.54 M 250.2 M 184
================================================================================
AV 61.5 50.0 8.1 FASTST M M 6 MAX(MPH)
MISC ----> 23 300 39 360
================================================================================
NOTES:
# LAST OF SEVERAL OCCURRENCES
COLUMN 17 PEAK WIND IN M.P.H.
PRELIMINARY LOCAL CLIMATOLOGICAL DATA (WS FORM: F-6) , PAGE 2
STATION: STURGEON BAY WI
MONTH: OCTOBER
YEAR: 2021
LATITUDE: 44 55 N
LONGITUDE: 87 25 W
[TEMPERATURE DATA] [PRECIPITATION DATA] SYMBOLS USED IN COLUMN 16
AVERAGE MONTHLY: 55.7 TOTAL FOR MONTH: 1.54 1 = FOG OR MIST
DPTR FM NORMAL: 0.0 DPTR FM NORMAL: M 2 = FOG REDUCING VISIBILITY
HIGHEST: 77 ON 2, 1 GRTST 24HR 0.42 ON 12-12 TO 1/4 MILE OR LESS
LOWEST: 32 ON 24 3 = THUNDER
SNOW, ICE PELLETS, HAIL 4 = ICE PELLETS
TOTAL MONTH: M 5 = HAIL
GRTST 24HR M ON M 6 = FREEZING RAIN OR DRIZZLE
GRTST DEPTH: M ON M 7 = DUSTSTORM OR SANDSTORM:
VSBY 1/2 MILE OR LESS
8 = SMOKE OR HAZE
[NO. OF DAYS WITH] [WEATHER - DAYS WITH] 9 = BLOWING SNOW
X = TORNADO
MAX 32 OR BELOW: 0 0.01 INCH OR MORE: 8
MAX 90 OR ABOVE: 0 0.10 INCH OR MORE: 6
MIN 32 OR BELOW: 1 0.50 INCH OR MORE: 0
MIN 0 OR BELOW: 0 1.00 INCH OR MORE: 0
[HDD (BASE 65) ]
TOTAL THIS MO. 288 CLEAR (SCALE 0-3) 8
DPTR FM NORMAL M PTCLDY (SCALE 4-7) 10
TOTAL FM JUL 1 409 CLOUDY (SCALE 8-10) 13
DPTR FM NORMAL M
[CDD (BASE 65) ]
TOTAL THIS MO. 10
DPTR FM NORMAL M [PRESSURE DATA]
TOTAL FM JAN 1 537 HIGHEST SLP M ON M
DPTR FM NORMAL 537 LOWEST SLP M ON M
[REMARKS]
#FINAL-10-21#