000
CXUS53 KLSX 011500
CF6SUS
PRELIMINARY LOCAL CLIMATOLOGICAL DATA (WS FORM: F-6)
STATION: SPIRIT OF ST LOUIS MO
MONTH: JANUARY
YEAR: 2022
LATITUDE: 38 39 N
LONGITUDE: 90 38 W
TEMPERATURE IN F: :PCPN: SNOW: WIND :SUNSHINE: SKY :PK WND
================================================================================
1 2 3 4 5 6A 6B 7 8 9 10 11 12 13 14 15 16 17 18
12Z AVG MX 2MIN
DY MAX MIN AVG DEP HDD CDD WTR SNW DPTH SPD SPD DIR MIN PSBL S-S WX SPD DR
================================================================================
1 49 25 37 5 28 0 0.51 M 0 9.7 17 320 M M 10 16 24 310
2 25 14 20 -12 45 0 T M M 11.7 20 330 M M 10 168 27 330
3 34 11 23 -9 42 0 0.00 0.0 0 3.1 9 290 M M 0 12 200
4 43 24 34 2 31 0 0.00 0.0 0 9.6 20 220 M M 0 33 160
5 42 20 31 -1 34 0 0.00 0.0 0 15.2 25 290 M M 2 36 280
6 20 9 15 -17 50 0 T M M 10.4 20 330 M M 5 25 330
7 24 7 16 -16 49 0 0.00 0.0 0 5.0 14 330 M M 2 19 320
8 45 18 32 1 33 0 0.14 0.0 0 5.7 13 190 M M 8 1 20 150
9 47 16 32 1 33 0 T 0.0 0 9.3 20 330 M M 4 18 28 360
10 41 14 28 -3 37 0 0.00 0.0 0 6.1 16 300 M M 0 21 310
11 54 16 35 4 30 0 0.00 0.0 0 5.8 17 200 M M 0 25 200
12 58 29 44 13 21 0 0.00 0.0 0 6.8 16 220 M M 0 23 220
13 54 27 41 10 24 0 T 0.0 0 4.4 14 320 M M 2 18 350
14 47 25 36 5 29 0 0.35 0.0 0 4.4 13 60 M M 4 18 15 70
15 34 23 29 -2 36 0 0.33 M M 9.9 20 50 M M 9 18 27 30
16 32 16 24 -7 41 0 T M M 6.8 22 290 M M 3 18 28 290
17 37 26 32 1 33 0 0.00 0.0 M 8.9 21 290 M M 7 18 31 310
18 56 23 40 9 25 0 0.00 0.0 0 5.7 15 190 M M 1 1 26 190
19 47 12 30 -1 35 0 0.00 0.0 0 11.4 23 330 M M 2 32 330
20 19 7 13 -18 52 0 0.00 0.0 0 9.3 18 330 M M 0 25 330
21 27 5 16 -15 49 0 0.00 0.0 0 2.9 9 150 M M 0 13 80
22 44 11 28 -3 37 0 0.00 0.0 0 5.7 21 300 M M 1 28 300
23 42 23 33 2 32 0 0.00 0.0 0 10.4 22 320 M M 5 31 230
24 51 22 37 6 28 0 T M M 9.6 18 330 M M 9 25 320
25 26 11 19 -13 46 0 0.00 0.0 0 8.7 15 330 M M 0 8 21 360
26 28 3 16 -16 49 0 0.00 0.0 0 3.7 10 330 M M 1 13 320
27 39 26 33 1 32 0 T M M 8.3 20 310 M M 9 26 320
28 31 9 20 -12 45 0 T M M 9.1 22 310 M M 5 31 300
29 46 7 27 -5 38 0 0.00 M M 4.0 14 200 M M 0 22 190
30 40 22 31 -1 34 0 0.00 0.0 M 6.5 16 300 M M 0 22 320
31 54 24 39 7 26 0 0.00 M M 5.4 13 180 M M 2 20 160
================================================================================
SM 1236 525 1124 0 1.33 0.0 233.5 M 101
================================================================================
AV 39.9 16.9 7.5 FASTST M M 3 MAX(MPH)
MISC ----> 25 290 36 280
================================================================================
NOTES:
# LAST OF SEVERAL OCCURRENCES
COLUMN 17 PEAK WIND IN M.P.H.
PRELIMINARY LOCAL CLIMATOLOGICAL DATA (WS FORM: F-6) , PAGE 2
STATION: SPIRIT OF ST LOUIS MO
MONTH: JANUARY
YEAR: 2022
LATITUDE: 38 39 N
LONGITUDE: 90 38 W
[TEMPERATURE DATA] [PRECIPITATION DATA] SYMBOLS USED IN COLUMN 16
AVERAGE MONTHLY: 28.4 TOTAL FOR MONTH: 1.33 1 = FOG OR MIST
DPTR FM NORMAL: -3.1 DPTR FM NORMAL: -1.05 2 = FOG REDUCING VISIBILITY
HIGHEST: 58 ON 12 GRTST 24HR 0.52 ON 1- 2 TO 1/4 MILE OR LESS
LOWEST: 3 ON 26 3 = THUNDER
SNOW, ICE PELLETS, HAIL 4 = ICE PELLETS
TOTAL MONTH: 0.0 INCH 5 = HAIL
GRTST 24HR 0.0 6 = FREEZING RAIN OR DRIZZLE
GRTST DEPTH: 0 7 = DUSTSTORM OR SANDSTORM:
VSBY 1/2 MILE OR LESS
8 = SMOKE OR HAZE
[NO. OF DAYS WITH] [WEATHER - DAYS WITH] 9 = BLOWING SNOW
X = TORNADO
MAX 32 OR BELOW: 9 0.01 INCH OR MORE: 4
MAX 90 OR ABOVE: 0 0.10 INCH OR MORE: 4
MIN 32 OR BELOW: 31 0.50 INCH OR MORE: 1
MIN 0 OR BELOW: 0 1.00 INCH OR MORE: 0
[HDD (BASE 65) ]
TOTAL THIS MO. 1124 CLEAR (SCALE 0-3) 19
DPTR FM NORMAL 86 PTCLDY (SCALE 4-7) 7
TOTAL FM JUL 1 2537 CLOUDY (SCALE 8-10) 5
DPTR FM NORMAL -329
[CDD (BASE 65) ]
TOTAL THIS MO. 0
DPTR FM NORMAL 0 [PRESSURE DATA]
TOTAL FM JAN 1 0 HIGHEST SLP 30.70 ON 20
DPTR FM NORMAL 0 LOWEST SLP 29.66 ON 1
[REMARKS]
#FINAL-01-22#