000
CXUS54 KEPZ 011030
CF6SVC
PRELIMINARY LOCAL CLIMATOLOGICAL DATA (WS FORM: F-6)
STATION: SILVER CITY
MONTH: APRIL
YEAR: 2022
LATITUDE: 32 37 N
LONGITUDE: 108 10 W
TEMPERATURE IN F: :PCPN: SNOW: WIND :SUNSHINE: SKY :PK WND
================================================================================
1 2 3 4 5 6A 6B 7 8 9 10 11 12 13 14 15 16 17 18
12Z AVG MX 2MIN
DY MAX MIN AVG DEP HDD CDD WTR SNW DPTH SPD SPD DIR MIN PSBL S-S WX SPD DR
================================================================================
1 72 38 55 M 10 0 0.00 M M 10.8 21 300 M M 0 27 320
2 76 39 58 M 7 0 0.00 M M 8.1 14 260 M M 0 22 190
3 73 38 56 M 9 0 0.00 M M 10.0 15 250 M M 0 21 290
4 72 37 55 M 10 0 0.00 M M 10.5 23 280 M M 0 29 280
5 79 38 59 M 6 0 0.00 M M 18.9 30 280 M M 0 39 280
6 79 44 62 M 3 0 0.00 M M 12.1 21 310 M M 0 27 280
7 71 32 52 M 13 0 0.00 M M 7.2 15 350 M M 0 25 350
8 72 31 52 M 13 0 0.00 M M 7.6 16 110 M M 0 23 120
9 80 35 58 M 7 0 0.00 M M 11.2 23 260 M M 0 39 260
10 75 50 63 M 2 0 0.00 M M 16.1 28 270 M M 0 43 260
11 74 47 61 M 4 0 0.00 M M 14.9 25 260 M M 0 36 250
12 73 43 58 M 7 0 0.00 M M 19.2 39 270 M M 1 47 270
13 65 32 49 M 16 0 0.00 M M 14.0 22 280 M M 0 30 280
14 75 36 56 M 9 0 0.00 M M 9.6 21 270 M M 0 27 270
15 79 39 59 M 6 0 0.00 M M 12.3 25 270 M M 0 31 270
16 82 40 61 M 4 0 0.00 M M 12.9 25 270 M M 0 35 260
17 84 43 64 M 1 0 0.00 M M 8.7 14 320 M M 0 23 300
18 86 43 65 M 0 0 0.00 M M 8.5 15 190 M M 0 22 140
19 84 51 68 M 0 3 0.00 M M 15.6 31 280 M M 0 37 280
20 84 52 68 M 0 3 0.00 M M 15.5 28 280 M M 0 37 280
21 83 44 64 M 1 0 0.00 M M 10.3 20 240 M M 0 25 280
22 83 44 64 M 1 0 0.00 M M 17.4 37 250 M M 1 8 52 250
23 70 45 58 M 7 0 0.00 M M 16.8 27 300 M M 0 32 260
24 74 36 55 M 10 0 0.00 M M 9.4 21 290 M M 0 32 290
25 76 37 57 M 8 0 0.00 M M 7.3 17 130 M M 0 22 130
26 78 46 62 M 3 0 0.00 M M 11.1 20 130 M M 0 27 130
27 85 48 67 M 0 2 0.00 M M 10.9 22 240 M M 0 32 260
28 81 46 64 M 1 0 0.00 M M 10.6 17 270 M M 0 31 230
29 80 42 61 M 4 0 0.00 M M 14.0 24 280 M M 0 31 280
30 82 47 65 M 0 0 0.00 M M 9.0 16 170 M M 0 22 170
================================================================================
SM 2327 1243 162 8 0.00 M 360.6 M 2
================================================================================
AV 77.6 41.4 12.0 FASTST M M 0 MAX(MPH)
MISC ----> 39 270 52 250
================================================================================
NOTES:
# LAST OF SEVERAL OCCURRENCES
COLUMN 17 PEAK WIND IN M.P.H.
PRELIMINARY LOCAL CLIMATOLOGICAL DATA (WS FORM: F-6) , PAGE 2
STATION: SILVER CITY
MONTH: APRIL
YEAR: 2022
LATITUDE: 32 37 N
LONGITUDE: 108 10 W
[TEMPERATURE DATA] [PRECIPITATION DATA] SYMBOLS USED IN COLUMN 16
AVERAGE MONTHLY: 59.5 TOTAL FOR MONTH: 0.00 1 = FOG OR MIST
DPTR FM NORMAL: 0.0 DPTR FM NORMAL: M 2 = FOG REDUCING VISIBILITY
HIGHEST: 86 ON 18 GRTST 24HR 0.00 ON 1- 1 TO 1/4 MILE OR LESS
LOWEST: 31 ON 8 3 = THUNDER
SNOW, ICE PELLETS, HAIL 4 = ICE PELLETS
TOTAL MONTH: M 5 = HAIL
GRTST 24HR M ON M 6 = FREEZING RAIN OR DRIZZLE
GRTST DEPTH: M ON M 7 = DUSTSTORM OR SANDSTORM:
VSBY 1/2 MILE OR LESS
8 = SMOKE OR HAZE
[NO. OF DAYS WITH] [WEATHER - DAYS WITH] 9 = BLOWING SNOW
X = TORNADO
MAX 32 OR BELOW: 0 0.01 INCH OR MORE: 0
MAX 90 OR ABOVE: 0 0.10 INCH OR MORE: 0
MIN 32 OR BELOW: 3 0.50 INCH OR MORE: 0
MIN 0 OR BELOW: 0 1.00 INCH OR MORE: 0
[HDD (BASE 65) ]
TOTAL THIS MO. 162 CLEAR (SCALE 0-3) 30
DPTR FM NORMAL M PTCLDY (SCALE 4-7) 0
TOTAL FM JUL 1 3524 CLOUDY (SCALE 8-10) 0
DPTR FM NORMAL M
[CDD (BASE 65) ]
TOTAL THIS MO. 8
DPTR FM NORMAL M [PRESSURE DATA]
TOTAL FM JAN 1 8 HIGHEST SLP M ON M
DPTR FM NORMAL M LOWEST SLP M ON M
[REMARKS]
#FINAL-04-22#