000
CXUS54 KOUN 010810
CF6SWO
PRELIMINARY LOCAL CLIMATOLOGICAL DATA (WS FORM: F-6)
STATION: STILLWATER
MONTH: JULY
YEAR: 2021
LATITUDE: 36 10 N
LONGITUDE: 97 5 W
TEMPERATURE IN F: :PCPN: SNOW: WIND :SUNSHINE: SKY :PK WND
================================================================================
1 2 3 4 5 6A 6B 7 8 9 10 11 12 13 14 15 16 17 18
12Z AVG MX 2MIN
DY MAX MIN AVG DEP HDD CDD WTR SNW DPTH SPD SPD DIR MIN PSBL S-S WX SPD DR
================================================================================
1 83 72 78 -4 0 13 0.32 M M 3.5 13 70 M M 5 18 17 70
2 89 71 80 -2 0 15 0.00 M M 7.6 17 70 M M 4 20 80
3 89 65 77 -5 0 12 0.00 M M 7.1 16 160 M M 1 21 160
4 89 64 77 -5 0 12 0.00 M M 5.9 16 190 M M 0 1 20 180
5 89 66 78 -5 0 13 0.00 0.0 M 5.5 15 140 M M 1 1 19 130
6 91 65 78 -5 0 13 0.00 M M 3.5 10 180 M M 2 15 170
7 93 70 82 -1 0 17 0.04 0.0 M 3.4 16 330 M M 2 13 20 340
8 96 70 83 0 0 18 0.00 M M 4.9 10 190 M M 1 1 15 170
9 94 74 84 1 0 19 0.00 M M 11.4 24 180 M M 0 31 170
10 94 72 83 0 0 18 0.58 M M 10.7 31 80 M M 2 13 38 80
11 84 66 75 -8 0 10 0.00 M M 7.9 18 350 M M 4 25 350
12 89 62 76 -8 0 11 0.00 M M 4.4 12 320 M M 1 16 360
13 93 68 81 -3 0 16 0.00 M M 10.1 18 170 M M 1 24 160
14 91 72 82 -2 0 17 0.00 M M 12.7 28 180 M M 0 8 35 180
15 90 75 83 -1 0 18 T M M 12.3 20 180 M M 1 25 200
16 93 73 83 -1 0 18 0.00 M M 8.8 15 140 M M 4 20 150
17 95 75 85 1 0 20 0.14 M M 4.6 12 260 M M 1 13 14 230
18 89 74 82 -2 0 17 0.00 M M 5.8 14 60 M M 6 12 19 50
19 90 69 80 -4 0 15 0.00 M M 9.1 15 30 M M 1 18 19 40
20 89 67 78 -6 0 13 0.00 M M 8.1 14 60 M M 1 21 80
21 89 63 76 -8 0 11 0.00 M M 4.3 13 130 M M 1 18 16 120
22 94 65 80 -4 0 15 0.00 0.0 M 6.4 15 160 M M 0 18 19 170
23 96 73 85 1 0 20 0.00 M M 8.8 18 170 M M 0 8 26 160
24 99 75 87 2 0 22 0.00 M M 8.1 15 180 M M 0 19 180
25 101 76 89 4 0 24 0.00 M M 6.6 23 80 M M 0 28 80
26 98 72 85 0 0 20 0.14 M M 5.5 21 270 M M 1 3 29 260
27 99 71 85 0 0 20 0.00 M M 4.5 15 150 M M 1 18 150
28 98 73 86 1 0 21 0.00 M M 5.8 16 160 M M 0 25 170
29 99 74 87 2 0 22 0.00 M M 4.9 14 170 M M 0 18 200
30 100 71 86 1 0 21 0.00 M M 5.3 16 180 M M 0 8 19 170
31 102 75 89 4 0 24 T M M 9.7 38 10 M M 0 3 48 20
================================================================================
SM 2885 2178 0 525 1.22 0.0 217.2 M 41
================================================================================
AV 93.1 70.3 7.0 FASTST M M 1 MAX(MPH)
MISC ----> 38 10 48 20
================================================================================
NOTES:
# LAST OF SEVERAL OCCURRENCES
COLUMN 17 PEAK WIND IN M.P.H.
PRELIMINARY LOCAL CLIMATOLOGICAL DATA (WS FORM: F-6) , PAGE 2
STATION: STILLWATER
MONTH: JULY
YEAR: 2021
LATITUDE: 36 10 N
LONGITUDE: 97 5 W
[TEMPERATURE DATA] [PRECIPITATION DATA] SYMBOLS USED IN COLUMN 16
AVERAGE MONTHLY: 81.7 TOTAL FOR MONTH: 1.22 1 = FOG OR MIST
DPTR FM NORMAL: -2.0 DPTR FM NORMAL: -1.90 2 = FOG REDUCING VISIBILITY
HIGHEST: 102 ON 31 GRTST 24HR 0.58 ON 10-10 TO 1/4 MILE OR LESS
LOWEST: 62 ON 12 3 = THUNDER
SNOW, ICE PELLETS, HAIL 4 = ICE PELLETS
TOTAL MONTH: 0.0 INCH 5 = HAIL
GRTST 24HR 0.0 6 = FREEZING RAIN OR DRIZZLE
GRTST DEPTH: M ON M 7 = DUSTSTORM OR SANDSTORM:
VSBY 1/2 MILE OR LESS
8 = SMOKE OR HAZE
[NO. OF DAYS WITH] [WEATHER - DAYS WITH] 9 = BLOWING SNOW
X = TORNADO
MAX 32 OR BELOW: 0 0.01 INCH OR MORE: 5
MAX 90 OR ABOVE: 21 0.10 INCH OR MORE: 4
MIN 32 OR BELOW: 0 0.50 INCH OR MORE: 1
MIN 0 OR BELOW: 0 1.00 INCH OR MORE: 0
[HDD (BASE 65) ]
TOTAL THIS MO. 0 CLEAR (SCALE 0-3) 26
DPTR FM NORMAL 0 PTCLDY (SCALE 4-7) 5
TOTAL FM JUL 1 0 CLOUDY (SCALE 8-10) 0
DPTR FM NORMAL 0
[CDD (BASE 65) ]
TOTAL THIS MO. 525
DPTR FM NORMAL -56 [PRESSURE DATA]
TOTAL FM JAN 1 1123 HIGHEST SLP M ON M
DPTR FM NORMAL -136 LOWEST SLP 29.71 ON 10
[REMARKS]
#FINAL-07-21#