000
CXUS51 KBGM 041609 CCA
CF6SYR
PRELIMINARY LOCAL CLIMATOLOGICAL DATA (WS FORM: F-6)
STATION: SYRACUSE NY
MONTH: JUNE
YEAR: 2020
LATITUDE: 43 7 N
LONGITUDE: 76 7 W
TEMPERATURE IN F: :PCPN: SNOW: WIND :SUNSHINE: SKY :PK WND
================================================================================
1 2 3 4 5 6A 6B 7 8 9 10 11 12 13 14 15 16 17 18
12Z AVG MX 2MIN
DY MAX MIN AVG DEP HDD CDD WTR SNW DPTH SPD SPD DIR MIN PSBL S-S WX SPD DR
================================================================================
1 67 46 57 -5 8 0 0.00 0.0 0 6.8 17 300 M M 8 26 290
2 68 55 62 -1 3 0 0.30 0.0 0 6.4 14 190 M M 10 13 20 200
3 76 58 67 4 0 2 T 0.0 0 5.8 18 280 M M 8 22 290
4 88 57 73 9 0 8 0.00 0.0 0 6.8 24 260 M M 4 1 31 250
5 88 70 79 15 0 14 T 0.0 0 4.0 10 280 M M 6 3 13 250
6 79 58 69 5 0 4 T 0.0 0 10.6 28 340 M M 5 35 310
7 70 52 61 -3 4 0 0.00 0.0 0 7.4 20 280 M M 3 24 280
8 74 48 61 -4 4 0 0.00 0.0 0 4.6 16 320 M M 5 21 310
9 87 53 70 5 0 5 0.00 0.0 0 4.3 14 270 M M 4 19 310
10 90 64 77 12 0 12 0.00 0.0 0 11.4 25 170 M M 6 35 170
11 82 62 72 6 0 7 T 0.0 0 10.7 26 220 M M 5 33 230
12 71 50 61 -5 4 0 0.00 0.0 0 12.1 23 290 M M 3 32 260
13 62 45 54 -12 11 0 0.00 0.0 0 6.0 15 300 M M 6 19 300
14 68 42 55 -11 10 0 0.00 0.0 0 3.5 14 70 M M 7 17 90
15 75 48 62 -5 3 0 0.00 0.0 0 3.6 13 60 M M 5 19 70
16 81 50 66 -1 0 1 0.00 0.0 0 3.8 14 360 M M 1 18 350
17 86 51 69 2 0 4 0.00 0.0 0 4.4 12 350 M M 2 16 340
18 89 56 73 5 0 8 0.01 0.0 0 4.4 17 180 M M 6 3 24 170
19 87 63 75 7 0 10 T 0.0 0 4.3 20 200 M M 6 23 200
20 91 63 77 9 0 12 0.13 0.0 0 2.9 15 220 M M 4 8 21 220
21 90 66 78 10 0 13 0.00 0.0 0 5.8 13 170 M M 3 16 180
22 92 68 80 11 0 15 0.01 0.0 0 4.6 18 190 M M 5 38 23 180
23 91 70 81 12 0 16 0.02 0.0 0 8.5 21 250 M M 8 27 180
24 81 59 70 1 0 5 T 0.0 0 12.7 25 260 M M 7 31 270
25 83 56 70 1 0 5 T 0.0 0 8.0 22 250 M M 4 3 27 260
26 87 63 75 5 0 10 0.00 0.0 0 7.2 17 270 M M 5 23 290
27 82 60 71 1 0 6 0.58 0.0 0 4.6 18 350 M M 8 13 32 360
28 83 67 75 5 0 10 0.13 0.0 0 7.4 18 290 M M 7 13 23 280
29 85 63 74 4 0 9 T 0.0 0 7.4 20 330 M M 4 1 24 320
30 80 63 72 2 0 7 0.28 0.0 0 5.3 16 310 M M 8 1 20 300
================================================================================
SM 2433 1726 47 183 1.46 0.0 195.3 M 163
================================================================================
AV 81.1 57.5 6.5 FASTST M M 5 MAX(MPH)
MISC ----> # 28 340 # 35 310
================================================================================
NOTES:
# LAST OF SEVERAL OCCURRENCES
COLUMN 17 PEAK WIND IN M.P.H.
PRELIMINARY LOCAL CLIMATOLOGICAL DATA (WS FORM: F-6) , PAGE 2
STATION: SYRACUSE NY
MONTH: JUNE
YEAR: 2020
LATITUDE: 43 7 N
LONGITUDE: 76 7 W
[TEMPERATURE DATA] [PRECIPITATION DATA] SYMBOLS USED IN COLUMN 16
AVERAGE MONTHLY: 69.3 TOTAL FOR MONTH: 1.46 1 = FOG OR MIST
DPTR FM NORMAL: 2.6 DPTR FM NORMAL: -1.85 2 = FOG REDUCING VISIBILITY
HIGHEST: 92 ON 22 GRTST 24HR 0.71 ON 27-28 TO 1/4 MILE OR LESS
LOWEST: 42 ON 14 3 = THUNDER
SNOW, ICE PELLETS, HAIL 4 = ICE PELLETS
TOTAL MONTH: 0.0 INCH 5 = HAIL
GRTST 24HR 0.0 6 = FREEZING RAIN OR DRIZZLE
GRTST DEPTH: 0 7 = DUSTSTORM OR SANDSTORM:
VSBY 1/2 MILE OR LESS
8 = SMOKE OR HAZE
[NO. OF DAYS WITH] [WEATHER - DAYS WITH] 9 = BLOWING SNOW
X = TORNADO
MAX 32 OR BELOW: 0 0.01 INCH OR MORE: 8
MAX 90 OR ABOVE: 5 0.10 INCH OR MORE: 5
MIN 32 OR BELOW: 0 0.50 INCH OR MORE: 1
MIN 0 OR BELOW: 0 1.00 INCH OR MORE: 0
[HDD (BASE 65) ]
TOTAL THIS MO. 47 CLEAR (SCALE 0-3) 4
DPTR FM NORMAL -14 PTCLDY (SCALE 4-7) 25
TOTAL FM JUL 1 6185 CLOUDY (SCALE 8-10) 1
DPTR FM NORMAL -466
[CDD (BASE 65) ]
TOTAL THIS MO. 183
DPTR FM NORMAL 70 [PRESSURE DATA]
TOTAL FM JAN 1 255 HIGHEST SLP 30.47 ON 15
DPTR FM NORMAL 112 LOWEST SLP 29.56 ON 23
[REMARKS]
#FINAL-06-20#
10TH DRIEST JUNE
CORRECTED GREATEST 24 HOUR PRECIPITATION