000
CXUS51 KBGM 010645
CF6SYR
PRELIMINARY LOCAL CLIMATOLOGICAL DATA (WS FORM: F-6)

                                          STATION:   SYRACUSE NY
                                          MONTH:     JUNE
                                          YEAR:      2013
                                          LATITUDE:   43  7 N
                                          LONGITUDE:  76  7 W

  TEMPERATURE IN F:       :PCPN:    SNOW:  WIND      :SUNSHINE: SKY     :PK WND
================================================================================
1   2   3   4   5  6A  6B    7    8   9   10  11  12  13   14  15   16   17  18
                                     12Z  AVG MX 2MIN
DY MAX MIN AVG DEP HDD CDD  WTR  SNW DPTH SPD SPD DIR MIN PSBL S-S WX    SPD DR
================================================================================

 1  90  65  78  16   0  13    T  0.0    0  7.6 24 280   M    M   7 3      36 280
 2  84  60  72   9   0   7 0.04  0.0    0 11.4 29 270   M    M   7 3      36 280
 3  65  49  57  -6   8   0 0.00  0.0    0  9.6 18 280   M    M   6        23 300
 4  67  47  57  -7   8   0 0.00  0.0    0  8.8 18 280   M    M   3        25 270
 5  72  49  61  -3   4   0 0.00  0.0    0  3.8 10 360   M    M   8        14  40
 6  63  54  59  -5   6   0 2.55  0.0    0  8.1 18  80   M    M  10 1      24  90
 7  62  56  59  -5   6   0 0.06  0.0    0  8.9 15  70   M    M  10 1      18  70
 8  65  56  61  -4   4   0 0.06  0.0    0  4.5 14 180   M    M  10 1      17 270
 9  76  53  65   0   0   0 0.00  0.0    0  4.0 13 250   M    M   7        15 260
10  68  56  62  -3   3   0 0.53  0.0    0  8.8 17  90   M    M  10 1      22  90
11  68  58  63  -3   2   0 0.17  0.0    0  9.1 21 260   M    M   8 1      26 270
12  74  55  65  -1   0   0 0.00  0.0    0  5.2 15 320   M    M   6        18 320
13  61  56  59  -7   6   0 1.23  0.0    0  9.5 22  80   M    M  10 1      28  70
14  73  53  63  -3   2   0 0.00  0.0    0  8.3 20 300   M    M   7 12     25 310
15  76  51  64  -3   1   0 0.00  0.0    0  5.5 18 270   M    M   5 1      22 260
16  73  58  66  -1   0   1 0.18  0.0    0  7.4 18 210   M    M   9 1      22 270
17  80  61  71   4   0   6 0.03  0.0    0  8.6 26 290   M    M   6 3      33 300
18  72  54  63  -5   2   0 0.02  0.0    0  4.7 14 330   M    M   7        18 330
19  69  47  58 -10   7   0 0.00  0.0    0  4.6 16 320   M    M   2        21 300
20  79  46  63  -5   2   0 0.00  0.0    0  3.2 14 330   M    M   4        18 290
21  83  52  68   0   0   3 0.00  0.0    0  3.0 10  10   M    M   4        14 340
22  87  62  75   6   0  10    T  0.0    0  7.7 16 230   M    M   7        23 280
23  91  71  81  12   0  16 0.02  0.0    0  6.6 17 230   M    M   6 38     25 180
24  91  68  80  11   0  15 0.00  0.0    0  6.6 10 190   M    M   8 3      14 190
25  84  67  76   7   0  11 0.22  0.0    0  6.2 21 250   M    M   7 1      26 260
26  85  68  77   7   0  12 0.37  0.0    0  6.3 16 250   M    M   7 1      20 240
27  84  65  75   5   0  10 0.49  0.0    0  4.4 20 130   M    M   9 1      28 120
28  77  63  70   0   0   5 0.70  0.0    0  6.2 14 320   M    M   9 1      17 330
29  78  63  71   1   0   6 0.13  0.0    0  4.1 17 280   M    M   8 1      21 290
30  83  64  74   4   0   9    T  0.0    0  4.5 14 320   M    M   7        17 340
================================================================================
SM 2280 1727        61 124  6.80     0.0 197.2          M      214
================================================================================
AV 76.0 57.6                               6.6 FASTST   M    M   7    MAX(MPH)
                                 MISC ---->  # 29 270               # 36  280
================================================================================
NOTES:
# LAST OF SEVERAL OCCURRENCES

COLUMN 17 PEAK WIND IN M.P.H.

PRELIMINARY LOCAL CLIMATOLOGICAL DATA (WS FORM: F-6) , PAGE 2

                                          STATION:  SYRACUSE NY
                                          MONTH:    JUNE
                                          YEAR:     2013
                                          LATITUDE:   43  7 N
                                          LONGITUDE:  76  7 W

[TEMPERATURE DATA]      [PRECIPITATION DATA]       SYMBOLS USED IN COLUMN 16

AVERAGE MONTHLY: 66.8   TOTAL FOR MONTH:   6.80    1 = FOG OR MIST
DPTR FM NORMAL:   0.1   DPTR FM NORMAL:    3.49    2 = FOG REDUCING VISIBILITY
HIGHEST:    91 ON 24,23 GRTST 24HR  2.55 ON  6- 6      TO 1/4 MILE OR LESS
LOWEST:     46 ON 20                               3 = THUNDER
                        SNOW, ICE PELLETS, HAIL    4 = ICE PELLETS
                        TOTAL MONTH:   0.0 INCH    5 = HAIL
                        GRTST 24HR     0.0         6 = FREEZING RAIN OR DRIZZLE
                        GRTST DEPTH:   0           7 = DUSTSTORM OR SANDSTORM:
                                                       VSBY 1/2 MILE OR LESS
                                                   8 = SMOKE OR HAZE
[NO. OF DAYS WITH]      [WEATHER - DAYS WITH]      9 = BLOWING SNOW
                                                   X = TORNADO
MAX 32 OR BELOW:   0    0.01 INCH OR MORE:  16
MAX 90 OR ABOVE:   3    0.10 INCH OR MORE:  10
MIN 32 OR BELOW:   0    0.50 INCH OR MORE:   4
MIN  0 OR BELOW:   0    1.00 INCH OR MORE:   2

[HDD (BASE 65) ]
TOTAL THIS MO.    61    CLEAR  (SCALE 0-3)   2
DPTR FM NORMAL     0    PTCLDY (SCALE 4-7)  19
TOTAL FM JUL 1  6147    CLOUDY (SCALE 8-10)  9
DPTR FM NORMAL  -504

[CDD (BASE 65) ]
TOTAL THIS MO.   124
DPTR FM NORMAL    11    [PRESSURE DATA]
TOTAL FM JAN 1   176    HIGHEST SLP 30.29 ON 21
DPTR FM NORMAL    33    LOWEST  SLP 29.46 ON M

[REMARKS]
#FINAL-06-13#
