000
CXUS51 KBGM 041742
CF6SYR
PRELIMINARY LOCAL CLIMATOLOGICAL DATA (WS FORM: F-6)

                                          STATION:   SYRACUSE NY
                                          MONTH:     SEPTEMBER
                                          YEAR:      2013
                                          LATITUDE:   43  7 N
                                          LONGITUDE:  76  7 W

  TEMPERATURE IN F:       :PCPN:    SNOW:  WIND      :SUNSHINE: SKY     :PK WND
================================================================================
1   2   3   4   5  6A  6B    7    8   9   10  11  12  13   14  15   16   17  18
                                     12Z  AVG MX 2MIN
DY MAX MIN AVG DEP HDD CDD  WTR  SNW DPTH SPD SPD DIR MIN PSBL S-S WX    SPD DR
================================================================================

 1  84  67  76   9   0  11 0.82  0.0    0  3.1 33 260   M    M   6 13     44 260
 2  85  65  75   8   0  10 0.32  0.0    0  5.9 33 330   M    M   9 13     44 320
 3  72  63  68   2   0   3    T  0.0    0 10.0 17 270   M    M   9        22 290
 4  80  59  70   4   0   5    T  0.0    0 11.4 21 270   M    M   5        25 280
 5  70  49  60  -6   5   0 0.00  0.0    0  7.8 20 310   M    M   6        24 330
 6  70  44  57  -9   8   0 0.00  0.0    0  3.5 12 250   M    M   5        16 260
 7  71  52  62  -3   3   0 0.39  0.0    0  3.3 12 260   M    M   9 1      16 240
 8  66  48  57  -8   8   0 0.09  0.0    0  7.4 20 340   M    M   6 1      24 320
 9  75  44  60  -5   5   0 0.00  0.0    0  6.7 14 180   M    M   8        20 190
10  89  67  78  14   0  13 0.38  0.0    0  9.1 24 350   M    M   6 13     31 340
11  94  72  83  19   0  18 0.17  0.0    0  8.1 31 210   M    M   5 138    41 220
12  80  63  72   8   0   7 0.25  0.0    0  6.1 16 270   M    M  10 1      30 210
13  64  50  57  -6   8   0 0.02  0.0    0  9.4 16 340   M    M  10 1      22 330
14  61  46  54  -9  11   0 0.02  0.0    0  5.1 16 280   M    M   7 1      20 300
15  69  44  57  -5   8   0 0.01  0.0    0  4.4 18 300   M    M   8        23 300
16  57  41  49 -13  16   0 0.05  0.0    0  6.9 16 320   M    M   8        22 330
17  64  37  51 -11  14   0 0.00  0.0    0  1.8  8 360   M    M   2 1      13  60
18  74  41  58  -3   7   0 0.00  0.0    0  3.3 12 180   M    M   1        14 190
19  78  46  62   1   3   0 0.00  0.0    0  3.5 10  10   M    M   2        12  10
20  81  50  66   6   0   1 0.00  0.0    0  7.6 17 160   M    M   4        22 160
21  72  58  65   5   0   0 0.67  0.0    0 10.7 28 190   M    M  10 1      38 180
22  59  48  54  -6  11   0 0.01  0.0    0 11.5 22 280   M    M   8 1      28 280
23  58  44  51  -8  14   0 0.00  0.0    0  5.4 15 290   M    M   8        22 280
24  63  41  52  -7  13   0 0.00  0.0    0  4.7 16 320   M    M   3 1      25 330
25  71  41  56  -2   9   0 0.00  0.0    0  2.9 10 320   M    M   4        14 310
26  71  44  58   0   7   0 0.00  0.0    0  3.5 13 330   M    M   3        15 320
27  70  43  57  -1   8   0 0.00  0.0    0  2.7  9  30   M    M   2 1      12  30
28  73  45  59   2   6   0 0.00  0.0    0  4.3 10 170   M    M   2        14 170
29  73  47  60   3   5   0 0.00  0.0    0  6.4 17 180   M    M   3        22 210
30  77  47  62   6   3   0 0.00  0.0    0  2.2  8  50   M    M   4        10  50
================================================================================
SM 2171 1506       172  68  3.20     0.0 178.7          M      173
================================================================================
AV 72.4 50.2                               6.0 FASTST   M    M   6    MAX(MPH)
                                 MISC ---->  # 33 260               # 44  260
================================================================================
NOTES:
# LAST OF SEVERAL OCCURRENCES

COLUMN 17 PEAK WIND IN M.P.H.

PRELIMINARY LOCAL CLIMATOLOGICAL DATA (WS FORM: F-6) , PAGE 2

                                          STATION:  SYRACUSE NY
                                          MONTH:    SEPTEMBER
                                          YEAR:     2013
                                          LATITUDE:   43  7 N
                                          LONGITUDE:  76  7 W

[TEMPERATURE DATA]      [PRECIPITATION DATA]       SYMBOLS USED IN COLUMN 16

AVERAGE MONTHLY: 61.3   TOTAL FOR MONTH:   3.20    1 = FOG OR MIST
DPTR FM NORMAL:  -0.7   DPTR FM NORMAL:   -0.49    2 = FOG REDUCING VISIBILITY
HIGHEST:    94 ON 11    GRTST 24HR  1.14 ON  1- 2      TO 1/4 MILE OR LESS
LOWEST:     37 ON 17                               3 = THUNDER
                        SNOW, ICE PELLETS, HAIL    4 = ICE PELLETS
                        TOTAL MONTH:   0.0 INCH    5 = HAIL
                        GRTST 24HR     0.0         6 = FREEZING RAIN OR DRIZZLE
                        GRTST DEPTH:   0           7 = DUSTSTORM OR SANDSTORM:
                                                       VSBY 1/2 MILE OR LESS
                                                   8 = SMOKE OR HAZE
[NO. OF DAYS WITH]      [WEATHER - DAYS WITH]      9 = BLOWING SNOW
                                                   X = TORNADO
MAX 32 OR BELOW:   0    0.01 INCH OR MORE:  13
MAX 90 OR ABOVE:   1    0.10 INCH OR MORE:   7
MIN 32 OR BELOW:   0    0.50 INCH OR MORE:   2
MIN  0 OR BELOW:   0    1.00 INCH OR MORE:   0

[HDD (BASE 65) ]
TOTAL THIS MO.   172    CLEAR  (SCALE 0-3)   7
DPTR FM NORMAL    31    PTCLDY (SCALE 4-7)  17
TOTAL FM JUL 1   178    CLOUDY (SCALE 8-10)  6
DPTR FM NORMAL    11

[CDD (BASE 65) ]
TOTAL THIS MO.    68
DPTR FM NORMAL    16    [PRESSURE DATA]
TOTAL FM JAN 1   711    HIGHEST SLP 30.50 ON 17
DPTR FM NORMAL   146    LOWEST  SLP 29.58 ON 21

[REMARKS]
#FINAL-09-13#
