000
CXUS51 KBGM 041525
CF6SYR
PRELIMINARY LOCAL CLIMATOLOGICAL DATA (WS FORM: F-6)

                                          STATION:   SYRACUSE NY
                                          MONTH:     MAY
                                          YEAR:      2013
                                          LATITUDE:   43  7 N
                                          LONGITUDE:  76  7 W

  TEMPERATURE IN F:       :PCPN:    SNOW:  WIND      :SUNSHINE: SKY     :PK WND
================================================================================
1   2   3   4   5  6A  6B    7    8   9   10  11  12  13   14  15   16   17  18
                                     12Z  AVG MX 2MIN
DY MAX MIN AVG DEP HDD CDD  WTR  SNW DPTH SPD SPD DIR MIN PSBL S-S WX    SPD DR
================================================================================

 1  77  47  62   9   3   0 0.00  0.0    0  6.3 14  20   M    M   4        21 150
 2  80  48  64  11   1   0 0.00  0.0    0  3.5 16 330   M    M   2 8      18 330
 3  75  50  63   9   2   0 0.00  0.0    0  8.2 17  40   M    M   5        24  90
 4  75  45  60   6   5   0 0.00  0.0    0  4.7 14  90   M    M   1        20  20
 5  77  47  62   8   3   0 0.00  0.0    0  5.4 17 120   M    M   1        22  90
 6  78  44  61   7   4   0 0.00  0.0    0  4.9 12 350   M    M   3        15 350
 7  80  51  66  11   0   1 0.00  0.0    0  4.1 12  60   M    M   6        16  90
 8  69  53  61   6   4   0 0.16  0.0    0  6.6 14  80   M    M   9 1      17  80
 9  72  52  62   6   3   0    T  0.0    0  4.5 16 290   M    M   6        21 300
10  74  51  63   7   2   0 0.31  0.0    0  7.3 21 170   M    M   8 13     26 150
11  64  49  57   1   8   0 0.16  0.0    0  7.1 23 270   M    M   9 1      31 270
12  56  37  47  -9  18   0 0.03    T    0 12.9 31 240   M    M   8 4      40 240
13  51  38  45 -12  20   0 0.01    T    0 12.7 12 250   M    M   6 4      14 250
14  57  34  46 -11  19   0 0.00  0.0    0  6.8 14 250   M    M   4        21 300
15  79  37  58   1   7   0 0.19    T    0 11.4 31 300   M    M   7 345    41 300
16  75  49  62   4   3   0 0.00  0.0    0 13.0 28 300   M    M   3        38 280
17  66  41  54  -4  11   0 0.00  0.0    0  4.9 15 340   M    M   6        20 340
18  72  41  57  -1   8   0 0.00  0.0    0  5.6 14 160   M    M   8        39 350
19  69  54  62   4   3   0    T  0.0    0  8.1 18 190   M    M   9        23 190
20  82  55  69  10   0   4 0.00  0.0    0  3.4 10  20   M    M   7        14  10
21  86  62  74  15   0   9 0.70  0.0    0  3.7 21 250   M    M   9 13     29 240
22  86  63  75  16   0  10 0.01  0.0    0  7.0 22 200   M    M   9 1      33 190
23  78  50  64   4   1   0 0.30  0.0    0  9.0 24 250   M    M   9 1      31 250
24  50  42  46 -14  19   0 0.61    T    0 12.4 22 330   M    M  10 1      30 340
25  57  43  50 -10  15   0    T  0.0    0 12.4 26 320   M    M   8        39 340
26  62  44  53  -8  12   0 0.00  0.0    0 12.6 24 310   M    M   5        32 310
27  69  47  58  -3   7   0 0.00  0.0    0  6.7 16 290   M    M   3        26 270
28  65  43  54  -7  11   0 0.30  0.0    0  7.9 17 160   M    M  10 1      22 160
29  83  59  71   9   0   6 1.13  0.0    0  4.8 31 320   M    M   8 13     45 310
30  87  61  74  12   0   9    T  0.0    0  3.0 13 290   M    M   5 18     18 240
31  91  64  78  16   0  13 0.00  0.0    0  4.4 14 240   M    M   5 1      21 260
================================================================================
SM 2242 1501       189  52  3.91    T    225.3          M      193
================================================================================
AV 72.3 48.4                               7.3 FASTST   M    M   6    MAX(MPH)
                                 MISC ---->  # 31 240               # 45  310
================================================================================
NOTES:
# LAST OF SEVERAL OCCURRENCES

COLUMN 17 PEAK WIND IN M.P.H.

PRELIMINARY LOCAL CLIMATOLOGICAL DATA (WS FORM: F-6) , PAGE 2

                                          STATION:  SYRACUSE NY
                                          MONTH:    MAY
                                          YEAR:     2013
                                          LATITUDE:   43  7 N
                                          LONGITUDE:  76  7 W

[TEMPERATURE DATA]      [PRECIPITATION DATA]       SYMBOLS USED IN COLUMN 16

AVERAGE MONTHLY: 60.4   TOTAL FOR MONTH:   3.91    1 = FOG OR MIST
DPTR FM NORMAL:   2.8   DPTR FM NORMAL:    0.69    2 = FOG REDUCING VISIBILITY
HIGHEST:    91 ON 31    GRTST 24HR  1.40 ON 28-29      TO 1/4 MILE OR LESS
LOWEST:     34 ON 14                               3 = THUNDER
                        SNOW, ICE PELLETS, HAIL    4 = ICE PELLETS
                        TOTAL MONTH:    T          5 = HAIL
                        GRTST 24HR    T  ON 24-24  6 = FREEZING RAIN OR DRIZZLE
                        GRTST DEPTH:   0           7 = DUSTSTORM OR SANDSTORM:
                                                       VSBY 1/2 MILE OR LESS
                                                   8 = SMOKE OR HAZE
[NO. OF DAYS WITH]      [WEATHER - DAYS WITH]      9 = BLOWING SNOW
                                                   X = TORNADO
MAX 32 OR BELOW:   0    0.01 INCH OR MORE:  12
MAX 90 OR ABOVE:   1    0.10 INCH OR MORE:   9
MIN 32 OR BELOW:   0    0.50 INCH OR MORE:   3
MIN  0 OR BELOW:   0    1.00 INCH OR MORE:   1

[HDD (BASE 65) ]
TOTAL THIS MO.   189    CLEAR  (SCALE 0-3)   5
DPTR FM NORMAL   -66    PTCLDY (SCALE 4-7)  17
TOTAL FM JUL 1  6086    CLOUDY (SCALE 8-10)  9
DPTR FM NORMAL  -504

[CDD (BASE 65) ]
TOTAL THIS MO.    52
DPTR FM NORMAL    26    [PRESSURE DATA]
TOTAL FM JAN 1    52    HIGHEST SLP 30.43 ON  2
DPTR FM NORMAL    22    LOWEST  SLP 29.51 ON 15

[REMARKS]
#FINAL-05-13#
