000
CXUS51 KBGM 060137
CF6SYR
PRELIMINARY LOCAL CLIMATOLOGICAL DATA (WS FORM: F-6)

                                          STATION:   SYRACUSE NY
                                          MONTH:     JULY
                                          YEAR:      2013
                                          LATITUDE:   43  7 N
                                          LONGITUDE:  76  7 W

  TEMPERATURE IN F:       :PCPN:    SNOW:  WIND      :SUNSHINE: SKY     :PK WND
================================================================================
1   2   3   4   5  6A  6B    7    8   9   10  11  12  13   14  15   16   17  18
                                     12Z  AVG MX 2MIN
DY MAX MIN AVG DEP HDD CDD  WTR  SNW DPTH SPD SPD DIR MIN PSBL S-S WX    SPD DR
================================================================================

 1  74  66  70   0   0   5 0.32  0.0    0  2.8 10  60   M    M  10 1      15  50
 2  84  67  76   6   0  11 0.02  0.0    0  3.0  9 330   M    M  10 18     12  10
 3  89  69  79   8   0  14 0.19  0.0    0  3.9 22 140   M    M   8 13     26 150
 4  86  72  79   8   0  14    T  0.0    0  5.8 20 310   M    M   7        23 310
 5  90  70  80   9   0  15 0.20  0.0    0  3.9 22 310   M    M   8 13     28 330
 6  86  72  79   8   0  14 0.01  0.0    0  4.0  7 340   M    M   7         9 320
 7  89  72  81  10   0  16 0.05  0.0    0  5.8 15 300   M    M   7 13     18 250
 8  84  69  77   6   0  12 0.02  0.0    0  5.6 20 330   M    M   8 18     24 320
 9  87  69  78   7   0  13 0.08  0.0    0  5.1 17 240   M    M  10 138    22 210
10  87  71  79   8   0  14 0.25  0.0    0  8.4 31 260   M    M   9 138    38 270
11  79  64  72   1   0   7    T  0.0    0  7.9 16 290   M    M   7        21 270
12  81  62  72   1   0   7 0.00  0.0    0  3.5 13 340   M    M   9        14 330
13  81  64  73   1   0   8    T  0.0    0  4.7 13 100   M    M   8 8      16 110
14  91  67  79   7   0  14    T  0.0    0  4.0 13 260   M    M   4 8      16 280
15  90  72  81   9   0  16 0.00  0.0    0  4.7 16 310   M    M   5 1      20 290
16  92  71  82  10   0  17 0.00  0.0    0  4.6 13 310   M    M   3 8      17 330
17  94  69  82  10   0  17 0.00  0.0    0  6.0 23 230   M    M   4 3      26 240
18  93  75  84  12   0  19    T  0.0    0  8.4 23 220   M    M   6        32 240
19  95  71  83  11   0  18 0.09  0.0    0 13.3 37 310   M    M   5 3      46 310
20  80  66  73   1   0   8 0.27  0.0    0  7.8 25 260   M    M   8 1      32 250
21  80  62  71  -1   0   6 0.00  0.0    0  4.6 12 310   M    M   6        16 320
22  84  62  73   1   0   8 0.06  0.0    0  4.7 14 110   M    M   9        15 120
23  85  68  77   5   0  12 0.28  0.0    0  5.7 22 290   M    M   9 1      28 290
24  71  54  63  -9   2   0 0.01  0.0    0  9.5 22 290   M    M   8        28 290
25  77  50  64  -8   1   0 0.00  0.0    0  3.7 12 310   M    M   3        20  90
26  80  53  67  -5   0   2 0.00  0.0    0  2.5 12 310   M    M   4        17 280
27  83  56  70  -2   0   5 0.46  0.0    0  5.8 21 160   M    M   6 138    26 180
28  75  61  68  -3   0   3 0.94  0.0    0  4.8 18 340   M    M   8 1      18 340
29  75  56  66  -5   0   1 0.01  0.0    0  5.8 16 270   M    M   7 1      21 270
30  76  60  68  -3   0   3 0.00  0.0    0  7.7 17 280   M    M   7        22 280
31  81  57  69  -2   0   4 0.00  0.0    0  2.8 10 190   M    M   6        13 180
================================================================================
SM 2599 2017         3 303  3.26     0.0 170.8          M      216
================================================================================
AV 83.8 65.1                               5.5 FASTST   M    M   7    MAX(MPH)
                                 MISC ---->  # 37 310               # 46  310
================================================================================
NOTES:
# LAST OF SEVERAL OCCURRENCES

COLUMN 17 PEAK WIND IN M.P.H.

PRELIMINARY LOCAL CLIMATOLOGICAL DATA (WS FORM: F-6) , PAGE 2

                                          STATION:  SYRACUSE NY
                                          MONTH:    JULY
                                          YEAR:     2013
                                          LATITUDE:   43  7 N
                                          LONGITUDE:  76  7 W

[TEMPERATURE DATA]      [PRECIPITATION DATA]       SYMBOLS USED IN COLUMN 16

AVERAGE MONTHLY: 74.5   TOTAL FOR MONTH:   3.26    1 = FOG OR MIST
DPTR FM NORMAL:   3.2   DPTR FM NORMAL:   -0.52    2 = FOG REDUCING VISIBILITY
HIGHEST:    95 ON 19    GRTST 24HR  1.17 ON 27-28      TO 1/4 MILE OR LESS
LOWEST:     50 ON 25                               3 = THUNDER
                        SNOW, ICE PELLETS, HAIL    4 = ICE PELLETS
                        TOTAL MONTH:   0.0 INCH    5 = HAIL
                        GRTST 24HR     0.0         6 = FREEZING RAIN OR DRIZZLE
                        GRTST DEPTH:   0           7 = DUSTSTORM OR SANDSTORM:
                                                       VSBY 1/2 MILE OR LESS
                                                   8 = SMOKE OR HAZE
[NO. OF DAYS WITH]      [WEATHER - DAYS WITH]      9 = BLOWING SNOW
                                                   X = TORNADO
MAX 32 OR BELOW:   0    0.01 INCH OR MORE:  17
MAX 90 OR ABOVE:   7    0.10 INCH OR MORE:   8
MIN 32 OR BELOW:   0    0.50 INCH OR MORE:   1
MIN  0 OR BELOW:   0    1.00 INCH OR MORE:   0

[HDD (BASE 65) ]
TOTAL THIS MO.     3    CLEAR  (SCALE 0-3)   1
DPTR FM NORMAL    -5    PTCLDY (SCALE 4-7)  20
TOTAL FM JUL 1     3    CLOUDY (SCALE 8-10) 10
DPTR FM NORMAL    -5

[CDD (BASE 65) ]
TOTAL THIS MO.   303
DPTR FM NORMAL   100    [PRESSURE DATA]
TOTAL FM JAN 1   479    HIGHEST SLP 30.29 ON 14
DPTR FM NORMAL   133    LOWEST  SLP 29.58 ON 23

[REMARKS]
#FINAL-07-13#
