000
CXUS51 KBGM 010547
CF6SYR
PRELIMINARY LOCAL CLIMATOLOGICAL DATA (WS FORM: F-6)

                                          STATION:   SYRACUSE NY
                                          MONTH:     APRIL
                                          YEAR:      2013
                                          LATITUDE:   43  7 N
                                          LONGITUDE:  76  7 W

  TEMPERATURE IN F:       :PCPN:    SNOW:  WIND      :SUNSHINE: SKY     :PK WND
================================================================================
1   2   3   4   5  6A  6B    7    8   9   10  11  12  13   14  15   16   17  18
                                     12Z  AVG MX 2MIN
DY MAX MIN AVG DEP HDD CDD  WTR  SNW DPTH SPD SPD DIR MIN PSBL S-S WX    SPD DR
================================================================================

 1  45  28  37  -4  28   0 0.19  0.8    0 13.5 33 260   M    M   7 1      41 260
 2  32  24  28 -13  37   0 0.25 10.5    7 17.1 32 280   M    M   9 1289   45 260
 3  35  27  31 -11  34   0    T  0.7    8 16.0 28 280   M    M   8 18     35 290
 4  55  27  41  -1  24   0 0.00  0.0    3  8.6 17 200   M    M   6        22 200
 5  46  32  39  -3  26   0    T    T    0 12.3 22 280   M    M   8        29 290
 6  45  25  35  -8  30   0 0.00  0.0    0  6.9 14 330   M    M   4        18 330
 7  67  39  53  10  12   0    T  0.0    0 13.4 28 190   M    M   9        38 180
 8  57  40  49   5  16   0    T  0.0    0  5.9 16  90   M    M  10        21  90
 9  67  45  56  12   9   0 0.50  0.0    0 10.1 25 270   M    M  10 18     32 270
10  52  42  47   2  18   0 0.61  0.0    0  4.9 24 290   M    M  10 13     30 300
11  42  34  38  -7  27   0 0.15    T    0  8.3 18  80   M    M  10 14     24  80
12  42  33  38  -8  27   0 0.83  0.0    0 11.2 23  90   M    M   9 1      28 100
13  50  39  45  -1  20   0 0.02  0.0    0 10.2 24 260   M    M  10        30 250
14  49  32  41  -5  24   0 0.01    T    0  8.6 22 290   M    M   6 1      29 280
15  70  30  50   3  15   0    T  0.0    0 10.0 22 170   M    M   7        29 180
16  64  44  54   7  11   0 0.25  0.0    0 13.9 29 180   M    M  10 1      39 180
17  57  35  46  -2  19   0 0.00  0.0    0  5.3 17 300   M    M   4        21 300
18  72  38  55   7  10   0 0.05  0.0    0 14.3 30 160   M    M  10        39 150
19  75  43  59  11   6   0 0.39  0.0    0 16.7 35 170   M    M  10 1      45 160
20  48  31  40  -9  25   0    T    T    0 15.4 36 250   M    M   9        44 250
21  47  28  38 -11  27   0    T    T    0  4.5 14 340   M    M   5        17 350
22  60  29  45  -5  20   0 0.00  0.0    0  8.8 21 110   M    M   5        26 120
23  63  34  49  -1  16   0 0.00  0.0    0  9.0 16 170   M    M   2        25 160
24  72  42  57   7   8   0 0.04  0.0    0 13.6 32 280   M    M   8        41 280
25  56  39  48  -3  17   0 0.01  0.0    0  9.4 24 260   M    M   7        31 260
26  55  37  46  -5  19   0 0.05  0.0    0  4.0 13 340   M    M   6 1      21 280
27  65  32  49  -3  16   0    T  0.0    0  3.1 12  10   M    M   5        15  10
28  75  39  57   5   8   0 0.05  0.0    0  8.9 25 200   M    M   6        31 200
29  59  50  55   3  10   0 0.19  0.0    0 10.3 20 150   M    M  10        28 160
30  70  53  62   9   3   0 0.00  0.0    0  9.8 21 190   M    M   9        28 190
================================================================================
SM 1692 1071       562   0  3.59    12.0 304.0          M      229
================================================================================
AV 56.4 35.7                              10.1 FASTST   M    M   8    MAX(MPH)
                                 MISC ---->  # 36 250               # 45  260
================================================================================
NOTES:
# LAST OF SEVERAL OCCURRENCES

COLUMN 17 PEAK WIND IN M.P.H.

PRELIMINARY LOCAL CLIMATOLOGICAL DATA (WS FORM: F-6) , PAGE 2

                                          STATION:  SYRACUSE NY
                                          MONTH:    APRIL
                                          YEAR:     2013
                                          LATITUDE:   43  7 N
                                          LONGITUDE:  76  7 W

[TEMPERATURE DATA]      [PRECIPITATION DATA]       SYMBOLS USED IN COLUMN 16

AVERAGE MONTHLY: 46.1   TOTAL FOR MONTH:   3.59    1 = FOG OR MIST
DPTR FM NORMAL:  -0.8   DPTR FM NORMAL:    0.40    2 = FOG REDUCING VISIBILITY
HIGHEST:    75 ON 28,19 GRTST 24HR  1.11 ON  9-10      TO 1/4 MILE OR LESS
LOWEST:     24 ON  2                               3 = THUNDER
                        SNOW, ICE PELLETS, HAIL    4 = ICE PELLETS
                        TOTAL MONTH:  12.0 INCHES  5 = HAIL
                        GRTST 24HR  10.5 ON  2- 2  6 = FREEZING RAIN OR DRIZZLE
                        GRTST DEPTH:   8 ON  3     7 = DUSTSTORM OR SANDSTORM:
                                                       VSBY 1/2 MILE OR LESS
                                                   8 = SMOKE OR HAZE
[NO. OF DAYS WITH]      [WEATHER - DAYS WITH]      9 = BLOWING SNOW
                                                   X = TORNADO
MAX 32 OR BELOW:   1    0.01 INCH OR MORE:  16
MAX 90 OR ABOVE:   0    0.10 INCH OR MORE:   9
MIN 32 OR BELOW:  12    0.50 INCH OR MORE:   3
MIN  0 OR BELOW:   0    1.00 INCH OR MORE:   0

[HDD (BASE 65) ]
TOTAL THIS MO.   562    CLEAR  (SCALE 0-3)   1
DPTR FM NORMAL    15    PTCLDY (SCALE 4-7)  14
TOTAL FM JUL 1  5897    CLOUDY (SCALE 8-10) 15
DPTR FM NORMAL  -438

[CDD (BASE 65) ]
TOTAL THIS MO.     0
DPTR FM NORMAL    -4    [PRESSURE DATA]
TOTAL FM JAN 1     0    HIGHEST SLP M ON M
DPTR FM NORMAL    -4    LOWEST  SLP 29.50 ON 19

[REMARKS]
#FINAL-04-13#
