000
CXUS51 KBGM 020925 CCA
CF6SYR

PRELIMINARY LOCAL CLIMATOLOGICAL DATA (WS FORM: F-6)

                                          STATION:   SYRACUSE NY
                                          MONTH:     MARCH
                                          YEAR:      2013
                                          LATITUDE:   43  7 N
                                          LONGITUDE:  76  7 W

  TEMPERATURE IN F:       :PCPN:    SNOW:  WIND      :SUNSHINE: SKY     :PK WND
================================================================================
1   2   3   4   5  6A  6B    7    8   9   10  11  12  13   14  15   16   17  18
                                     12Z  AVG MX 2MIN
DY MAX MIN AVG DEP HDD CDD  WTR  SNW DPTH SPD SPD DIR MIN PSBL S-S WX    SPD DR
================================================================================

 1  34  28  31   2  34   0    T  0.7    T 10.5 17 300   M    M   9 1      23 300
 2  28  23  26  -3  39   0 0.01  0.5    1  9.0 15 290   M    M  10        23 280
 3  26  20  23  -7  42   0 0.02  0.7    1  9.0 17 280   M    M  10 1      22 280
 4  30  24  27  -3  38   0 0.01  0.5    1 14.7 23 270   M    M  10 689    30 280
 5  34  21  28  -2  37   0    T    T    T  3.9 15 280   M    M   6        18 280
 6  44  23  34   4  31   0    T    T    T  6.8 15 100   M    M   9        21  80
 7  40  29  35   4  30   0 0.03  0.3    T  6.6 17 320   M    M  10 1      21 300
 8  38  27  33   2  32   0 0.09  0.9    1  9.7 21 330   M    M   7 1      28 330
 9  48  24  36   5  29   0 0.00  0.0    T  2.6  8 330   M    M   5 12     13 290
10  60  27  44  12  21   0 0.00  0.0    T  8.7 20 180   M    M   7        28 170
11  56  45  51  19  14   0    T  0.0    0 11.9 29 160   M    M   9        41 150
12  56  35  46  14  19   0 0.35  0.0    0 10.0 21 160   M    M  10 1      30 160
13  43  27  35   2  30   0 0.04  1.2    0 11.7 26 250   M    M   9 12     31 270
14  30  19  25  -8  40   0    T  1.1    T 20.6 35 280   M    M   9 9      44 270
15  37  24  31  -3  34   0 0.04  0.3    0 11.5 24 300   M    M   9 1      31 290
16  31  20  26  -8  39   0    T    T    0  5.5 13 330   M    M   8        16 330
17  34  18  26  -8  39   0 0.01  0.5    1  8.1 18 330   M    M   5 1      25 300
18  36  14  25 -10  40   0 0.31  3.5    0 10.4 18  80   M    M   8 1      24 140
19  42  27  35   0  30   0 0.46  3.1    5  9.4 28 300   M    M  10 124    33 300
20  34  24  29  -7  36   0    T    T    5 15.0 26 260   M    M  10        31 240
21  32  21  27  -9  38   0    T  0.1    4 10.9 18 270   M    M   6        28 280
22  32  26  29  -7  36   0 0.13  4.2    6 14.6 25 270   M    M  10 18     33 270
23  37  29  33  -4  32   0 0.18  2.6    8 13.0 26 270   M    M   9 1      33 280
24  40  27  34  -3  31   0 0.00  0.0    6  5.7 12 330   M    M   8        16 320
25  45  28  37  -1  28   0 0.00  0.0    4  7.5 14 350   M    M  10        17 330
26  44  32  38   0  27   0    T    T    2  8.3 17 330   M    M   7        23 340
27  47  31  39   1  26   0 0.00  0.0    T 10.6 21 290   M    M   7        25 270
28  48  34  41   2  24   0    T    T    0 10.8 17 300   M    M  10        23 300
29  46  34  40   1  25   0 0.00  0.0    0  7.9 16 280   M    M   9        20 290
30  53  32  43   3  22   0 0.00  0.0    0  6.0 14 320   M    M   3        18 310
31  57  30  44   4  21   0 0.34  0.0    0  9.6 30 170   M    M   9 1      39 170
================================================================================
SM 1262  823       964   0  2.02    20.2 300.5          M      258
================================================================================
AV 40.7 26.5                               9.7 FASTST   M    M   8    MAX(MPH)
                                 MISC ---->  # 35 280               # 44  270
================================================================================
NOTES:
# LAST OF SEVERAL OCCURRENCES

COLUMN 17 PEAK WIND IN M.P.H.

PRELIMINARY LOCAL CLIMATOLOGICAL DATA (WS FORM: F-6) , PAGE 2

                                          STATION:  SYRACUSE NY
                                          MONTH:    MARCH
                                          YEAR:     2013
                                          LATITUDE:   43  7 N
                                          LONGITUDE:  76  7 W

[TEMPERATURE DATA]      [PRECIPITATION DATA]       SYMBOLS USED IN COLUMN 16

AVERAGE MONTHLY: 33.6   TOTAL FOR MONTH:   2.02    1 = FOG OR MIST
DPTR FM NORMAL:  -0.6   DPTR FM NORMAL:   -0.93    2 = FOG REDUCING VISIBILITY
HIGHEST:    60 ON 10    GRTST 24HR  0.46 ON 19-19      TO 1/4 MILE OR LESS
LOWEST:     14 ON 18                               3 = THUNDER
                        SNOW, ICE PELLETS, HAIL    4 = ICE PELLETS
                        TOTAL MONTH:  20.2 INCHES  5 = HAIL
                        GRTST 24HR   6.6 ON 22-23  6 = FREEZING RAIN OR DRIZZLE
                        GRTST DEPTH:   8 ON 23     7 = DUSTSTORM OR SANDSTORM:
                                                       VSBY 1/2 MILE OR LESS
                                                   8 = SMOKE OR HAZE
[NO. OF DAYS WITH]      [WEATHER - DAYS WITH]      9 = BLOWING SNOW
                                                   X = TORNADO
MAX 32 OR BELOW:   7    0.01 INCH OR MORE:  14
MAX 90 OR ABOVE:   0    0.10 INCH OR MORE:   6
MIN 32 OR BELOW:  27    0.50 INCH OR MORE:   0
MIN  0 OR BELOW:   0    1.00 INCH OR MORE:   0

[HDD (BASE 65) ]
TOTAL THIS MO.   964    CLEAR  (SCALE 0-3)   1
DPTR FM NORMAL     7    PTCLDY (SCALE 4-7)  11
TOTAL FM JUL 1  5335    CLOUDY (SCALE 8-10) 19
DPTR FM NORMAL  -453

[CDD (BASE 65) ]
TOTAL THIS MO.     0
DPTR FM NORMAL     0    [PRESSURE DATA]
TOTAL FM JAN 1     0    HIGHEST SLP 30.41 ON  9
DPTR FM NORMAL     0    LOWEST  SLP 29.56 ON 25

[REMARKS]
#FINAL-03-13#
CORRECTED GREATEST 24 HOUR SNOWFALL
