000
CXUS51 KBGM 310800
CF6SYR
PRELIMINARY LOCAL CLIMATOLOGICAL DATA (WS FORM: F-6)

                                          STATION:   SYRACUSE NY
                                          MONTH:     DECEMBER
                                          YEAR:      2012
                                          LATITUDE:   43  7 N
                                          LONGITUDE:  76  7 W

  TEMPERATURE IN F:       :PCPN:    SNOW:  WIND      :SUNSHINE: SKY     :PK WND
================================================================================
1   2   3   4   5  6A  6B    7    8   9   10  11  12  13   14  15   16   17  18
                                     12Z  AVG MX 2MIN
DY MAX MIN AVG DEP HDD CDD  WTR  SNW DPTH SPD SPD DIR MIN PSBL S-S WX    SPD DR
================================================================================

 1  44  25  35   0  30   0 0.00  0.0    0  9.5 18 150   M    M   9        23 150
 2  54  43  49  15  16   0 0.27  0.0    0  9.8 21 220   M    M  10 1      31 190
 3  52  38  45  11  20   0    T  0.0    0  6.2 18 300   M    M   8 1      25 300
 4  70  41  56  22   9   0 0.42  0.0    0  9.9 24 200   M    M   8 1      30 180
 5  50  30  40   7  25   0 0.15  0.1    0 13.6 24 270   M    M   9 148    32 270
 6  36  26  31  -2  34   0 0.00  0.0    0  6.2 12  80   M    M   9        15  90
 7  43  33  38   6  27   0 0.05  0.0    0  6.0 15 200   M    M   9 1      18 190
 8  49  34  42  10  23   0 0.09  0.0    0  6.9 22 300   M    M  10 1      29 310
 9  43  35  39   7  26   0 0.17  0.0    0  8.7 18 120   M    M  10 1      24 110
10  57  39  48  17  17   0 1.08  0.0    0  9.6 21 200   M    M  10 1      30 200
11  39  27  33   2  32   0 0.01  0.1    0  6.9 16 280   M    M   9 1      21 280
12  42  27  35   5  30   0 0.00  0.0    0  6.7 16 250   M    M   8        21 240
13  46  32  39   9  26   0 0.00  0.0    0  3.1 10 250   M    M   6        13 220
14  46  25  36   6  29   0 0.00  0.0    0  6.8 21 270   M    M   6        25 270
15  43  32  38   8  27   0 0.00  0.0    0  5.7 18  80   M    M   9        23  90
16  48  33  41  12  24   0 0.09    T    0 11.5 22 150   M    M  10 1      30 150
17  47  36  42  13  23   0 0.55    T    0  9.4 16  80   M    M   9 1      20  90
18  45  39  42  14  23   0 0.78  0.0    0  8.5 18 300   M    M  10 1      25 310
19  44  30  37   9  28   0    T  0.0    0 10.8 23 280   M    M   7        29 280
20  41  24  33   5  32   0 0.02  0.0    0  8.8 29 120   M    M   7        37 130
21  39  33  36   8  29   0 0.82  0.3    0 13.3 23 250   M    M  10 16     29 220
22  34  27  31   4  34   0 0.34  7.6    4 20.5 33 280   M    M  10 19     45 290
23  36  30  33   6  32   0 0.23  3.4    9 13.2 22 260   M    M  10 1      28 250
24  37  27  32   5  33   0 0.02  0.2    7  8.3 23 270   M    M  10 1      31 280
25  29  12  21  -5  44   0 0.17  1.8    7  5.8 14 320   M    M   7 1      16 320
26  29  10  20  -6  45   0 0.52  4.6    6  6.9 22  70   M    M   7 1289   28  60
27  29  19  24  -2  41   0 1.45  8.1   15 10.7 21 310   M    M  10 1269   26 300
28  29  25  27   1  38   0    T    T   15  9.0 16 250   M    M   9 6      20 250
29  30  21  26   1  39   0 0.30  4.7   18  5.9 18 300   M    M  10 1      23 310
30  26  18  22  -3  43   0 0.04  1.5   19 10.8 25 300   M    M   9 189    33 300
================================================================================
SM 1257  871       879   0  7.57    32.4 269.0          M      265
================================================================================
AV 41.9 29.0                               9.0 FASTST   M    M   9    MAX(MPH)
                                 MISC ---->  # 33 280               # 45  290
================================================================================
NOTES:
# LAST OF SEVERAL OCCURRENCES

COLUMN 17 PEAK WIND IN M.P.H.

PRELIMINARY LOCAL CLIMATOLOGICAL DATA (WS FORM: F-6) , PAGE 2

                                          STATION:  SYRACUSE NY
                                          MONTH:    DECEMBER
                                          YEAR:     2012
                                          LATITUDE:   43  7 N
                                          LONGITUDE:  76  7 W

[TEMPERATURE DATA]      [PRECIPITATION DATA]       SYMBOLS USED IN COLUMN 16

AVERAGE MONTHLY: 35.5   TOTAL FOR MONTH:   7.57    1 = FOG OR MIST
DPTR FM NORMAL:   5.9   DPTR FM NORMAL:    4.44    2 = FOG REDUCING VISIBILITY
HIGHEST:    70 ON  4    GRTST 24HR  1.96 ON 26-27      TO 1/4 MILE OR LESS
LOWEST:     10 ON 26                               3 = THUNDER
                        SNOW, ICE PELLETS, HAIL    4 = ICE PELLETS
                        TOTAL MONTH:  32.4 INCHES  5 = HAIL
                        GRTST 24HR   8.1 ON   M    6 = FREEZING RAIN OR DRIZZLE
                        GRTST DEPTH:  19 ON 30     7 = DUSTSTORM OR SANDSTORM:
                                                       VSBY 1/2 MILE OR LESS
                                                   8 = SMOKE OR HAZE
[NO. OF DAYS WITH]      [WEATHER - DAYS WITH]      9 = BLOWING SNOW
                                                   X = TORNADO
MAX 32 OR BELOW:   6    0.01 INCH OR MORE:  21
MAX 90 OR ABOVE:   0    0.10 INCH OR MORE:  14
MIN 32 OR BELOW:  19    0.50 INCH OR MORE:   6
MIN  0 OR BELOW:   0    1.00 INCH OR MORE:   2

[HDD (BASE 65) ]
TOTAL THIS MO.   879    CLEAR  (SCALE 0-3)   0
DPTR FM NORMAL  -185    PTCLDY (SCALE 4-7)   7
TOTAL FM JUL 1  2084    CLOUDY (SCALE 8-10) 23
DPTR FM NORMAL  -329

[CDD (BASE 65) ]
TOTAL THIS MO.     0
DPTR FM NORMAL     0    [PRESSURE DATA]
TOTAL FM JAN 1   953    HIGHEST SLP M ON M
DPTR FM NORMAL   384    LOWEST  SLP 29.12 ON 21

[REMARKS]
