000
CXUS51 KBGM 010713 CCA
CF6SYR

PRELIMINARY LOCAL CLIMATOLOGICAL DATA (WS FORM: F-6)

                                          STATION:   SYRACUSE NY
                                          MONTH:     FEBRUARY
                                          YEAR:      2013
                                          LATITUDE:   43  7 N
                                          LONGITUDE:  76  7 W

  TEMPERATURE IN F:       :PCPN:    SNOW:  WIND      :SUNSHINE: SKY     :PK WND
================================================================================
1   2   3   4   5  6A  6B    7    8   9   10  11  12  13   14  15   16   17  18
                                     12Z  AVG MX 2MIN
DY MAX MIN AVG DEP HDD CDD  WTR  SNW DPTH SPD SPD DIR MIN PSBL S-S WX    SPD DR
================================================================================

 1  25  19  22  -2  43   0 0.30 10.1    1 13.9 28 250   M    M  10 129    36 260
 2  21  12  17  -7  48   0 0.10  1.8    9  7.0 16 210   M    M   9 1      21 220
 3  27   1  14 -10  51   0    T  0.1    7  3.8 14 250   M    M   7        18 250
 4  21  11  16  -8  49   0 0.11  2.8    6  8.8 22 260   M    M  10 189    29 260
 5  24   5  15  -9  50   0    T  0.4    7  2.8 10  90   M    M   9 1      13  50
 6  28   9  19  -5  46   0    T  0.6    6 10.5 26 280   M    M   6 89     35 270
 7  28   5  17  -7  48   0 0.00  0.0    5  8.5 18  80   M    M   9        23  90
 8  30  23  27   2  38   0 0.52  6.2    5 13.1 22  80   M    M  10 189    29  80
 9  23   7  15 -10  50   0 0.08  2.4   10 10.9 22 340   M    M   8 1      30 340
10  33   5  19  -6  46   0 0.00  0.0   10  7.0 15  80   M    M   7 18     20  90
11  47  27  37  12  28   0 0.10    T    9 11.5 24 260   M    M   9 1      30 280
12  37  32  35  10  30   0    T  1.1    6 18.2 29 260   M    M  10 1      39 270
13  40  23  32   7  33   0    T    T    4  4.4 14 250   M    M   8        15 220
14  40  24  32   6  33   0 0.03    T    3  6.0 16 190   M    M  10 18     21 180
15  40  27  34   8  31   0    T    T    3 11.2 23 230   M    M   8        30 230
16  30  18  24  -2  41   0 0.02  0.5    2  6.7 14 260   M    M   7        17 280
17  19  12  16 -10  49   0 0.03  1.6    2 12.3 25 290   M    M   8 9      31 290
18  28  12  20  -6  45   0 0.01  0.3    4  7.4 17 290   M    M   8 9      23 300
19  42  20  31   4  34   0 0.12    T    3 10.7 24 270   M    M   9 146    31 270
20  29  22  26  -1  39   0    T  0.4    1 21.1 33 260   M    M   9 9      41 250
21  22  14  18  -9  47   0 0.04  4.8    4 11.5 26 260   M    M  10 169    31 260
22  37  15  26  -1  39   0    T    T    3  7.9 21 130   M    M  10        25 150
23  37  34  36   8  29   0 0.09  0.3    1  3.6 14 170   M    M  10 14     18 170
24  34  29  32   4  33   0 0.09  1.4    1  8.1 16 260   M    M   9 1      20 290
25  38  24  31   3  34   0    T  0.1    2  7.0 15 260   M    M   8 1      17 300
26  44  19  32   4  33   0 0.11    T    1  9.9 21 120   M    M   6 14     26 130
27  39  33  36   8  29   0 0.90  1.5    2 11.7 28  90   M    M   8 14     36  90
28  40  34  37   8  28   0 0.06    T    T  5.4 14 240   M    M  10 1      18 250
================================================================================
SM  903  516      1104   0  2.71    36.4 260.9          M      242
================================================================================
AV 32.3 18.4                               9.3 FASTST   M    M   9    MAX(MPH)
                                 MISC ---->  # 33 260               # 41  250
================================================================================
NOTES:
# LAST OF SEVERAL OCCURRENCES

COLUMN 17 PEAK WIND IN M.P.H.

PRELIMINARY LOCAL CLIMATOLOGICAL DATA (WS FORM: F-6) , PAGE 2

                                          STATION:  SYRACUSE NY
                                          MONTH:    FEBRUARY
                                          YEAR:     2013
                                          LATITUDE:   43  7 N
                                          LONGITUDE:  76  7 W

[TEMPERATURE DATA]      [PRECIPITATION DATA]       SYMBOLS USED IN COLUMN 16

AVERAGE MONTHLY: 25.3   TOTAL FOR MONTH:   2.71    1 = FOG OR MIST
DPTR FM NORMAL:  -0.6   DPTR FM NORMAL:    0.64    2 = FOG REDUCING VISIBILITY
HIGHEST:    47 ON 11    GRTST 24HR  0.97 ON 26-27      TO 1/4 MILE OR LESS
LOWEST:      1 ON  3                               3 = THUNDER
                        SNOW, ICE PELLETS, HAIL    4 = ICE PELLETS
                        TOTAL MONTH:  36.4 INCHES  5 = HAIL
                        GRTST 24HR  11.2 ON 1-2    6 = FREEZING RAIN OR DRIZZLE
                        GRTST DEPTH:  10 ON 10, 9  7 = DUSTSTORM OR SANDSTORM:
                                                       VSBY 1/2 MILE OR LESS
                                                   8 = SMOKE OR HAZE
[NO. OF DAYS WITH]      [WEATHER - DAYS WITH]      9 = BLOWING SNOW
                                                   X = TORNADO
MAX 32 OR BELOW:  14    0.01 INCH OR MORE:  17
MAX 90 OR ABOVE:   0    0.10 INCH OR MORE:   8
MIN 32 OR BELOW:  25    0.50 INCH OR MORE:   2
MIN  0 OR BELOW:   0    1.00 INCH OR MORE:   0

[HDD (BASE 65) ]
TOTAL THIS MO.  1104    CLEAR  (SCALE 0-3)   0
DPTR FM NORMAL     9    PTCLDY (SCALE 4-7)  11
TOTAL FM JUL 1  4371    CLOUDY (SCALE 8-10) 17
DPTR FM NORMAL  -460

[CDD (BASE 65) ]
TOTAL THIS MO.     0
DPTR FM NORMAL     0    [PRESSURE DATA]
TOTAL FM JAN 1     0    HIGHEST SLP 30.50 ON 07
DPTR FM NORMAL     0    LOWEST  SLP 29.53 ON 28

[REMARKS]
#FINAL-02-13# TAC
