000
CXUS51 KBGM 010800
CF6SYR
PRELIMINARY LOCAL CLIMATOLOGICAL DATA (WS FORM: F-6)

                                          STATION:   SYRACUSE NY
                                          MONTH:     AUGUST
                                          YEAR:      2017
                                          LATITUDE:   43  7 N
                                          LONGITUDE:  76  7 W

  TEMPERATURE IN F:       :PCPN:    SNOW:  WIND      :SUNSHINE: SKY     :PK WND
================================================================================
1   2   3   4   5  6A  6B    7    8   9   10  11  12  13   14  15   16   17  18
                                     12Z  AVG MX 2MIN
DY MAX MIN AVG DEP HDD CDD  WTR  SNW DPTH SPD SPD DIR MIN PSBL S-S WX    SPD DR
================================================================================

 1  85  62  74   3   0   9 0.00  0.0    0  2.0  8 350   M    M   4 1      11 350
 2  86  64  75   4   0  10 0.00  0.0    0  4.9 15 220   M    M   7        22 210
 3  86  66  76   5   0  11 0.55  0.0    0  4.2 22 200   M    M   7 13     27 200
 4  86  65  76   5   0  11 0.22  0.0    0  9.0 24 300   M    M   7 13     33 170
 5  72  57  65  -6   0   0 0.08  0.0    0 11.8 25 250   M    M   7 13     31 260
 6  76  55  66  -5   0   1    T  0.0    0  8.1 17 260   M    M   5        21 270
 7  77  57  67  -4   0   2    T  0.0    0  5.5 16 190   M    M   7        21 190
 8  76  58  67  -4   0   2    T  0.0    0  6.7 17 270   M    M   5        22 270
 9  81  57  69  -2   0   4 0.00  0.0    0  5.4 15 260   M    M   5        23 280
10  81  59  70  -1   0   5 0.00  0.0    0  3.7 10 220   M    M   M        12 210
11  78  61  70  -1   0   5 0.00  0.0    0  7.6 15 210   M    M   9        19 210
12  83  66  75   5   0  10 0.03  0.0    0  6.4 23 330   M    M   7 13     29 320
13  79  57  68  -2   0   3 0.00  0.0    0  7.5 14 300   M    M   M        19 300
14  82  55  69  -1   0   4 0.00  0.0    0  5.3 13 180   M    M   6        18 170
15  84  63  74   4   0   9    T  0.0    0  7.0 16 240   M    M   7        20 240
16  78  54  66  -4   0   1 0.00  0.0    0  4.7 16 330   M    M   5 1      21 300
17  80  50  65  -5   0   0    T  0.0    0  6.0 14 130   M    M   7        16 130
18  88  68  78   8   0  13 0.10  0.0    0  8.6 20 310   M    M   8 1      28 310
19  81  66  74   4   0   9    T  0.0    0 10.7 23 250   M    M   7        28 270
20  81  62  72   2   0   7 0.03  0.0    0  7.1 16 260   M    M   4 1      23 310
21  87  60  74   5   0   9 0.00  0.0    0  4.9 13 240   M    M   5        17 200
22  89  65  77   8   0  12 0.78  0.0    0 11.3 40 280   M    M   7 13     50 280
23  75  60  68  -1   0   3 0.01  0.0    0 11.4 21 260   M    M   6        26 260
24  70  56  63  -6   2   0    T  0.0    0  7.9 17 280   M    M   8        21 280
25  71  52  62  -7   3   0 0.00  0.0    0  6.7 18 320   M    M   5        30 330
26  72  47  60  -8   5   0 0.00  0.0    0  3.2 13 330   M    M   4 8      17 290
27  74  46  60  -8   5   0 0.00  0.0    0  5.1 14  90   M    M   4        18  80
28  72  50  61  -7   4   0 0.00  0.0    0  6.1 10 110   M    M   7        13  60
29  71  51  61  -7   4   0 0.00  0.0    0  6.9 17 100   M    M   8        22  90
30  75  46  61  -7   4   0 0.00  0.0    0  3.5 13 300   M    M   3 1      16 320
31  69  47  58  -9   7   0    T  0.0    0  8.3 18 330   M    M   8 1      24 290
================================================================================
SM 2445 1782        34 140  1.80     0.0 207.5          M      179
================================================================================
AV 78.9 57.5                               6.7 FASTST   M    M   6    MAX(MPH)
                                 MISC ---->  # 40 280               # 50  280
================================================================================
NOTES:
# LAST OF SEVERAL OCCURRENCES

COLUMN 17 PEAK WIND IN M.P.H.

PRELIMINARY LOCAL CLIMATOLOGICAL DATA (WS FORM: F-6) , PAGE 2

                                          STATION:  SYRACUSE NY
                                          MONTH:    AUGUST
                                          YEAR:     2017
                                          LATITUDE:   43  7 N
                                          LONGITUDE:  76  7 W

[TEMPERATURE DATA]      [PRECIPITATION DATA]       SYMBOLS USED IN COLUMN 16

AVERAGE MONTHLY: 68.2   TOTAL FOR MONTH:   1.80    1 = FOG OR MIST
DPTR FM NORMAL:  -1.6   DPTR FM NORMAL:   -1.77    2 = FOG REDUCING VISIBILITY
HIGHEST:    89 ON 22    GRTST 24HR  0.78 ON 22-22      TO 1/4 MILE OR LESS
LOWEST:     46 ON 30,27                            3 = THUNDER
                        SNOW, ICE PELLETS, HAIL    4 = ICE PELLETS
                        TOTAL MONTH:   0.0 INCH    5 = HAIL
                        GRTST 24HR     0.0         6 = FREEZING RAIN OR DRIZZLE
                        GRTST DEPTH:   0           7 = DUSTSTORM OR SANDSTORM:
                                                       VSBY 1/2 MILE OR LESS
                                                   8 = SMOKE OR HAZE
[NO. OF DAYS WITH]      [WEATHER - DAYS WITH]      9 = BLOWING SNOW
                                                   X = TORNADO
MAX 32 OR BELOW:   0    0.01 INCH OR MORE:   8
MAX 90 OR ABOVE:   0    0.10 INCH OR MORE:   4
MIN 32 OR BELOW:   0    0.50 INCH OR MORE:   2
MIN  0 OR BELOW:   0    1.00 INCH OR MORE:   0

[HDD (BASE 65) ]
TOTAL THIS MO.    34    CLEAR  (SCALE 0-3)   0
DPTR FM NORMAL    16    PTCLDY (SCALE 4-7)  28
TOTAL FM JUL 1    36    CLOUDY (SCALE 8-10)  1
DPTR FM NORMAL    10

[CDD (BASE 65) ]
TOTAL THIS MO.   140
DPTR FM NORMAL   -27    [PRESSURE DATA]
TOTAL FM JAN 1   450    HIGHEST SLP 30.32 ON 27
DPTR FM NORMAL   -63    LOWEST  SLP 29.65 ON 22

[REMARKS]
#FINAL-08-17#
