000
CXUS51 KBGM 011807 AAA
CF6SYR

PRELIMINARY LOCAL CLIMATOLOGICAL DATA (WS FORM: F-6)

                                          STATION:   SYRACUSE NY
                                          MONTH:     JANUARY
                                          YEAR:      2016
                                          LATITUDE:   43  7 N
                                          LONGITUDE:  76  7 W

  TEMPERATURE IN F:       :PCPN:    SNOW:  WIND      :SUNSHINE: SKY     :PK WND
================================================================================
1   2   3   4   5  6A  6B    7    8   9   10  11  12  13   14  15   16   17  18
                                     12Z  AVG MX 2MIN
DY MAX MIN AVG DEP HDD CDD  WTR  SNW DPTH SPD SPD DIR MIN PSBL S-S WX    SPD DR
================================================================================

 1  33  28  31   6  34   0 0.08  1.8    T 13.2 24 240   M    M  10 16     30 240
 2  33  23  28   3  37   0    T    T    2 11.3 22 250   M    M   9 14     27 250
 3  38  20  29   5  36   0 0.11  1.4    2 13.7 29 240   M    M  10 1      36 250
 4  20   5  13 -11  52   0    T  0.4    2 10.0 18 320   M    M   7 1      22 330
 5  22   6  14 -10  51   0    T    T    2  4.6  9  90   M    M   6        12 280
 6  40   5  23  -1  42   0 0.00  0.0    2  3.1  8 100   M    M   2         9 130
 7  39  14  27   3  38   0 0.00  0.0    1  3.0  7  30   M    M   6         8  90
 8  40  15  28   4  37   0 0.01  0.0    1  7.0 15 150   M    M   7        19 150
 9  47  38  43  19  22   0 0.07  0.0    T  9.2 20 160   M    M  10 1      29 150
10  54  27  41  17  24   0 0.60  0.1    0 18.2 44 250   M    M   9 1      55 250
11  27  16  22  -2  43   0    T    T    0 19.8 37 250   M    M   3        50 240
12  32  16  24   1  41   0 0.06  1.9    T 14.9 33 240   M    M   9 19     44 250
13  22  13  18  -5  47   0 0.19 13.7    7 13.9 33 250   M    M  10 19     40 250
14  27  17  22  -1  43   0 0.04  1.0   12 10.3 21 250   M    M   9 1      25 260
15  38  21  30   7  35   0    T    T   10  7.5 12  90   M    M   9 1      14  50
16  39  29  34  11  31   0 0.17    T    7 10.8 22 270   M    M  10 1      26 270
17  32  19  26   3  39   0 0.06  1.7    6  8.5 26 280   M    M  10 129    33 280
18  20  14  17  -6  48   0 0.08  6.1    8 18.0 35 260   M    M   9 19     39 260
19  25  14  20  -3  45   0 0.12  7.9   15 16.3 26 280   M    M  10 19     36 280
20  26  21  24   1  41   0 0.03  0.7   17  5.6 16 310   M    M   9 18     20 300
21  25  14  20  -3  45   0 0.01  1.1   16  5.2 17 300   M    M   9 18     21 300
22  24   1  13 -10  52   0 0.00  0.0   15  2.2 12 330   M    M   6 1      13 330
23  24   3  14  -9  51   0 0.00  0.0   13  4.6 13 280   M    M   7 1      14 310
24  26   7  17  -6  48   0    T    T   13  3.0 10 240   M    M   9 1      13 250
25  36  18  27   4  38   0 0.00  0.0   12  6.4 13 150   M    M   9        17 150
26  49  32  41  18  24   0 0.05  0.0   11 14.2 32 260   M    M  10 6      42 250
27  35  23  29   6  36   0 0.01  0.2    7 11.0 23 290   M    M   9 1      29 250
28  38  22  30   6  35   0    T    T    6  9.5 18 180   M    M   8        24 180
29  36  22  29   5  36   0 0.02  0.8    6 13.5 26 280   M    M   8 189    35 270
30  43  22  33   9  32   0    T    T    6 10.4 18 270   M    M   9        22 210
31  54  34  44  20  21   0    T  0.0    5  7.0 21 180   M    M   8        30 180
================================================================================
SM 1044  559      1204   0  1.71    38.8 305.9          M      256
================================================================================
AV 33.7 18.0                               9.9 FASTST   M    M   8    MAX(MPH)
                                 MISC ---->  # 44 250               # 55  250
================================================================================
NOTES:
# LAST OF SEVERAL OCCURRENCES

COLUMN 17 PEAK WIND IN M.P.H.

PRELIMINARY LOCAL CLIMATOLOGICAL DATA (WS FORM: F-6) , PAGE 2

                                          STATION:  SYRACUSE NY
                                          MONTH:    JANUARY
                                          YEAR:     2016
                                          LATITUDE:   43  7 N
                                          LONGITUDE:  76  7 W

[TEMPERATURE DATA]      [PRECIPITATION DATA]       SYMBOLS USED IN COLUMN 16

AVERAGE MONTHLY: 25.9   TOTAL FOR MONTH:   1.71    1 = FOG OR MIST
DPTR FM NORMAL:   2.3   DPTR FM NORMAL:   -0.79    2 = FOG REDUCING VISIBILITY
HIGHEST:    54 ON 31,10 GRTST 24HR  0.60 ON 10-10      TO 1/4 MILE OR LESS
LOWEST:      1 ON 22                               3 = THUNDER
                        SNOW, ICE PELLETS, HAIL    4 = ICE PELLETS
                        TOTAL MONTH:  38.8 INCHES  5 = HAIL
                        GRTST 24HR  15.4 ON 12-13  6 = FREEZING RAIN OR DRIZZLE
                        GRTST DEPTH:  17 ON 20     7 = DUSTSTORM OR SANDSTORM:
                                                       VSBY 1/2 MILE OR LESS
                                                   8 = SMOKE OR HAZE
[NO. OF DAYS WITH]      [WEATHER - DAYS WITH]      9 = BLOWING SNOW
                                                   X = TORNADO
MAX 32 OR BELOW:  14    0.01 INCH OR MORE:  17
MAX 90 OR ABOVE:   0    0.10 INCH OR MORE:   5
MIN 32 OR BELOW:  29    0.50 INCH OR MORE:   1
MIN  0 OR BELOW:   0    1.00 INCH OR MORE:   0

[HDD (BASE 65) ]
TOTAL THIS MO.  1204    CLEAR  (SCALE 0-3)   1
DPTR FM NORMAL   -79    PTCLDY (SCALE 4-7)   7
TOTAL FM JUL 1  3020    CLOUDY (SCALE 8-10) 23
DPTR FM NORMAL  -716

[CDD (BASE 65) ]
TOTAL THIS MO.     0
DPTR FM NORMAL     0    [PRESSURE DATA]
TOTAL FM JAN 1     0    HIGHEST SLP 30.69 ON  5
DPTR FM NORMAL     0    LOWEST  SLP 29.16 ON 10

[REMARKS]
#FINAL-01-16#
