000
CXUS51 KBGM 010547
CF6SYR
PRELIMINARY LOCAL CLIMATOLOGICAL DATA (WS FORM: F-6)

                                          STATION:   SYRACUSE NY
                                          MONTH:     AUGUST
                                          YEAR:      2014
                                          LATITUDE:   43  7 N
                                          LONGITUDE:  76  7 W

  TEMPERATURE IN F:       :PCPN:    SNOW:  WIND      :SUNSHINE: SKY     :PK WND
================================================================================
1   2   3   4   5  6A  6B    7    8   9   10  11  12  13   14  15   16   17  18
                                     12Z  AVG MX 2MIN
DY MAX MIN AVG DEP HDD CDD  WTR  SNW DPTH SPD SPD DIR MIN PSBL S-S WX    SPD DR
================================================================================

 1  86  56  71   0   0   6 0.00  0.0    0  4.3 14 310   M    M   7 1      37 250
 2  85  64  75   4   0  10 0.05  0.0    0  4.4 15 350   M    M   7 3      17 340
 3  82  62  72   1   0   7 0.46  0.0    0  3.0 14 240   M    M   8 13     21  80
 4  83  65  74   3   0   9    T  0.0    0  4.0 10 260   M    M   7 1      15 240
 5  81  63  72   1   0   7    T  0.0    0  4.4 15 310   M    M   8 1      18 320
 6  79  64  72   1   0   7    T  0.0    0  7.6 17 300   M    M   8 1      31 280
 7  78  61  70  -1   0   5 0.00  0.0    0  8.7 18 300   M    M   4        26 310
 8  79  57  68  -3   0   3 0.00  0.0    0  4.9 15 320   M    M   2        22 320
 9  83  57  70  -1   0   5 0.00  0.0    0  2.2 13 330   M    M   3        16 320
10  84  57  71   0   0   6 0.00  0.0    0  2.3 10  40   M    M   3        16  50
11  86  61  74   3   0   9 0.00  0.0    0  6.2 15 150   M    M   7        20 150
12  74  66  70   0   0   5 0.85  0.0    0 11.4 23 170   M    M  10 13     31 170
13  78  60  69  -1   0   4 0.63  0.0    0 10.6 24 280   M    M   8 13     33 270
14  70  56  63  -7   2   0 0.02  0.0    0 10.0 18 260   M    M   8 1      25 250
15  68  54  61  -9   4   0 0.03  0.0    0  9.3 23 260   M    M   9 1      29 270
16  76  55  66  -4   0   1 0.42  0.0    0  7.7 17 220   M    M   8 1      22 240
17  72  59  66  -4   0   1 0.01  0.0    0  7.2 17 330   M    M   8 1      22 330
18  73  53  63  -7   2   0    T  0.0    0  5.3 13 340   M    M   7        16 300
19  80  49  65  -5   0   0 0.00  0.0    0  4.2 12  60   M    M   5        14 120
20  83  61  72   2   0   7 0.19  0.0    0  4.2 13 250   M    M   8 1      16 250
21  78  64  71   2   0   6 0.83  0.0    0  4.6 13  10   M    M   8 138    17 250
22  77  63  70   1   0   5    T  0.0    0  4.8 15  80   M    M   8 12     20  90
23  73  61  67  -2   0   2    T  0.0    0  6.5 14 110   M    M   9 1      17  90
24  81  57  69   0   0   4 0.00  0.0    0  2.3  9  10   M    M   5 12     13  60
25  84  58  71   2   0   6 0.00  0.0    0  2.5  8  30   M    M   4        20  30
26  85  58  72   4   0   7 0.00  0.0    0  5.4 13 210   M    M   3        24 170
27  80  63  72   4   0   7    T  0.0    0  7.9 17 310   M    M   8        22 300
28  72  59  66  -2   0   1 0.00  0.0    0 10.0 21 260   M    M   7        26 280
29  76  52  64  -4   1   0 0.00  0.0    0  2.7 10  60   M    M   4        13  40
30  84  58  71   3   0   6 0.00  0.0    0  9.5 20 190   M    M   5        25 160
31  80  69  75   8   0  10 0.25  0.0    0  7.2 15 230   M    M   9 1      22 200
================================================================================
SM 2450 1842         9 146  3.74     0.0 185.3          M      205
================================================================================
AV 79.0 59.4                               6.0 FASTST   M    M   7    MAX(MPH)
                                 MISC ---->  # 24 280               # 37  250
================================================================================
NOTES:
# LAST OF SEVERAL OCCURRENCES

COLUMN 17 PEAK WIND IN M.P.H.

PRELIMINARY LOCAL CLIMATOLOGICAL DATA (WS FORM: F-6) , PAGE 2

                                          STATION:  SYRACUSE NY
                                          MONTH:    AUGUST
                                          YEAR:     2014
                                          LATITUDE:   43  7 N
                                          LONGITUDE:  76  7 W

[TEMPERATURE DATA]      [PRECIPITATION DATA]       SYMBOLS USED IN COLUMN 16

AVERAGE MONTHLY: 69.2   TOTAL FOR MONTH:   3.74    1 = FOG OR MIST
DPTR FM NORMAL:  -0.6   DPTR FM NORMAL:    0.17    2 = FOG REDUCING VISIBILITY
HIGHEST:    86 ON 11, 1 GRTST 24HR  0.85 ON 12-12      TO 1/4 MILE OR LESS
LOWEST:     49 ON 19                               3 = THUNDER
                        SNOW, ICE PELLETS, HAIL    4 = ICE PELLETS
                        TOTAL MONTH:   0.0 INCH    5 = HAIL
                        GRTST 24HR     0.0         6 = FREEZING RAIN OR DRIZZLE
                        GRTST DEPTH:   0           7 = DUSTSTORM OR SANDSTORM:
                                                       VSBY 1/2 MILE OR LESS
                                                   8 = SMOKE OR HAZE
[NO. OF DAYS WITH]      [WEATHER - DAYS WITH]      9 = BLOWING SNOW
                                                   X = TORNADO
MAX 32 OR BELOW:   0    0.01 INCH OR MORE:  11
MAX 90 OR ABOVE:   0    0.10 INCH OR MORE:   7
MIN 32 OR BELOW:   0    0.50 INCH OR MORE:   3
MIN  0 OR BELOW:   0    1.00 INCH OR MORE:   0

[HDD (BASE 65) ]
TOTAL THIS MO.     9    CLEAR  (SCALE 0-3)   3
DPTR FM NORMAL    -9    PTCLDY (SCALE 4-7)  23
TOTAL FM JUL 1    11    CLOUDY (SCALE 8-10)  5
DPTR FM NORMAL   -15

[CDD (BASE 65) ]
TOTAL THIS MO.   146
DPTR FM NORMAL   -21    [PRESSURE DATA]
TOTAL FM JAN 1   559    HIGHEST SLP 30.24 ON 30
DPTR FM NORMAL    46    LOWEST  SLP 29.70 ON 13

[REMARKS]
#FINAL-08-14#
