000
CXUS51 KBGM 020251 CCA
CF6SYR

PRELIMINARY LOCAL CLIMATOLOGICAL DATA (WS FORM: F-6)

                                          STATION:   SYRACUSE NY
                                          MONTH:     NOVEMBER
                                          YEAR:      2017
                                          LATITUDE:   43  7 N
                                          LONGITUDE:  76  7 W

  TEMPERATURE IN F:       :PCPN:    SNOW:  WIND      :SUNSHINE: SKY     :PK WND
================================================================================
1   2   3   4   5  6A  6B    7    8   9   10  11  12  13   14  15   16   17  18
                                     12Z  AVG MX 2MIN
DY MAX MIN AVG DEP HDD CDD  WTR  SNW DPTH SPD SPD DIR MIN PSBL S-S WX    SPD DR
================================================================================

 1  47  31  39  -7  26   0 0.47  0.0    0  6.2 16 160   M    M   9 1      20 150
 2  64  43  54   9  11   0 0.68  0.0    0 10.8 21 190   M    M  10 1      30 190
 3  64  36  50   5  15   0 0.14  0.0    0 10.8 20 290   M    M   8 1      26 190
 4  46  32  39  -6  26   0    T  0.0    0  7.0 17  90   M    M   8        21  80
 5  60  43  52   8  13   0 0.89  0.0    0 13.6 25 150   M    M  10 13     35 150
 6  61  40  51   7  14   0 0.09  0.0    0 11.4 21 280   M    M  10 1      27 270
 7  40  27  34 -10  31   0 0.00  0.0    0  4.2 14 320   M    M   8        19 330
 8  47  23  35  -8  30   0 0.00  0.0    0  2.2  7 120   M    M   2        10 130
 9  48  25  37  -6  28   0 0.07    T    0 10.3 26 280   M    M   7 1      38 280
10  34  21  28 -15  37   0 0.01  0.4    T 16.3 30 310   M    M   7 19     38 310
11  31  16  24 -18  41   0    T  0.1    T  4.8 12 300   M    M   7        15 290
12  42  20  31 -11  34   0    T    T    0  3.2  9  20   M    M   8        11  90
13  41  31  36  -6  29   0 0.05  0.4    T  3.6  9 350   M    M  10 1      10  90
14  41  29  35  -6  30   0 0.00  0.0    0  4.2  9 280   M    M  10        12 230
15  46  26  36  -5  29   0    T  0.0    0  8.6 21 150   M    M   7 1      27 160
16  49  35  42   1  23   0 0.10    T    0 15.6 29 300   M    M   9 1      39 300
17  37  24  31  -9  34   0    T    T    T 10.6 24 290   M    M   7        34 280
18  49  24  37  -3  28   0 0.36  0.0    0  8.6 16 180   M    M   9 1      22 180
19  51  30  41   1  24   0 0.39  1.0    0 16.6 38 250   M    M  10 129    47 260
20  35  26  31  -8  34   0 0.13  3.3    4 10.1 26 260   M    M   8 1      31 250
21  52  28  40   1  25   0 0.00  0.0    2 10.2 20 180   M    M   5        28 190
22  49  29  39   1  26   0 0.08    T    0 12.7 25 270   M    M  10 1      32 270
23  37  25  31  -7  34   0    T    T    0  7.6 14 210   M    M   9        19 290
24  52  36  44   6  21   0 0.00  0.0    0  8.7 16 180   M    M   5        20 210
25  51  40  46   9  19   0 0.02  0.0    0  9.0 22 270   M    M   8        27 270
26  41  32  37   0  28   0 0.08    T    T 13.0 25 270   M    M  10 1      31 270
27  40  22  31  -5  34   0    T    T    T 12.3 25 300   M    M   7        34 300
28  57  20  39   3  26   0 0.00  0.0    0 12.1 25 190   M    M   5        35 180
29  54  26  40   4  25   0    T  0.0    0 11.1 29 270   M    M   8        36 280
30  50  24  37   2  28   0 0.09  0.0    0 10.1 26 180   M    M   7        35 190
================================================================================
SM 1416  864       803   0  3.65     5.2 285.5          M      238
================================================================================
AV 47.2 28.8                               9.5 FASTST   M    M   8    MAX(MPH)
                                 MISC ---->  # 38 250               # 47  260
================================================================================
NOTES:
# LAST OF SEVERAL OCCURRENCES

COLUMN 17 PEAK WIND IN M.P.H.

PRELIMINARY LOCAL CLIMATOLOGICAL DATA (WS FORM: F-6) , PAGE 2

                                          STATION:  SYRACUSE NY
                                          MONTH:    NOVEMBER
                                          YEAR:     2017
                                          LATITUDE:   43  7 N
                                          LONGITUDE:  76  7 W

[TEMPERATURE DATA]      [PRECIPITATION DATA]       SYMBOLS USED IN COLUMN 16

AVERAGE MONTHLY: 38.0   TOTAL FOR MONTH:   3.65    1 = FOG OR MIST
DPTR FM NORMAL:  -2.6   DPTR FM NORMAL:    0.12    2 = FOG REDUCING VISIBILITY
HIGHEST:    64 ON  3, 2 GRTST 24HR  1.11 ON  1- 2      TO 1/4 MILE OR LESS
LOWEST:     16 ON 11                               3 = THUNDER
                        SNOW, ICE PELLETS, HAIL    4 = ICE PELLETS
                        TOTAL MONTH:   5.2 INCHES  5 = HAIL
                        GRTST 24HR   3.3 ON 20-20  6 = FREEZING RAIN OR DRIZZLE
                        GRTST DEPTH:   4 ON 20     7 = DUSTSTORM OR SANDSTORM:
                                                       VSBY 1/2 MILE OR LESS
                                                   8 = SMOKE OR HAZE
[NO. OF DAYS WITH]      [WEATHER - DAYS WITH]      9 = BLOWING SNOW
                                                   X = TORNADO
MAX 32 OR BELOW:   1    0.01 INCH OR MORE:  16
MAX 90 OR ABOVE:   0    0.10 INCH OR MORE:   8
MIN 32 OR BELOW:  23    0.50 INCH OR MORE:   2
MIN  0 OR BELOW:   0    1.00 INCH OR MORE:   0

[HDD (BASE 65) ]
TOTAL THIS MO.   803    CLEAR  (SCALE 0-3)   1
DPTR FM NORMAL    71    PTCLDY (SCALE 4-7)  15
TOTAL FM JUL 1  1197    CLOUDY (SCALE 8-10) 14
DPTR FM NORMAL  -152

[CDD (BASE 65) ]
TOTAL THIS MO.     0
DPTR FM NORMAL     0    [PRESSURE DATA]
TOTAL FM JAN 1   562    HIGHEST SLP 30.66 ON 11
DPTR FM NORMAL    -7    LOWEST  SLP 29.02 ON 19

[REMARKS]
#FINAL-11-17#
CORRECTED GREATEST 24 HOUR PRECIPITATION
