000
CXUS51 KBGM 020003
CF6SYR
PRELIMINARY LOCAL CLIMATOLOGICAL DATA (WS FORM: F-6)

                                          STATION:   SYRACUSE NY
                                          MONTH:     SEPTEMBER
                                          YEAR:      2012
                                          LATITUDE:   43  7 N
                                          LONGITUDE:  76  7 W

  TEMPERATURE IN F:       :PCPN:    SNOW:  WIND      :SUNSHINE: SKY     :PK WND
================================================================================
1   2   3   4   5  6A  6B    7    8   9   10  11  12  13   14  15   16   17  18
                                     12Z  AVG MX 2MIN
DY MAX MIN AVG DEP HDD CDD  WTR  SNW DPTH SPD SPD DIR MIN PSBL S-S WX    SPD DR
================================================================================

 1  85  61  73   6   0   8 0.00  0.0    0  6.3 16 280   M    M   3        21 320
 2  85  57  71   4   0   6 0.00  0.0    0  2.2 16  40   M    M   4        14  20
 3  83  59  71   5   0   6 0.00  0.0    0  8.9 17 150   M    M   7        22 130
 4  84  65  75   9   0  10 0.12  0.0    0  8.1 20 240   M    M   9 1      26 240
 5  82  66  74   8   0   9    T  0.0    0  6.0 14 300   M    M   8        17 290
 6  86  64  75   9   0  10 0.25  0.0    0  5.3 18 310   M    M   7 1      22 300
 7  86  62  74   9   0   9 0.00  0.0    0  4.1 12 130   M    M   8 18     24  90
 8  78  54  66   1   0   1 0.08  0.0    0 12.8 37 250   M    M   9 1      45 250
 9  71  55  63  -2   2   0    T  0.0    0  6.7 20 320   M    M   7        24 330
10  68  49  59  -5   6   0 0.00  0.0    0  6.1 18 330   M    M   6        25 330
11  76  45  61  -3   4   0 0.00  0.0    0  3.8 12 260   M    M   4        15 240
12  85  49  67   3   0   2 0.00  0.0    0  4.5 13 200   M    M   2        17 170
13  87  54  71   8   0   6 0.00  0.0    0  4.3 16 190   M    M   2        20 200
14  87  58  73  10   0   8 0.64  0.0    0  7.8 38 260   M    M   9 13     47 260
15  69  54  62   0   3   0    T  0.0    0  9.0 17 300   M    M   6        23 300
16  70  48  59  -3   6   0 0.00  0.0    0  3.8 15 300   M    M   5        20 270
17  81  49  65   3   0   0 0.00  0.0    0  6.0 18 200   M    M   6        23 200
18  77  55  66   5   0   1 0.82  0.0    0 10.3 30 270   M    M  10 18     43 160
19  61  45  53  -8  12   0 0.01  0.0    0  5.5 14 260   M    M   6 1      18 240
20  72  40  56  -4   9   0 0.00  0.0    0  9.0 21 170   M    M   3        26 150
21  74  60  67   7   0   2 0.01  0.0    0  5.2 14 160   M    M  10        17 150
22  70  52  61   1   4   0 0.45  0.0    0 10.7 25 240   M    M   7 1      32 170
23  64  43  54  -5  11   0 0.01  0.0    0  9.7 23 260   M    M   6        28 260
24  64  39  52  -7  13   0 0.00  0.0    0  5.4 17 230   M    M   5        24 240
25  74  46  60   2   5   0 0.04  0.0    0 10.3 21 190   M    M   6        26 200
26  71  57  64   6   1   0 0.12  0.0    0  6.0 13 290   M    M  10 1      17 280
27  67  47  57  -1   8   0 0.00  0.0    0  4.3 12 240   M    M   7        22 180
28  57  47  52  -5  13   0 0.24  0.0    0  5.3 10 340   M    M  10 1      15  60
29  66  51  59   2   6   0 0.00  0.0    0  3.7 13 330   M    M   9        16 320
30  56  51  54  -2  11   0 0.32  0.0    0  5.3 14 240   M    M  10 1      17 240
================================================================================
SM 2236 1582       114  78  3.11     0.0 196.4          M      201
================================================================================
AV 74.5 52.7                               6.5 FASTST   M    M   7    MAX(MPH)
                                 MISC ---->  # 38 260               # 47  260
================================================================================
NOTES:
# LAST OF SEVERAL OCCURRENCES

COLUMN 17 PEAK WIND IN M.P.H.

PRELIMINARY LOCAL CLIMATOLOGICAL DATA (WS FORM: F-6) , PAGE 2

                                          STATION:  SYRACUSE NY
                                          MONTH:    SEPTEMBER
                                          YEAR:     2012
                                          LATITUDE:   43  7 N
                                          LONGITUDE:  76  7 W

[TEMPERATURE DATA]      [PRECIPITATION DATA]       SYMBOLS USED IN COLUMN 16

AVERAGE MONTHLY: 63.6   TOTAL FOR MONTH:   3.11    1 = FOG OR MIST
DPTR FM NORMAL:   1.6   DPTR FM NORMAL:   -0.58    2 = FOG REDUCING VISIBILITY
HIGHEST:    87 ON 14,13 GRTST 24HR  0.82 ON 18-18      TO 1/4 MILE OR LESS
LOWEST:     39 ON 24                               3 = THUNDER
                        SNOW, ICE PELLETS, HAIL    4 = ICE PELLETS
                        TOTAL MONTH:   0.0 INCH    5 = HAIL
                        GRTST 24HR     0.0         6 = FREEZING RAIN OR DRIZZLE
                        GRTST DEPTH:   0           7 = DUSTSTORM OR SANDSTORM:
                                                       VSBY 1/2 MILE OR LESS
                                                   8 = SMOKE OR HAZE
[NO. OF DAYS WITH]      [WEATHER - DAYS WITH]      9 = BLOWING SNOW
                                                   X = TORNADO
MAX 32 OR BELOW:   0    0.01 INCH OR MORE:  13
MAX 90 OR ABOVE:   0    0.10 INCH OR MORE:   8
MIN 32 OR BELOW:   0    0.50 INCH OR MORE:   2
MIN  0 OR BELOW:   0    1.00 INCH OR MORE:   0

[HDD (BASE 65) ]
TOTAL THIS MO.   114    CLEAR  (SCALE 0-3)   2
DPTR FM NORMAL   -27    PTCLDY (SCALE 4-7)  19
TOTAL FM JUL 1   115    CLOUDY (SCALE 8-10)  9
DPTR FM NORMAL   -52

[CDD (BASE 65) ]
TOTAL THIS MO.    78
DPTR FM NORMAL    26    [PRESSURE DATA]
TOTAL FM JAN 1   951    HIGHEST SLP 30.31 ON 12
DPTR FM NORMAL   386    LOWEST  SLP 29.39 ON 18

[REMARKS]
#FINAL-09-12#
