000
CXUS51 KBGM 031611
CF6SYR
PRELIMINARY LOCAL CLIMATOLOGICAL DATA (WS FORM: F-6)

                                          STATION:   SYRACUSE NY
                                          MONTH:     NOVEMBER
                                          YEAR:      2012
                                          LATITUDE:   43  7 N
                                          LONGITUDE:  76  7 W

  TEMPERATURE IN F:       :PCPN:    SNOW:  WIND      :SUNSHINE: SKY     :PK WND
================================================================================
1   2   3   4   5  6A  6B    7    8   9   10  11  12  13   14  15   16   17  18
                                     12Z  AVG MX 2MIN
DY MAX MIN AVG DEP HDD CDD  WTR  SNW DPTH SPD SPD DIR MIN PSBL S-S WX    SPD DR
================================================================================

 1  46  43  45  -1  20   0 0.22  0.0    0 10.5 21 250   M    M  10 1      24 250
 2  43  38  41  -4  24   0 0.16  0.0    0 12.3 18 270   M    M  10 1      23 270
 3  44  37  41  -4  24   0    T  0.0    0 10.9 20 280   M    M   9        25 330
 4  44  36  40  -5  25   0    T    T    0  8.6 16 280   M    M   8 4      21 280
 5  41  33  37  -7  28   0    T    T    0  4.6 16 330   M    M   9        20 330
 6  43  26  35  -9  30   0 0.00  0.0    0  4.2 10  30   M    M   7        14  30
 7  42  24  33 -11  32   0 0.00  0.0    0  5.9 10 310   M    M   7        13 330
 8  43  28  36  -7  29   0 0.00  0.0    0  9.4 22 320   M    M   7        25 310
 9  47  28  38  -5  27   0    T  0.0    0  8.0 14 260   M    M   7 8      16 270
10  53  43  48   5  17   0 0.01  0.0    0  5.2 12  80   M    M   9 18     14  80
11  73  49  61  19   4   0 0.03  0.0    0  6.1 15 140   M    M   8 3      18 180
12  68  44  56  14   9   0 0.47  0.0    0 15.8 35 300   M    M   8 1      43 300
13  44  37  41  -1  24   0 0.18  0.0    0 10.1 24 240   M    M  10 1      31 240
14  46  28  37  -4  28   0 0.00  0.0    0  3.4 10 330   M    M   7        15  40
15  46  25  36  -5  29   0 0.00  0.0    0  1.8  8 100   M    M   5        12  30
16  49  24  37  -4  28   0    T  0.0    0  2.5 12 300   M    M   3        14 310
17  50  26  38  -2  27   0 0.00  0.0    0  1.8  7  30   M    M   4 1       8  50
18  49  24  37  -3  28   0 0.00  0.0    0  3.7  8 100   M    M   4 18     10  70
19  52  27  40   0  25   0 0.00  0.0    0  3.6  9  50   M    M   4        12  40
20  48  29  39   0  26   0 0.00  0.0    0  1.1  5 130   M    M   9         7 340
21  55  28  42   3  23   0    T  0.0    0  1.1 10 330   M    M   4        12 340
22  61  27  44   6  21   0 0.00  0.0    0  4.4  9 140   M    M   4        12  40
23  56  31  44   6  21   0 0.02  0.0    0 10.6 30 250   M    M   8        39 240
24  38  32  35  -3  30   0 0.06  0.5    0 18.4 31 240   M    M   9 9      44 310
25  36  30  33  -4  32   0 0.10  0.9    1  9.8 22 250   M    M  10 15     28 270
26  37  33  35  -2  30   0 0.15  0.9    T 10.2 23 250   M    M  10 12     26 280
27  40  30  35  -1  30   0 0.00  0.0    T  5.1 15 320   M    M   9        18 320
28  37  30  34  -2  31   0    T  0.1    T  9.7 18 270   M    M   9 1      25 280
29  47  32  40   4  25   0    T  0.3    T 13.4 24 250   M    M   8 1      31 260
30  35  25  30  -5  35   0 0.01  0.1    0  6.9 14  80   M    M  10 16     17  60
================================================================================
SM 1413  947       762   0  1.41     2.8 219.1          M      226
================================================================================
AV 47.1 31.6                               7.3 FASTST   M    M   8    MAX(MPH)
                                 MISC ---->  # 35 300               # 44  310
================================================================================
NOTES:
# LAST OF SEVERAL OCCURRENCES

COLUMN 17 PEAK WIND IN M.P.H.

PRELIMINARY LOCAL CLIMATOLOGICAL DATA (WS FORM: F-6) , PAGE 2

                                          STATION:  SYRACUSE NY
                                          MONTH:    NOVEMBER
                                          YEAR:     2012
                                          LATITUDE:   43  7 N
                                          LONGITUDE:  76  7 W

[TEMPERATURE DATA]      [PRECIPITATION DATA]       SYMBOLS USED IN COLUMN 16

AVERAGE MONTHLY: 39.3   TOTAL FOR MONTH:   1.41    1 = FOG OR MIST
DPTR FM NORMAL:  -1.3   DPTR FM NORMAL:   -2.12    2 = FOG REDUCING VISIBILITY
HIGHEST:    73 ON 11    GRTST 24HR  0.65 ON 12-13      TO 1/4 MILE OR LESS
LOWEST:     24 ON 18,16                            3 = THUNDER
                        SNOW, ICE PELLETS, HAIL    4 = ICE PELLETS
                        TOTAL MONTH:   2.8 INCHES  5 = HAIL
                        GRTST 24HR   0.9 ON   M    6 = FREEZING RAIN OR DRIZZLE
                        GRTST DEPTH:   1 ON 25     7 = DUSTSTORM OR SANDSTORM:
                                                       VSBY 1/2 MILE OR LESS
                                                   8 = SMOKE OR HAZE
[NO. OF DAYS WITH]      [WEATHER - DAYS WITH]      9 = BLOWING SNOW
                                                   X = TORNADO
MAX 32 OR BELOW:   0    0.01 INCH OR MORE:  11
MAX 90 OR ABOVE:   0    0.10 INCH OR MORE:   6
MIN 32 OR BELOW:  20    0.50 INCH OR MORE:   0
MIN  0 OR BELOW:   0    1.00 INCH OR MORE:   0

[HDD (BASE 65) ]
TOTAL THIS MO.   762    CLEAR  (SCALE 0-3)   1
DPTR FM NORMAL    30    PTCLDY (SCALE 4-7)  16
TOTAL FM JUL 1  1205    CLOUDY (SCALE 8-10) 13
DPTR FM NORMAL  -144

[CDD (BASE 65) ]
TOTAL THIS MO.     0
DPTR FM NORMAL     0    [PRESSURE DATA]
TOTAL FM JAN 1   953    HIGHEST SLP 30.68 ON 18
DPTR FM NORMAL   384    LOWEST  SLP 29.43 ON  1

[REMARKS]
#FINAL-11-12#
