000
CXUS51 KBGM 010649
CF6SYR
PRELIMINARY LOCAL CLIMATOLOGICAL DATA (WS FORM: F-6)

                                          STATION:   SYRACUSE NY
                                          MONTH:     AUGUST
                                          YEAR:      2012
                                          LATITUDE:   43  7 N
                                          LONGITUDE:  76  7 W

  TEMPERATURE IN F:       :PCPN:    SNOW:  WIND      :SUNSHINE: SKY     :PK WND
================================================================================
1   2   3   4   5  6A  6B    7    8   9   10  11  12  13   14  15   16   17  18
                                     12Z  AVG MX 2MIN
DY MAX MIN AVG DEP HDD CDD  WTR  SNW DPTH SPD SPD DIR MIN PSBL S-S WX    SPD DR
================================================================================

 1  86  64  75   4   0  10    T  0.0    0  4.6 18 290   M    M   7        25 290
 2  89  65  77   6   0  12 0.00  0.0    0  3.6 17 250   M    M   6        21 250
 3  92  70  81  10   0  16    T  0.0    0  4.5 14 300   M    M   5        18 280
 4  97  69  83  12   0  18 0.00  0.0    0 10.9 22 180   M    M   2 1      29 180
 5  91  71  81  10   0  16 0.10  0.0    0 13.7 28 190   M    M   7 18     37 280
 6  79  61  70  -1   0   5 0.00  0.0    0  7.5 17 270   M    M   4        22 300
 7  87  56  72   1   0   7 0.00  0.0    0  5.1 15 270   M    M   3        20 280
 8  92  60  76   5   0  11 0.00  0.0    0  3.9 16 230   M    M   4        22 280
 9  89  66  78   7   0  13 0.53  0.0    0  4.9 40 250   M    M   9 13     54 230
10  81  67  74   3   0   9 0.21  0.0    0  7.5 16 130   M    M   8 1      21 120
11  87  68  78   7   0  13 0.00  0.0    0  8.1 20 260   M    M   8        26 250
12  82  63  73   3   0   8 0.09  0.0    0  7.5 20 260   M    M   8 1      28 250
13  83  65  74   4   0   9    T  0.0    0  6.0 14 280   M    M   8        17 280
14  82  65  74   4   0   9 0.49  0.0    0  3.8 28 280   M    M  10 13     36 280
15  81  64  73   3   0   8 0.11  0.0    0  5.4 16 310   M    M   8 18     20 310
16  83  61  72   2   0   7 0.00  0.0    0  5.5 16 270   M    M   4        22 270
17  77  66  72   2   0   7    T  0.0    0  8.5 20 280   M    M   9        24 290
18  74  53  64  -6   1   0 0.00  0.0    0  5.4 16 280   M    M   5 8      23 290
19  79  51  65  -5   0   0 0.00  0.0    0  3.0 10  20   M    M   5        14  20
20  78  53  66  -4   0   1    T  0.0    0  3.5 22 310   M    M   6        29 310
21  79  55  67  -2   0   2 0.00  0.0    0  4.6 12 310   M    M   2        22 260
22  85  52  69   0   0   4 0.00  0.0    0  2.3 10 270   M    M   3        17 340
23  86  57  72   3   0   7 0.00  0.0    0  4.2 14 280   M    M   1        17 340
24  89  59  74   5   0   9 0.00  0.0    0  2.8 12  20   M    M   3        15  20
25  90  61  76   7   0  11 0.00  0.0    0  5.8 13 170   M    M   4        16 170
26  90  63  77   9   0  12 0.00  0.0    0  7.0 15 140   M    M   4        20 140
27  86  69  78  10   0  13 0.37  0.0    0  6.9 20 290   M    M   8 1      29 210
28  82  60  71   3   0   6 0.37  0.0    0  8.9 20 290   M    M   6 1      26 270
29  75  54  65  -3   0   0 0.00  0.0    0  4.0 14 330   M    M   3        18 320
30  83  51  67  -1   0   2 0.00  0.0    0  5.2 16 230   M    M   2        20 220
31  93  61  77  10   0  12 0.00  0.0    0 10.9 26 250   M    M   5        32 250
================================================================================
SM 2627 1900         1 257  2.27     0.0 185.5          M      167
================================================================================
AV 84.7 61.3                               6.0 FASTST   M    M   5    MAX(MPH)
                                 MISC ---->  # 40 250               # 54  230
================================================================================
NOTES:
# LAST OF SEVERAL OCCURRENCES

COLUMN 17 PEAK WIND IN M.P.H.

PRELIMINARY LOCAL CLIMATOLOGICAL DATA (WS FORM: F-6) , PAGE 2

                                          STATION:  SYRACUSE NY
                                          MONTH:    AUGUST
                                          YEAR:     2012
                                          LATITUDE:   43  7 N
                                          LONGITUDE:  76  7 W

[TEMPERATURE DATA]      [PRECIPITATION DATA]       SYMBOLS USED IN COLUMN 16

AVERAGE MONTHLY: 73.0   TOTAL FOR MONTH:   2.27    1 = FOG OR MIST
DPTR FM NORMAL:   3.2   DPTR FM NORMAL:   -1.30    2 = FOG REDUCING VISIBILITY
HIGHEST:    97 ON  4    GRTST 24HR  0.74 ON 27-28      TO 1/4 MILE OR LESS
LOWEST:     51 ON 30,19                            3 = THUNDER
                        SNOW, ICE PELLETS, HAIL    4 = ICE PELLETS
                        TOTAL MONTH:   0.0 INCH    5 = HAIL
                        GRTST 24HR     0.0         6 = FREEZING RAIN OR DRIZZLE
                        GRTST DEPTH:   0           7 = DUSTSTORM OR SANDSTORM:
                                                       VSBY 1/2 MILE OR LESS
                                                   8 = SMOKE OR HAZE
[NO. OF DAYS WITH]      [WEATHER - DAYS WITH]      9 = BLOWING SNOW
                                                   X = TORNADO
MAX 32 OR BELOW:   0    0.01 INCH OR MORE:   8
MAX 90 OR ABOVE:   7    0.10 INCH OR MORE:   7
MIN 32 OR BELOW:   0    0.50 INCH OR MORE:   1
MIN  0 OR BELOW:   0    1.00 INCH OR MORE:   0

[HDD (BASE 65) ]
TOTAL THIS MO.     1    CLEAR  (SCALE 0-3)   6
DPTR FM NORMAL   -17    PTCLDY (SCALE 4-7)  21
TOTAL FM JUL 1     1    CLOUDY (SCALE 8-10)  4
DPTR FM NORMAL   -25

[CDD (BASE 65) ]
TOTAL THIS MO.   257
DPTR FM NORMAL    90    [PRESSURE DATA]
TOTAL FM JAN 1   873    HIGHEST SLP M ON M
DPTR FM NORMAL   360    LOWEST  SLP 29.69 ON 10

[REMARKS]
#FINAL-08-12#
