000
CXUS51 KBGM 020201 CCA
CF6SYR

PRELIMINARY LOCAL CLIMATOLOGICAL DATA (WS FORM: F-6)

                                          STATION:   SYRACUSE NY
                                          MONTH:     JANUARY
                                          YEAR:      2013
                                          LATITUDE:   43  7 N
                                          LONGITUDE:  76  7 W

  TEMPERATURE IN F:       :PCPN:    SNOW:  WIND      :SUNSHINE: SKY     :PK WND
================================================================================
1   2   3   4   5  6A  6B    7    8   9   10  11  12  13   14  15   16   17  18
                                     12Z  AVG MX 2MIN
DY MAX MIN AVG DEP HDD CDD  WTR  SNW DPTH SPD SPD DIR MIN PSBL S-S WX    SPD DR
================================================================================

 1  35  17  26   1  39   0 0.02  0.8   15 12.0 21 300   M    M   8 19     26 300
 2  25   8  17  -8  48   0 0.02  1.5   15 11.1 25 250   M    M  10 19     31 240
 3  30   0  15  -9  50   0 0.02  1.6   14  6.5 23 250   M    M  10 18     30 240
 4  35  28  32   8  33   0    T    T   15 15.6 28 250   M    M  10        36 240
 5  34  28  31   7  34   0    T    T   11  9.6 25 260   M    M   7        33 250
 6  39  29  34  10  31   0 0.03  0.2   11  9.7 18 250   M    M  10        23 240
 7  36  16  26   2  39   0 0.01    T    9  7.2 16 260   M    M   8        21 260
 8  40  12  26   2  39   0 0.00  0.0    9  2.2 10 250   M    M   6 18     13 250
 9  48  15  32   8  33   0    T  0.0    8 11.4 31 280   M    M   6 18     40 270
10  41  27  34  10  31   0 0.00  0.0    4  7.9 28 280   M    M   7        39 290
11  43  27  35  11  30   0 0.19  0.0    4  8.0 18 140   M    M  10 18     25 140
12  50  36  43  20  22   0 0.00  0.0    2  5.1 10  90   M    M   9 1      12 120
13  60  37  49  26  16   0    T  0.0    1  8.4 21 170   M    M   8 1      25 170
14  55  32  44  21  21   0    T  0.0    T 12.0 29 290   M    M   9        38 300
15  35  29  32   9  33   0    T    T    0  5.1 13 250   M    M  10        14 250
16  36  28  32   9  33   0 0.02  0.2    0  5.1 16 210   M    M   9 1      22 220
17  37  20  29   6  36   0    T  0.2    0 10.4 24 300   M    M  10        32 290
18  30  14  22  -1  43   0 0.06  1.3    T  5.6 17 230   M    M   9 18     22 230
19  50  30  40  17  25   0 0.00  0.0    T 12.7 28 190   M    M   9        35 190
20  48  21  35  12  30   0    T    T    0 21.4 40 260   M    M   8        58 260
21  23  17  20  -3  45   0 0.07  2.4    T  7.3 26 280   M    M   9 129    36 280
22  17   8  13 -10  52   0 0.05  1.1    2 19.0 32 240   M    M   8 189    39 240
23   8  -4   2 -21  63   0 0.03  0.5    2  4.1 13 270   M    M   8 8      15 280
24  13  -7   3 -20  62   0    T  0.1    2  8.5 23 250   M    M   7 189    28 260
25  16   4  10 -13  55   0 0.02  0.3    2  3.2  9  20   M    M  10        12 250
26  19  -2   9 -14  56   0 0.01  0.3    2  2.5 12 330   M    M   5 18     14 310
27  24   7  16  -7  49   0    T  0.2    2  3.8 12 250   M    M   7 1      14 290
28  32  19  26   2  39   0 0.29  0.9    2  6.3 13  80   M    M  10 1468   16  80
29  47  32  40  16  25   0 0.30  0.0    3  4.4 18 110   M    M  10 16     20 110
30  63  40  52  28  13   0 0.26  0.0    T 15.2 31 150   M    M  10 1      41 140
31  57  24  41  17  24   0 0.31    T    0 25.2 43 250   M    M  10        55 260
================================================================================
SM 1126  592      1149   0  1.71    11.6 286.5          M      267
================================================================================
AV 36.3 19.1                               9.2 FASTST   M    M   9    MAX(MPH)
                                 MISC ---->  # 43 250               # 58  260
================================================================================
NOTES:
# LAST OF SEVERAL OCCURRENCES

COLUMN 17 PEAK WIND IN M.P.H.

PRELIMINARY LOCAL CLIMATOLOGICAL DATA (WS FORM: F-6) , PAGE 2

                                          STATION:  SYRACUSE NY
                                          MONTH:    JANUARY
                                          YEAR:     2013
                                          LATITUDE:   43  7 N
                                          LONGITUDE:  76  7 W

[TEMPERATURE DATA]      [PRECIPITATION DATA]       SYMBOLS USED IN COLUMN 16

AVERAGE MONTHLY: 27.7   TOTAL FOR MONTH:   1.71    1 = FOG OR MIST
DPTR FM NORMAL:   4.1   DPTR FM NORMAL:   -0.79    2 = FOG REDUCING VISIBILITY
HIGHEST:    63 ON 30    GRTST 24HR  0.57 ON 30-31      TO 1/4 MILE OR LESS
LOWEST:     -7 ON 24                               3 = THUNDER
                        SNOW, ICE PELLETS, HAIL    4 = ICE PELLETS
                        TOTAL MONTH:  11.6 INCHES  5 = HAIL
                        GRTST 24HR   2.8 ON 21-22  6 = FREEZING RAIN OR DRIZZLE
                        GRTST DEPTH:  15 ON 4,2,1  7 = DUSTSTORM OR SANDSTORM:
                                                       VSBY 1/2 MILE OR LESS
                                                   8 = SMOKE OR HAZE
[NO. OF DAYS WITH]      [WEATHER - DAYS WITH]      9 = BLOWING SNOW
                                                   X = TORNADO
MAX 32 OR BELOW:  11    0.01 INCH OR MORE:  17
MAX 90 OR ABOVE:   0    0.10 INCH OR MORE:   5
MIN 32 OR BELOW:  28    0.50 INCH OR MORE:   0
MIN  0 OR BELOW:   4    1.00 INCH OR MORE:   0

[HDD (BASE 65) ]
TOTAL THIS MO.  1149    CLEAR  (SCALE 0-3)   0
DPTR FM NORMAL  -134    PTCLDY (SCALE 4-7)  12
TOTAL FM JUL 1  3267    CLOUDY (SCALE 8-10) 19
DPTR FM NORMAL  -469

[CDD (BASE 65) ]
TOTAL THIS MO.     0
DPTR FM NORMAL     0    [PRESSURE DATA]
TOTAL FM JAN 1     0    HIGHEST SLP 30.57 ON 27
DPTR FM NORMAL     0    LOWEST  SLP 28.95 ON 31

[REMARKS]
CORRECTED GREATEST 24 HOUR SNOWFALL AND GREATEST SNOW DEPTH DAYS
#FINAL-01-13#
