000
CXUS51 KBGM 010533
CF6SYR
PRELIMINARY LOCAL CLIMATOLOGICAL DATA (WS FORM: F-6)

                                          STATION:   SYRACUSE NY
                                          MONTH:     JULY
                                          YEAR:      2012
                                          LATITUDE:   43  7 N
                                          LONGITUDE:  76  7 W

  TEMPERATURE IN F:       :PCPN:    SNOW:  WIND      :SUNSHINE: SKY     :PK WND
================================================================================
1   2   3   4   5  6A  6B    7    8   9   10  11  12  13   14  15   16   17  18
                                     12Z  AVG MX 2MIN
DY MAX MIN AVG DEP HDD CDD  WTR  SNW DPTH SPD SPD DIR MIN PSBL S-S WX    SPD DR
================================================================================

 1  86  66  76   6   0  11 0.00  0.0    0  7.8 22 300   M    M   5        29 290
 2  85  64  75   5   0  10 0.00  0.0    0  8.0 17 290   M    M   4        21 300
 3  90  62  76   5   0  11 0.08  0.0    0  3.1 16 220   M    M   7 1      21 220
 4  94  73  84  13   0  19 0.00  0.0    0 10.0 17 290   M    M   6        24 280
 5  83  64  74   3   0   9 0.00  0.0    0  5.9 17 330   M    M   6        21 330
 6  95  60  78   7   0  13 0.00  0.0    0  6.0 20 290   M    M   5 8      25 300
 7  82  67  75   4   0  10 0.14  0.0    0  5.9 16 290   M    M   7 13     22 280
 8  86  62  74   3   0   9 0.00  0.0    0  5.8 16 310   M    M   5        23 310
 9  83  60  72   1   0   7 0.00  0.0    0  5.3 17 340   M    M   5        23 330
10  85  59  72   1   0   7    T  0.0    0  4.2 15 340   M    M   5        20 320
11  88  57  73   2   0   8 0.00  0.0    0  3.9 14 330   M    M   2        16 330
12  94  61  78   7   0  13 0.00  0.0    0  3.8 14 300   M    M   4        17 320
13  93  63  78   6   0  13    T  0.0    0  4.4 23 250   M    M   8 3      26 250
14  94  70  82  10   0  17 0.00  0.0    0  4.0 10  20   M    M   6        25 360
15  85  69  77   5   0  12 0.15  0.0    0  3.9 10 280   M    M   8 1      15 270
16  88  69  79   7   0  14 0.00  0.0    0  7.3 20 300   M    M   7        26 270
17 101  76  89  17   0  24    T  0.0    0 13.9 18 250   M    M   7        24 250
18  87  65  76   4   0  11 0.00  0.0    0  5.5 15 340   M    M   7        21 320
19  83  60  72   0   0   7 0.00  0.0    0  5.5 15 330   M    M   8        21 330
20  79  62  71  -1   0   6 0.00  0.0    0  5.0 12 260   M    M   9        18 330
21  85  64  75   3   0  10 0.00  0.0    0  2.9  9 340   M    M   7        14  10
22  90  66  78   6   0  13 0.00  0.0    0  6.8 16 190   M    M   6        49 210
23  96  73  85  13   0  20 0.26  0.0    0 10.0 29 290   M    M   8 13     39 300
24  86  62  74   2   0   9    T  0.0    0  9.0 23 310   M    M   6        30 310
25  83  57  70  -2   0   5    T  0.0    0  5.5 15 320   M    M   6        20 320
26  89  66  78   6   0  13 0.53  0.0    0  8.8 22 240   M    M  10 138    28 240
27  84  68  76   4   0  11 0.24  0.0    0  5.8 13 330   M    M   7 1      17 310
28  83  65  74   3   0   9 0.37  0.0    0  1.7 18  20   M    M   8 1      23  10
29  88  65  77   6   0  12 0.00  0.0    0  3.0 15 300   M    M   6 1      18 290
30  90  59  75   4   0  10 0.05  0.0    0  3.6 23 210   M    M   4        29 220
31  90  67  79   8   0  14 0.02  0.0    0  7.4 25 240   M    M   6        35 240
================================================================================
SM 2725 2001         0 357  1.84     0.0 183.7          M      195
================================================================================
AV 87.9 64.5                               5.9 FASTST   M    M   6    MAX(MPH)
                                 MISC ---->  # 29 290               # 49  210
================================================================================
NOTES:
# LAST OF SEVERAL OCCURRENCES

COLUMN 17 PEAK WIND IN M.P.H.

PRELIMINARY LOCAL CLIMATOLOGICAL DATA (WS FORM: F-6) , PAGE 2

                                          STATION:  SYRACUSE NY
                                          MONTH:    JULY
                                          YEAR:     2012
                                          LATITUDE:   43  7 N
                                          LONGITUDE:  76  7 W

[TEMPERATURE DATA]      [PRECIPITATION DATA]       SYMBOLS USED IN COLUMN 16

AVERAGE MONTHLY: 76.2   TOTAL FOR MONTH:   1.84    1 = FOG OR MIST
DPTR FM NORMAL:   4.9   DPTR FM NORMAL:   -1.94    2 = FOG REDUCING VISIBILITY
HIGHEST:   101 ON 17    GRTST 24HR  0.69 ON 26-27      TO 1/4 MILE OR LESS
LOWEST:     57 ON 25,11                            3 = THUNDER
                        SNOW, ICE PELLETS, HAIL    4 = ICE PELLETS
                        TOTAL MONTH:   0.0 INCH    5 = HAIL
                        GRTST 24HR     0.0         6 = FREEZING RAIN OR DRIZZLE
                        GRTST DEPTH:   0           7 = DUSTSTORM OR SANDSTORM:
                                                       VSBY 1/2 MILE OR LESS
                                                   8 = SMOKE OR HAZE
[NO. OF DAYS WITH]      [WEATHER - DAYS WITH]      9 = BLOWING SNOW
                                                   X = TORNADO
MAX 32 OR BELOW:   0    0.01 INCH OR MORE:   9
MAX 90 OR ABOVE:  11    0.10 INCH OR MORE:   6
MIN 32 OR BELOW:   0    0.50 INCH OR MORE:   1
MIN  0 OR BELOW:   0    1.00 INCH OR MORE:   0

[HDD (BASE 65) ]
TOTAL THIS MO.     0    CLEAR  (SCALE 0-3)   1
DPTR FM NORMAL    -8    PTCLDY (SCALE 4-7)  27
TOTAL FM JUL 1     0    CLOUDY (SCALE 8-10)  3
DPTR FM NORMAL    -8

[CDD (BASE 65) ]
TOTAL THIS MO.   357
DPTR FM NORMAL   154    [PRESSURE DATA]
TOTAL FM JAN 1   616    HIGHEST SLP 30.21 ON 14
DPTR FM NORMAL   270    LOWEST  SLP 29.58 ON 26

[REMARKS]
#FINAL-07-12#
