000
CXUS51 KBGM 011747
CF6SYR
PRELIMINARY LOCAL CLIMATOLOGICAL DATA (WS FORM: F-6)

                                          STATION:   SYRACUSE NY
                                          MONTH:     OCTOBER
                                          YEAR:      2012
                                          LATITUDE:   43  7 N
                                          LONGITUDE:  76  7 W

  TEMPERATURE IN F:       :PCPN:    SNOW:  WIND      :SUNSHINE: SKY     :PK WND
================================================================================
1   2   3   4   5  6A  6B    7    8   9   10  11  12  13   14  15   16   17  18
                                     12Z  AVG MX 2MIN
DY MAX MIN AVG DEP HDD CDD  WTR  SNW DPTH SPD SPD DIR MIN PSBL S-S WX    SPD DR
================================================================================

 1  69  53  61   5   4   0    T  0.0    0 12.6 23 260   M    M   9        29 270
 2  67  52  60   4   5   0    T  0.0    0  4.4 10 160   M    M   9        12 160
 3  68  59  64   9   1   0 0.17  0.0    0  1.7  8  90   M    M   9 1      10  80
 4  74  59  67  12   0   2    T  0.0    0  2.0  9 230   M    M   7 1      10 240
 5  76  53  65  11   0   0 0.02  0.0    0  4.6 15 230   M    M   7 1      20 230
 6  61  46  54   0  11   0 0.49  0.0    0 12.1 26 250   M    M   8 1      32 260
 7  55  45  50  -4  15   0 0.21  0.0    0  6.0 16 240   M    M   9        22 240
 8  57  39  48  -5  17   0 0.01  0.0    0  4.9 15 250   M    M   5 1      18 250
 9  62  34  48  -5  17   0 0.00  0.0    0  5.2 12  80   M    M   6        15  90
10  61  44  53   1  12   0 0.01  0.0    0 10.6 26 260   M    M   6        33 260
11  55  41  48  -4  17   0 0.05  0.0    0 12.6 24 250   M    M   7        30 240
12  55  32  44  -8  21   0 0.37  0.0    0 10.4 24 300   M    M   8 1      28 310
13  53  29  41 -10  24   0 0.22  0.0    0  5.0 13  90   M    M   6 1      17 170
14  74  45  60   9   5   0 0.56  0.0    0  9.8 25 180   M    M   9 1      35 170
15  68  46  57   6   8   0 0.01  0.0    0 14.9 26 260   M    M   9        32 270
16  52  39  46  -4  19   0 0.02  0.0    0  7.6 22 260   M    M   8        28 270
17  67  36  52   2  13   0 0.00  0.0    0  5.0 10  90   M    M   8        13  90
18  69  44  57   7   8   0    T  0.0    0 12.7 28 160   M    M   6        36 160
19  66  51  59   9   6   0 0.84  0.0    0  5.4 21 290   M    M   9 12     28 290
20  60  47  54   5  11   0 0.00  0.0    0  7.1 17 240   M    M   7 1      23 230
21  63  49  56   7   9   0    T  0.0    0 15.1 26 270   M    M   7        35 270
22  65  45  55   7  10   0 0.00  0.0    0  8.1 18 280   M    M   4 1      22 280
23  54  44  49   1  16   0 0.31  0.0    0  3.0  7  60   M    M   8 1       9  80
24  54  51  53   5  12   0 0.04  0.0    0  4.9  9  80   M    M  10 1      13  60
25  76  51  64  16   1   0 0.01  0.0    0  8.3 15 130   M    M   3 1      17 130
26  74  54  64  17   1   0 0.00  0.0    0  6.9 16 180   M    M   5 1      20 190
27  64  51  58  11   7   0    T  0.0    0  3.9 14 320   M    M  10        20 340
28  51  46  49   2  16   0 0.03  0.0    0  5.9 12 290   M    M  10 1      14 290
29  60  46  53   7  12   0 0.53  0.0    0 13.4 30 360   M    M  10 1      40  10
30  62  45  54   8  11   0 0.06  0.0    0 11.7 28  80   M    M   8 1      39  80
31  48  43  46   0  19   0 0.03  0.0    0  4.8 16 190   M    M  10        18 200
================================================================================
SM 1940 1419       328   2  3.99     0.0 240.6          M      237
================================================================================
AV 62.6 45.8                               7.8 FASTST   M    M   8    MAX(MPH)
                                 MISC ---->  # 30 360               # 40   10
================================================================================
NOTES:
# LAST OF SEVERAL OCCURRENCES

COLUMN 17 PEAK WIND IN M.P.H.

PRELIMINARY LOCAL CLIMATOLOGICAL DATA (WS FORM: F-6) , PAGE 2

                                          STATION:  SYRACUSE NY
                                          MONTH:    OCTOBER
                                          YEAR:     2012
                                          LATITUDE:   43  7 N
                                          LONGITUDE:  76  7 W

[TEMPERATURE DATA]      [PRECIPITATION DATA]       SYMBOLS USED IN COLUMN 16

AVERAGE MONTHLY: 54.2   TOTAL FOR MONTH:   3.99    1 = FOG OR MIST
DPTR FM NORMAL:   3.6   DPTR FM NORMAL:    0.55    2 = FOG REDUCING VISIBILITY
HIGHEST:    76 ON 25, 5 GRTST 24HR  0.84 ON 19-19      TO 1/4 MILE OR LESS
LOWEST:     29 ON 13                               3 = THUNDER
                        SNOW, ICE PELLETS, HAIL    4 = ICE PELLETS
                        TOTAL MONTH:   0.0 INCH    5 = HAIL
                        GRTST 24HR     0.0         6 = FREEZING RAIN OR DRIZZLE
                        GRTST DEPTH:   0           7 = DUSTSTORM OR SANDSTORM:
                                                       VSBY 1/2 MILE OR LESS
                                                   8 = SMOKE OR HAZE
[NO. OF DAYS WITH]      [WEATHER - DAYS WITH]      9 = BLOWING SNOW
                                                   X = TORNADO
MAX 32 OR BELOW:   0    0.01 INCH OR MORE:  20
MAX 90 OR ABOVE:   0    0.10 INCH OR MORE:   9
MIN 32 OR BELOW:   2    0.50 INCH OR MORE:   3
MIN  0 OR BELOW:   0    1.00 INCH OR MORE:   0

[HDD (BASE 65) ]
TOTAL THIS MO.   328    CLEAR  (SCALE 0-3)   1
DPTR FM NORMAL  -122    PTCLDY (SCALE 4-7)  17
TOTAL FM JUL 1   443    CLOUDY (SCALE 8-10) 13
DPTR FM NORMAL  -174

[CDD (BASE 65) ]
TOTAL THIS MO.     2
DPTR FM NORMAL    -2    [PRESSURE DATA]
TOTAL FM JAN 1   953    HIGHEST SLP 30.47 ON 13
DPTR FM NORMAL   384    LOWEST  SLP 29.00 ON 29

[REMARKS]
#FINAL-10-12#
