000
CXUS51 KBGM 010534
CF6SYR
PRELIMINARY LOCAL CLIMATOLOGICAL DATA (WS FORM: F-6)

                                          STATION:   SYRACUSE NY
                                          MONTH:     MAY
                                          YEAR:      2012
                                          LATITUDE:   43  7 N
                                          LONGITUDE:  76  7 W

  TEMPERATURE IN F:       :PCPN:    SNOW:  WIND      :SUNSHINE: SKY     :PK WND
================================================================================
1   2   3   4   5  6A  6B    7    8   9   10  11  12  13   14  15   16   17  18
                                     12Z  AVG MX 2MIN
DY MAX MIN AVG DEP HDD CDD  WTR  SNW DPTH SPD SPD DIR MIN PSBL S-S WX    SPD DR
================================================================================

 1  57  50  54   1  11   0 0.31  0.0    0  4.3 12 340   M    M  10 1      17 150
 2  74  50  62   9   3   0    T  0.0    0  8.1 16 180   M    M  10 1      22 170
 3  77  53  65  11   0   0 0.54  0.0    0  3.7 24 340   M    M   8 138    31 350
 4  75  58  67  13   0   2 0.09  0.0    0  7.0 16 350   M    M   7 13     22 290
 5  67  49  58   4   7   0 0.00  0.0    0  7.1 14 310   M    M   8        21 340
 6  71  41  56   2   9   0 0.00  0.0    0  3.8 15  10   M    M   4        20 310
 7  71  47  59   4   6   0 0.51  0.0    0  7.9 20 180   M    M   9 1      28 190
 8  64  55  60   5   5   0 1.09  0.0    0  5.9 14 220   M    M  10 1      18 200
 9  69  53  61   5   4   0 0.02  0.0    0  5.3 23 330   M    M  10 18     29 340
10  55  43  49  -7  16   0 0.01  0.0    0 11.1 21 310   M    M  10 1      28 310
11  65  41  53  -3  12   0 0.00  0.0    0 11.3 24 340   M    M   3        31 330
12  80  46  63   7   2   0 0.00  0.0    0  6.6 20 290   M    M   5        24 300
13  74  55  65   8   0   0 0.00  0.0    0  5.2 15 360   M    M   8        20 340
14  70  58  64   7   1   0    T  0.0    0  4.1 13 220   M    M  10        23 180
15  76  58  67  10   0   2 0.05  0.0    0  3.7 10 110   M    M   7 1      12 180
16  78  46  62   4   3   0    T  0.0    0  8.6 23 320   M    M   7 1      31 310
17  63  41  52  -6  13   0 0.00  0.0    0  5.8 17 330   M    M   3        20 320
18  74  39  57  -1   8   0 0.00  0.0    0  2.9 10 120   M    M   2        13  70
19  84  48  66   8   0   1 0.00  0.0    0  3.2 12  10   M    M   3        14  10
20  88  51  70  11   0   5 0.00  0.0    0  4.8 16 200   M    M   3        23 200
21  83  56  70  11   0   5 0.03  0.0    0  8.1 18 120   M    M   6        23 180
22  79  62  71  12   0   6 0.00  0.0    0  4.2 15  50   M    M   9        20  30
23  81  62  72  12   0   7 0.00  0.0    0  3.0 10  10   M    M   7 1      12  10
24  83  60  72  12   0   7 0.00  0.0    0  8.6 22 160   M    M   5        29 170
25  86  66  76  16   0  11 0.01  0.0    0 12.2 22 170   M    M   6 3      29 170
26  84  62  73  12   0   8 0.00  0.0    0  5.1 16 310   M    M   8        22 290
27  85  55  70   9   0   5 0.00  0.0    0  2.2 13 350   M    M   6        15  20
28  91  60  76  15   0  11 0.06  0.0    0  5.6 17 190   M    M   6 13     22 190
29  93  68  81  19   0  16 0.43  0.0    0  9.2 23 320   M    M   8 13     33 310
30  77  57  67   5   0   2 0.00  0.0    0  6.5 16 300   M    M   7 1      22 300
31  69  51  60  -2   5   0 0.00  0.0    0  8.0 18 300   M    M   6        24 290
================================================================================
SM 2343 1641       105  88  3.15     0.0 193.1          M      211
================================================================================
AV 75.6 52.9                               6.2 FASTST   M    M   7    MAX(MPH)
                                 MISC ---->  # 24 340               # 33  310
================================================================================
NOTES:
# LAST OF SEVERAL OCCURRENCES

COLUMN 17 PEAK WIND IN M.P.H.

PRELIMINARY LOCAL CLIMATOLOGICAL DATA (WS FORM: F-6) , PAGE 2

                                          STATION:  SYRACUSE NY
                                          MONTH:    MAY
                                          YEAR:     2012
                                          LATITUDE:   43  7 N
                                          LONGITUDE:  76  7 W

[TEMPERATURE DATA]      [PRECIPITATION DATA]       SYMBOLS USED IN COLUMN 16

AVERAGE MONTHLY: 64.3   TOTAL FOR MONTH:   3.15    1 = FOG OR MIST
DPTR FM NORMAL:   6.7   DPTR FM NORMAL:   -0.07    2 = FOG REDUCING VISIBILITY
HIGHEST:    93 ON 29    GRTST 24HR  1.52 ON  7- 8      TO 1/4 MILE OR LESS
LOWEST:     39 ON 18                               3 = THUNDER
                        SNOW, ICE PELLETS, HAIL    4 = ICE PELLETS
                        TOTAL MONTH:   0.0 INCH    5 = HAIL
                        GRTST 24HR     0.0         6 = FREEZING RAIN OR DRIZZLE
                        GRTST DEPTH:   0           7 = DUSTSTORM OR SANDSTORM:
                                                       VSBY 1/2 MILE OR LESS
                                                   8 = SMOKE OR HAZE
[NO. OF DAYS WITH]      [WEATHER - DAYS WITH]      9 = BLOWING SNOW
                                                   X = TORNADO
MAX 32 OR BELOW:   0    0.01 INCH OR MORE:  12
MAX 90 OR ABOVE:   2    0.10 INCH OR MORE:   5
MIN 32 OR BELOW:   0    0.50 INCH OR MORE:   3
MIN  0 OR BELOW:   0    1.00 INCH OR MORE:   1

[HDD (BASE 65) ]
TOTAL THIS MO.   105    CLEAR  (SCALE 0-3)   5
DPTR FM NORMAL  -150    PTCLDY (SCALE 4-7)  17
TOTAL FM JUL 1  5113    CLOUDY (SCALE 8-10)  9
DPTR FM NORMAL -1477

[CDD (BASE 65) ]
TOTAL THIS MO.    88
DPTR FM NORMAL    62    [PRESSURE DATA]
TOTAL FM JAN 1    95    HIGHEST SLP M ON M
DPTR FM NORMAL    65    LOWEST  SLP 29.54 ON 10

[REMARKS]
#FINAL-05-12#
