000
CXUS51 KBGM 011950
CF6SYR
PRELIMINARY LOCAL CLIMATOLOGICAL DATA (WS FORM: F-6)

                                          STATION:   SYRACUSE NY
                                          MONTH:     APRIL
                                          YEAR:      2012
                                          LATITUDE:   43  7 N
                                          LONGITUDE:  76  7 W

  TEMPERATURE IN F:       :PCPN:    SNOW:  WIND      :SUNSHINE: SKY     :PK WND
================================================================================
1   2   3   4   5  6A  6B    7    8   9   10  11  12  13   14  15   16   17  18
                                     12Z  AVG MX 2MIN
DY MAX MIN AVG DEP HDD CDD  WTR  SNW DPTH SPD SPD DIR MIN PSBL S-S WX    SPD DR
================================================================================

 1  42  37  40  -1  25   0 0.14  0.0    0  4.7 13 350   M    M  10 1      16 350
 2  51  30  41   0  24   0 0.00  0.0    0  9.8 24 320   M    M   3        30 330
 3  53  27  40  -2  25   0    T  0.0    0  5.7 15 340   M    M   5        20 340
 4  56  31  44   2  21   0    T  0.0    0  9.7 30 320   M    M   6        39 340
 5  45  32  39  -3  26   0 0.00  0.0    0  9.2 22  20   M    M   7        30  20
 6  49  27  38  -5  27   0 0.00  0.0    0  8.4 22 340   M    M   3        31 360
 7  54  29  42  -1  23   0 0.00  0.0    0  8.6 24 330   M    M   2        30 320
 8  59  32  46   2  19   0 0.01  0.0    0 13.4 31 310   M    M   4        40 300
 9  53  41  47   3  18   0    T  0.0    0 19.5 31 300   M    M  10        41 320
10  52  37  45   0  20   0 0.04  0.0    0 12.6 24 320   M    M   9 1      32 330
11  50  36  43  -2  22   0 0.04  0.0    0 10.1 23  10   M    M   9 1      26  10
12  55  37  46   0  19   0 0.00  0.0    0  7.8 21 330   M    M   6        28 330
13  61  33  47   1  18   0 0.00  0.0    0  5.1 17 330   M    M   2        22 340
14  69  33  51   5  14   0 0.02  0.0    0  4.5 16 260   M    M   7        21 250
15  66  54  60  13   5   0 0.02  0.0    0  5.2 14 250   M    M  10 1      18 230
16  90  52  71  24   0   6    T  0.0    0 10.6 29 300   M    M   7 1      36 250
17  62  37  50   2  15   0 0.00  0.0    0 11.9 30 280   M    M   7        39 300
18  57  31  44  -4  21   0 0.00  0.0    0  2.6  8  40   M    M   5        10  50
19  75  33  54   6  11   0 0.00  0.0    0  5.4 23 270   M    M   4        29 270
20  81  48  65  16   0   0 0.00  0.0    0 10.4 23 230   M    M   7        30 200
21  66  40  53   4  12   0 0.49  0.0    0  8.3 21 210   M    M  10 1      29 210
22  47  38  43  -7  22   0 0.30  0.0    0  8.6 15  30   M    M  10 1      18  50
23  44  34  39 -11  26   0 0.78    T    0  9.8 15 220   M    M  10 14     20 250
24  51  37  44  -6  21   0 0.03  0.0    0 14.8 28 250   M    M   9        36 270
25  50  33  42  -9  23   0 0.01  0.0    0 10.2 22 290   M    M   8        30 290
26  60  30  45  -6  20   0 0.22  0.0    0  9.4 24 300   M    M   7 1      31 300
27  43  33  38 -14  27   0    T    T    0 14.9 23 330   M    M  10 15     30 320
28  50  26  38 -14  27   0 0.00  0.0    0  6.2 15 330   M    M   5        20 340
29  53  29  41 -11  24   0 0.00  0.0    0  7.9 22 310   M    M   3        29 300
30  60  31  46  -7  19   0 0.14  0.0    0  5.1 13 110   M    M   8 1      18 110
================================================================================
SM 1704 1048       574   6  2.24    T    270.4          M      203
================================================================================
AV 56.8 34.9                               9.0 FASTST   M    M   7    MAX(MPH)
                                 MISC ---->  # 31 310               # 41  320
================================================================================
NOTES:
# LAST OF SEVERAL OCCURRENCES

COLUMN 17 PEAK WIND IN M.P.H.

PRELIMINARY LOCAL CLIMATOLOGICAL DATA (WS FORM: F-6) , PAGE 2

                                          STATION:  SYRACUSE NY
                                          MONTH:    APRIL
                                          YEAR:     2012
                                          LATITUDE:   43  7 N
                                          LONGITUDE:  76  7 W

[TEMPERATURE DATA]      [PRECIPITATION DATA]       SYMBOLS USED IN COLUMN 16

AVERAGE MONTHLY: 45.9   TOTAL FOR MONTH:   2.24    1 = FOG OR MIST
DPTR FM NORMAL:  -1.0   DPTR FM NORMAL:   -0.95    2 = FOG REDUCING VISIBILITY
HIGHEST:    90 ON 16    GRTST 24HR  1.08 ON 22-23      TO 1/4 MILE OR LESS
LOWEST:     26 ON 28                               3 = THUNDER
                        SNOW, ICE PELLETS, HAIL    4 = ICE PELLETS
                        TOTAL MONTH:    T          5 = HAIL
                        GRTST 24HR    T  ON 27-27  6 = FREEZING RAIN OR DRIZZLE
                        GRTST DEPTH:   0           7 = DUSTSTORM OR SANDSTORM:
                                                       VSBY 1/2 MILE OR LESS
                                                   8 = SMOKE OR HAZE
[NO. OF DAYS WITH]      [WEATHER - DAYS WITH]      9 = BLOWING SNOW
                                                   X = TORNADO
MAX 32 OR BELOW:   0    0.01 INCH OR MORE:  13
MAX 90 OR ABOVE:   1    0.10 INCH OR MORE:   6
MIN 32 OR BELOW:  12    0.50 INCH OR MORE:   1
MIN  0 OR BELOW:   0    1.00 INCH OR MORE:   0

[HDD (BASE 65) ]
TOTAL THIS MO.   574    CLEAR  (SCALE 0-3)   5
DPTR FM NORMAL    27    PTCLDY (SCALE 4-7)  15
TOTAL FM JUL 1  5008    CLOUDY (SCALE 8-10) 10
DPTR FM NORMAL -1327

[CDD (BASE 65) ]
TOTAL THIS MO.     6
DPTR FM NORMAL     2    [PRESSURE DATA]
TOTAL FM JAN 1     7    HIGHEST SLP 30.37 ON 18
DPTR FM NORMAL     3    LOWEST  SLP 29.21 ON 23

[REMARKS]
#FINAL-04-12#
