000
CXUS51 KBGM 010610
CF6SYR
PRELIMINARY LOCAL CLIMATOLOGICAL DATA (WS FORM: F-6)

                                          STATION:   SYRACUSE NY
                                          MONTH:     MARCH
                                          YEAR:      2012
                                          LATITUDE:   43  7 N
                                          LONGITUDE:  76  7 W

  TEMPERATURE IN F:       :PCPN:    SNOW:  WIND      :SUNSHINE: SKY     :PK WND
================================================================================
1   2   3   4   5  6A  6B    7    8   9   10  11  12  13   14  15   16   17  18
                                     12Z  AVG MX 2MIN
DY MAX MIN AVG DEP HDD CDD  WTR  SNW DPTH SPD SPD DIR MIN PSBL S-S WX    SPD DR
================================================================================

 1  38  33  36   7  29   0 0.41  0.7    1  5.8 22 110   M    M  10 1      26 110
 2  49  32  41  12  24   0 0.16  0.0    1 10.1 21 160   M    M   9 1      29 150
 3  53  36  45  15  20   0    T    T    0 20.2 37 290   M    M   8        45 270
 4  37  21  29  -1  36   0 0.07  1.0    0 12.5 20 300   M    M   9 1      25 270
 5  23  13  18 -12  47   0 0.03  1.3    2 11.0 21 290   M    M   8        25 330
 6  45  17  31   1  34   0    T    T    T  5.4 14 180   M    M   8        20 200
 7  68  33  51  20  14   0 0.00  0.0    0 12.8 23 240   M    M   7        30 220
 8  62  33  48  17  17   0 0.40  0.2    0 17.4 29 340   M    M  10 1      39 220
 9  37  25  31   0  34   0 0.11  2.7    1 13.4 32 300   M    M   9 1289   43 310
10  32  22  27  -5  38   0 0.02  1.3    2 10.0 25 310   M    M   8 19     33 300
11  66  24  45  13  20   0 0.00  0.0    T  6.0 22 300   M    M   2        26 310
12  68  32  50  18  15   0 0.00  0.0    0  5.6 21 210   M    M   8        36 190
13  68  48  58  25   7   0 0.01  0.0    0 11.8 25 280   M    M   7 1      32 280
14  60  38  49  16  16   0 0.00  0.0    0  8.8 21 330   M    M   2        28 300
15  64  36  50  16  15   0    T  0.0    0  8.5 24  30   M    M   5 3      29  60
16  62  45  54  20  11   0 0.49  0.0    0  4.8 15 360   M    M  10 13     17 360
17  68  46  57  23   8   0 0.00  0.0    0  3.8 10  90   M    M   7 1      14 110
18  80  41  61  26   4   0    T  0.0    0  3.9 17 300   M    M   4        20 300
19  79  53  66  31   0   1    T  0.0    0  2.0 14 220   M    M   8 13     17 190
20  79  51  65  29   0   0 0.00  0.0    0  3.6 12 240   M    M   4 1      20 290
21  81  49  65  29   0   0 0.00  0.0    0  3.4 13  10   M    M   1        18  10
22  78  51  65  29   0   0 0.00  0.0    0  3.5 13  10   M    M   4        18 340
23  71  52  62  25   3   0 0.00  0.0    0  4.3 16 100   M    M   9 1      21 100
24  58  47  53  16  12   0 0.07  0.0    0  9.9 17 100   M    M  10        23 110
25  52  44  48  10  17   0 0.04  0.0    0  5.8 18 300   M    M   9 1      23 290
26  51  28  40   2  25   0    T  0.0    0 17.9 29 330   M    M   5        37 350
27  44  20  32  -6  33   0 0.00  0.0    0  6.6 15  20   M    M   5        20 280
28  66  39  53  14  12   0 0.10  0.0    0 10.6 26 320   M    M   9        33 330
29  42  37  40   1  25   0 0.05  0.0    0 11.6 20 310   M    M  10 1      25 310
30  47  28  38  -2  27   0    T    T    0  5.5 15  30   M    M   8        18  10
31  44  36  40   0  25   0    T    T    0  6.2 16 120   M    M   9        22 130
================================================================================
SM 1772 1110       568   1  1.96     7.2 262.7          M      222
================================================================================
AV 57.2 35.8                               8.5 FASTST   M    M   7    MAX(MPH)
                                 MISC ---->  # 37 290               # 45  270
================================================================================
NOTES:
# LAST OF SEVERAL OCCURRENCES

COLUMN 17 PEAK WIND IN M.P.H.

PRELIMINARY LOCAL CLIMATOLOGICAL DATA (WS FORM: F-6) , PAGE 2

                                          STATION:  SYRACUSE NY
                                          MONTH:    MARCH
                                          YEAR:     2012
                                          LATITUDE:   43  7 N
                                          LONGITUDE:  76  7 W

[TEMPERATURE DATA]      [PRECIPITATION DATA]       SYMBOLS USED IN COLUMN 16

AVERAGE MONTHLY: 46.5   TOTAL FOR MONTH:   1.96    1 = FOG OR MIST
DPTR FM NORMAL:  12.3   DPTR FM NORMAL:   -0.99    2 = FOG REDUCING VISIBILITY
HIGHEST:    81 ON 21    GRTST 24HR  0.49 ON 16-16      TO 1/4 MILE OR LESS
LOWEST:     13 ON  5                               3 = THUNDER
                        SNOW, ICE PELLETS, HAIL    4 = ICE PELLETS
                        TOTAL MONTH:   7.2 INCHES  5 = HAIL
                        GRTST 24HR   2.7 ON   M    6 = FREEZING RAIN OR DRIZZLE
                        GRTST DEPTH:   2 ON 10, 5  7 = DUSTSTORM OR SANDSTORM:
                                                       VSBY 1/2 MILE OR LESS
                                                   8 = SMOKE OR HAZE
[NO. OF DAYS WITH]      [WEATHER - DAYS WITH]      9 = BLOWING SNOW
                                                   X = TORNADO
MAX 32 OR BELOW:   2    0.01 INCH OR MORE:  13
MAX 90 OR ABOVE:   0    0.10 INCH OR MORE:   6
MIN 32 OR BELOW:  11    0.50 INCH OR MORE:   0
MIN  0 OR BELOW:   0    1.00 INCH OR MORE:   0

[HDD (BASE 65) ]
TOTAL THIS MO.   568    CLEAR  (SCALE 0-3)   3
DPTR FM NORMAL  -389    PTCLDY (SCALE 4-7)  15
TOTAL FM JUL 1  4434    CLOUDY (SCALE 8-10) 13
DPTR FM NORMAL -1354

[CDD (BASE 65) ]
TOTAL THIS MO.     1
DPTR FM NORMAL     1    [PRESSURE DATA]
TOTAL FM JAN 1     1    HIGHEST SLP M ON M
DPTR FM NORMAL     1    LOWEST  SLP 29.43 ON  3

[REMARKS]
#FINAL-03-12#
