000
CXUS51 KBGM 010538
CF6SYR
PRELIMINARY LOCAL CLIMATOLOGICAL DATA (WS FORM: F-6)

                                          STATION:   SYRACUSE NY
                                          MONTH:     JUNE
                                          YEAR:      2012
                                          LATITUDE:   43  7 N
                                          LONGITUDE:  76  7 W

  TEMPERATURE IN F:       :PCPN:    SNOW:  WIND      :SUNSHINE: SKY     :PK WND
================================================================================
1   2   3   4   5  6A  6B    7    8   9   10  11  12  13   14  15   16   17  18
                                     12Z  AVG MX 2MIN
DY MAX MIN AVG DEP HDD CDD  WTR  SNW DPTH SPD SPD DIR MIN PSBL S-S WX    SPD DR
================================================================================

 1  66  49  58  -4   7   0 0.28  0.0    0  9.2 22 110   M    M  10 1      29 100
 2  68  50  59  -4   6   0 0.13  0.0    0  6.7 20 250   M    M   9 1      22 250
 3  67  50  59  -4   6   0 0.16  0.0    0  7.9 18 200   M    M   8 1      23 220
 4  63  50  57  -7   8   0 0.33  0.0    0  5.4 17 100   M    M  10 1      22 100
 5  71  46  59  -5   6   0 0.00  0.0    0  5.2 13 320   M    M   7 1      16 320
 6  74  48  61  -3   4   0 0.01  0.0    0  4.0 15 330   M    M   5        20 310
 7  76  49  63  -1   2   0 0.00  0.0    0  5.2 15 300   M    M   5        18 300
 8  80  53  67   2   0   2 0.00  0.0    0  8.7 20 280   M    M   7        37 320
 9  70  60  65   0   0   0 0.20  0.0    0  2.5 10 250   M    M   9 1      13 250
10  86  63  75  10   0  10 0.02  0.0    0  1.3  8 330   M    M   5 1      10  10
11  90  64  77  11   0  12 0.00  0.0    0  9.7 21 160   M    M   5 1      26 170
12  74  63  69   3   0   4 0.48  0.0    0  9.7 21 170   M    M  10 1      33 160
13  71  54  63  -3   2   0 0.00  0.0    0  9.6 16 280   M    M   6        22 330
14  78  50  64  -2   1   0 0.00  0.0    0  3.1 13 340   M    M   4 1      17 330
15  82  53  68   1   0   3 0.00  0.0    0  4.4 10 350   M    M   4        13  30
16  85  58  72   5   0   7 0.00  0.0    0  3.4 12 360   M    M   7        15  30
17  84  62  73   6   0   8 0.00  0.0    0 10.6 22 160   M    M   5        29 140
18  77  65  71   3   0   6 0.01  0.0    0 11.3 20 160   M    M   9        25 190
19  87  65  76   8   0  11 0.28  0.0    0  6.5 15 240   M    M   8 138    18 230
20  95  72  84  16   0  19 0.00  0.0    0  6.6 16 280   M    M   4 8      21 280
21  95  73  84  16   0  19 0.00  0.0    0  8.1 20 260   M    M   2        29 280
22  83  67  75   6   0  10    T  0.0    0  8.3 16 320   M    M   6        21 320
23  80  61  71   2   0   6 0.00  0.0    0  7.4 16 300   M    M   5        28 340
24  84  58  71   2   0   6 0.07  0.0    0  4.8 17 350   M    M   7 1      23 350
25  70  57  64  -5   1   0    T  0.0    0 10.1 25 310   M    M   6 1      30  20
26  74  57  66  -4   0   1    T  0.0    0 12.0 25 340   M    M   6        33 330
27  79  58  69  -1   0   4 0.00  0.0    0 14.5 29 280   M    M   4        37 280
28  88  59  74   4   0   9 0.00  0.0    0  5.1 15 250   M    M   5        18 240
29  90  68  79   9   0  14 0.31  0.0    0  8.9 23 280   M    M   5 13     30 290
30  92  64  78   8   0  13 0.00  0.0    0 10.0 24 260   M    M   6        30 250
================================================================================
SM 2379 1746        43 164  2.28     0.0 220.2          M      189
================================================================================
AV 79.3 58.2                               7.3 FASTST   M    M   6    MAX(MPH)
                                 MISC ---->  # 29 280               # 37  320
================================================================================
NOTES:
# LAST OF SEVERAL OCCURRENCES

COLUMN 17 PEAK WIND IN M.P.H.

PRELIMINARY LOCAL CLIMATOLOGICAL DATA (WS FORM: F-6) , PAGE 2

                                          STATION:  SYRACUSE NY
                                          MONTH:    JUNE
                                          YEAR:     2012
                                          LATITUDE:   43  7 N
                                          LONGITUDE:  76  7 W

[TEMPERATURE DATA]      [PRECIPITATION DATA]       SYMBOLS USED IN COLUMN 16

AVERAGE MONTHLY: 68.8   TOTAL FOR MONTH:   2.28    1 = FOG OR MIST
DPTR FM NORMAL:   2.1   DPTR FM NORMAL:   -1.03    2 = FOG REDUCING VISIBILITY
HIGHEST:    95 ON 21,20 GRTST 24HR  0.48 ON 12-12      TO 1/4 MILE OR LESS
LOWEST:     46 ON  5                               3 = THUNDER
                        SNOW, ICE PELLETS, HAIL    4 = ICE PELLETS
                        TOTAL MONTH:   0.0 INCH    5 = HAIL
                        GRTST 24HR     0.0         6 = FREEZING RAIN OR DRIZZLE
                        GRTST DEPTH:   0           7 = DUSTSTORM OR SANDSTORM:
                                                       VSBY 1/2 MILE OR LESS
                                                   8 = SMOKE OR HAZE
[NO. OF DAYS WITH]      [WEATHER - DAYS WITH]      9 = BLOWING SNOW
                                                   X = TORNADO
MAX 32 OR BELOW:   0    0.01 INCH OR MORE:  12
MAX 90 OR ABOVE:   5    0.10 INCH OR MORE:   8
MIN 32 OR BELOW:   0    0.50 INCH OR MORE:   0
MIN  0 OR BELOW:   0    1.00 INCH OR MORE:   0

[HDD (BASE 65) ]
TOTAL THIS MO.    43    CLEAR  (SCALE 0-3)   1
DPTR FM NORMAL   -18    PTCLDY (SCALE 4-7)  22
TOTAL FM JUL 1  5156    CLOUDY (SCALE 8-10)  7
DPTR FM NORMAL -1495

[CDD (BASE 65) ]
TOTAL THIS MO.   164
DPTR FM NORMAL    51    [PRESSURE DATA]
TOTAL FM JAN 1   259    HIGHEST SLP M ON M
DPTR FM NORMAL   116    LOWEST  SLP 29.59 ON  4

[REMARKS]
#FINAL-06-12#
