000
CXUS51 KBGM 020241 CCA
CF6SYR

PRELIMINARY LOCAL CLIMATOLOGICAL DATA (WS FORM: F-6)

                                          STATION:   SYRACUSE NY
                                          MONTH:     JANUARY
                                          YEAR:      2012
                                          LATITUDE:   43  7 N
                                          LONGITUDE:  76  7 W

  TEMPERATURE IN F:       :PCPN:    SNOW:  WIND      :SUNSHINE: SKY     :PK WND
================================================================================
1   2   3   4   5  6A  6B    7    8   9   10  11  12  13   14  15   16   17  18
                                     12Z  AVG MX 2MIN
DY MAX MIN AVG DEP HDD CDD  WTR  SNW DPTH SPD SPD DIR MIN PSBL S-S WX    SPD DR
================================================================================

 1  52  38  45  20  20   0 0.08  0.0    0 12.1 38 280   M    M   9 1      49 280
 2  41  23  32   7  33   0 0.06  2.0    0 18.0 33 270   M    M   8 18     38 260
 3  23  10  17  -7  48   0 0.08  3.1    4  9.3 18 320   M    M  10 9      31 150
 4  30   8  19  -5  46   0 0.01  0.2    4  7.3 15 240   M    M  10        21 240
 5  34  28  31   7  34   0 0.01  0.4    3 10.7 25 340   M    M  10 9      32 330
 6  51  29  40  16  25   0 0.00  0.0    2  4.3 14 220   M    M   9        17 220
 7  53  35  44  20  21   0    T    T    T  9.3 25 310   M    M   8        32 290
 8  39  23  31   7  34   0    T    T    T  8.3 23 300   M    M   8 1      29 300
 9  45  24  35  11  30   0 0.00  0.0    0  8.0 20 210   M    M   8        25 220
10  43  36  40  16  25   0    T  0.0    0 10.3 23 310   M    M  10        29 300
11  49  25  37  13  28   0 0.05  0.0    0  7.2 17 230   M    M   7        22 230
12  43  36  40  17  25   0 0.67  0.0    0 10.6 21 110   M    M  10 1      29 110
13  44  23  34  11  31   0 0.82  8.0    1 18.3 35 280   M    M  10 129    41 280
14  27   3  15  -8  50   0 0.04  4.1    9  9.7 25 280   M    M  10 9      31 300
15  15  -5   5 -18  60   0    T    T    9  1.6 10 360   M    M   2 8      14  10
16  38  -1  19  -4  46   0 0.05  0.2    5  7.9 21 210   M    M   7        28 220
17  50  35  43  20  22   0 0.41  0.2    5 11.5 49 280   M    M   9 1      62 270
18  38  16  27   4  38   0    T  0.3    T 15.4 39 290   M    M   9 9      49 300
19  31  12  22  -1  43   0 0.02  0.4    T 14.4 30 310   M    M   6 1      37 310
20  25  17  21  -2  44   0    T  0.3    1 11.5 25 280   M    M   6        32 270
21  26  11  19  -4  46   0 0.17  1.2    1  5.5 15 120   M    M   6 8      17 110
22  34   5  20  -3  45   0 0.00  0.0    1  7.4 16 160   M    M   5        21 150
23  51  33  42  19  23   0 0.01  0.0    1 10.1 22 180   M    M  10        33 180
24  50  34  42  19  23   0 0.03    T    0 10.3 21 300   M    M  10 18     26 290
25  35  31  33  10  32   0    T  0.1    0  9.7 23 300   M    M  10 1      31 290
26  35  30  33  10  32   0 0.16  0.2    T  7.6 15 120   M    M  10 148    18 130
27  45  35  40  17  25   0 0.96    T    0 12.5 30 290   M    M  10 1      40 280
28  44  32  38  14  27   0 0.01    T    0 14.3 41 270   M    M   8        51 270
29  40  30  35  11  30   0 0.03  0.7    0 10.8 28 280   M    M   7 1      35 280
30  33  25  29   5  36   0 0.21  3.2    3  9.5 24 360   M    M   9 1      30 300
31  56  28  42  18  23   0 0.00  0.0    3  6.6 17 250   M    M   9        21 240
================================================================================
SM 1220  709      1045   0  3.88    24.6 310.0          M      260
================================================================================
AV 39.4 22.9                              10.0 FASTST   M    M   8    MAX(MPH)
                                 MISC ---->  # 49 280               # 62  270
================================================================================
NOTES:
# LAST OF SEVERAL OCCURRENCES

COLUMN 17 PEAK WIND IN M.P.H.

PRELIMINARY LOCAL CLIMATOLOGICAL DATA (WS FORM: F-6) , PAGE 2

                                          STATION:  SYRACUSE NY
                                          MONTH:    JANUARY
                                          YEAR:     2012
                                          LATITUDE:   43  7 N
                                          LONGITUDE:  76  7 W

[TEMPERATURE DATA]      [PRECIPITATION DATA]       SYMBOLS USED IN COLUMN 16

AVERAGE MONTHLY: 31.1   TOTAL FOR MONTH:   3.88    1 = FOG OR MIST
DPTR FM NORMAL:   7.5   DPTR FM NORMAL:    1.38    2 = FOG REDUCING VISIBILITY
HIGHEST:    56 ON 31    GRTST 24HR  1.06 ON 26-27      TO 1/4 MILE OR LESS
LOWEST:     -5 ON 15                               3 = THUNDER
                        SNOW, ICE PELLETS, HAIL    4 = ICE PELLETS
                        TOTAL MONTH:  24.6 INCHES  5 = HAIL
                        GRTST 24HR   8.8 ON 13-14  6 = FREEZING RAIN OR DRIZZLE
                        GRTST DEPTH:   9 ON 15,14  7 = DUSTSTORM OR SANDSTORM:
                                                       VSBY 1/2 MILE OR LESS
                                                   8 = SMOKE OR HAZE
[NO. OF DAYS WITH]      [WEATHER - DAYS WITH]      9 = BLOWING SNOW
                                                   X = TORNADO
MAX 32 OR BELOW:   7    0.01 INCH OR MORE:  20
MAX 90 OR ABOVE:   0    0.10 INCH OR MORE:   7
MIN 32 OR BELOW:  23    0.50 INCH OR MORE:   3
MIN  0 OR BELOW:   2    1.00 INCH OR MORE:   0

[HDD (BASE 65) ]
TOTAL THIS MO.  1045    CLEAR  (SCALE 0-3)   1
DPTR FM NORMAL  -238    PTCLDY (SCALE 4-7)   9
TOTAL FM JUL 1  2925    CLOUDY (SCALE 8-10) 21
DPTR FM NORMAL  -811

[CDD (BASE 65) ]
TOTAL THIS MO.     0
DPTR FM NORMAL     0    [PRESSURE DATA]
TOTAL FM JAN 1     0    HIGHEST SLP 30.60 ON 15
DPTR FM NORMAL     0    LOWEST  SLP 29.19 ON 13

[REMARKS]
#FINAL-01-12#
TAC
