000
CXUS51 KBGM 011453
CF6SYR
PRELIMINARY LOCAL CLIMATOLOGICAL DATA (WS FORM: F-6)

                                          STATION:   SYRACUSE NY
                                          MONTH:     OCTOBER
                                          YEAR:      2016
                                          LATITUDE:   43  7 N
                                          LONGITUDE:  76  7 W

  TEMPERATURE IN F:       :PCPN:    SNOW:  WIND      :SUNSHINE: SKY     :PK WND
================================================================================
1   2   3   4   5  6A  6B    7    8   9   10  11  12  13   14  15   16   17  18
                                     12Z  AVG MX 2MIN
DY MAX MIN AVG DEP HDD CDD  WTR  SNW DPTH SPD SPD DIR MIN PSBL S-S WX    SPD DR
================================================================================

 1  63  50  57   1   8   0 0.28  0.0    0 10.2 16  70   M    M  10 13     21  50
 2  72  52  62   6   3   0 0.59  0.0    0  5.6 21 280   M    M   8 13     24 270
 3  70  53  62   7   3   0    T  0.0    0  2.5 12 350   M    M   8 1      15  10
 4  69  50  60   5   5   0 0.00  0.0    0  1.9  8  50   M    M   7 12     12  50
 5  70  47  59   5   6   0 0.00  0.0    0  5.2 12  30   M    M   3 1      15  20
 6  75  46  61   7   4   0 0.00  0.0    0  3.0  9 110   M    M   0        10 110
 7  76  47  62   8   3   0 0.03  0.0    0  7.3 15 190   M    M   2 1      21 230
 8  62  52  57   4   8   0 0.77  0.0    0  6.6 20 300   M    M   9 1      24 270
 9  58  43  51  -2  14   0 0.00  0.0    0  9.0 22 350   M    M   8        27 310
10  53  35  44  -8  21   0 0.00  0.0    0  7.2 18 310   M    M   3        23 300
11  64  34  49  -3  16   0 0.00  0.0    0  4.6 13 150   M    M   4        18 170
12  71  45  58   6   7   0 0.00  0.0    0  8.3 17 180   M    M   5        23 180
13  58  41  50  -1  15   0 0.13  0.0    0 11.2 24 300   M    M   7 1      31 300
14  56  34  45  -6  20   0 0.00  0.0    0  2.4  9 360   M    M   3 1      11  50
15  67  34  51   0  14   0 0.00  0.0    0  7.7 16 190   M    M   5        20 180
16  76  54  65  15   0   0 0.18  0.0    0  9.2 31 330   M    M   9 13     36 330
17  70  60  65  15   0   0 0.03  0.0    0  2.4 25 350   M    M  10 13     33 340
18  82  61  72  22   0   7 0.28  0.0    0 12.6 29 200   M    M   7 1      37 210
19  66  49  58   8   7   0    T  0.0    0  6.3 14 260   M    M   6 1      17 260
20  54  48  51   2  14   0 1.87  0.0    0  6.3 20 100   M    M  10 13     23 100
21  54  44  49   0  16   0 2.18  0.0    0 11.1 23 330   M    M  10 1      28 330
22  45  42  44  -4  21   0 0.57  0.0    0 15.3 29 290   M    M   9 1      39 290
23  54  40  47  -1  18   0    T  0.0    0 13.9 30 280   M    M   6        42 290
24  48  38  43  -5  22   0    T  0.0    0 13.2 29 290   M    M   9        39 280
25  45  38  42  -6  23   0    T    T    0 10.0 16 290   M    M   9 4      22 300
26  41  32  37 -10  28   0 0.01    T    0  6.4 15 360   M    M   9 1      19 350
27  44  31  38  -9  27   0 0.50  0.2    T 12.0 24 260   M    M  10 14     30 260
28  42  31  37 -10  28   0 0.05  0.0    0  9.5 23 260   M    M   9 1      27 250
29  64  32  48   2  17   0 0.11  0.0    0  8.4 20 300   M    M   9 1      26 310
30  54  37  46   0  19   0 0.11  0.0    0  6.9 15 320   M    M  10 1      19 320
31  44  30  37  -9  28   0    T  0.0    0  3.7  8 360   M    M   8        11 130
================================================================================
SM 1867 1330       415   7  7.69     0.2 239.9          M      222
================================================================================
AV 60.2 42.9                               7.7 FASTST   M    M   7    MAX(MPH)
                                 MISC ---->  # 31 330               # 42  290
================================================================================
NOTES:
# LAST OF SEVERAL OCCURRENCES

COLUMN 17 PEAK WIND IN M.P.H.

PRELIMINARY LOCAL CLIMATOLOGICAL DATA (WS FORM: F-6) , PAGE 2

                                          STATION:  SYRACUSE NY
                                          MONTH:    OCTOBER
                                          YEAR:     2016
                                          LATITUDE:   43  7 N
                                          LONGITUDE:  76  7 W

[TEMPERATURE DATA]      [PRECIPITATION DATA]       SYMBOLS USED IN COLUMN 16

AVERAGE MONTHLY: 51.6   TOTAL FOR MONTH:   7.69    1 = FOG OR MIST
DPTR FM NORMAL:   1.0   DPTR FM NORMAL:    4.25    2 = FOG REDUCING VISIBILITY
HIGHEST:    82 ON 18    GRTST 24HR  3.52 ON 20-21      TO 1/4 MILE OR LESS
LOWEST:     30 ON 31                               3 = THUNDER
                        SNOW, ICE PELLETS, HAIL    4 = ICE PELLETS
                        TOTAL MONTH:   0.2 INCH    5 = HAIL
                        GRTST 24HR   0.2 ON   M    6 = FREEZING RAIN OR DRIZZLE
                        GRTST DEPTH:   T           7 = DUSTSTORM OR SANDSTORM:
                                                       VSBY 1/2 MILE OR LESS
                                                   8 = SMOKE OR HAZE
[NO. OF DAYS WITH]      [WEATHER - DAYS WITH]      9 = BLOWING SNOW
                                                   X = TORNADO
MAX 32 OR BELOW:   0    0.01 INCH OR MORE:  16
MAX 90 OR ABOVE:   0    0.10 INCH OR MORE:  12
MIN 32 OR BELOW:   5    0.50 INCH OR MORE:   6
MIN  0 OR BELOW:   0    1.00 INCH OR MORE:   2

[HDD (BASE 65) ]
TOTAL THIS MO.   415    CLEAR  (SCALE 0-3)   5
DPTR FM NORMAL   -35    PTCLDY (SCALE 4-7)  10
TOTAL FM JUL 1   504    CLOUDY (SCALE 8-10) 16
DPTR FM NORMAL  -113

[CDD (BASE 65) ]
TOTAL THIS MO.     7
DPTR FM NORMAL     3    [PRESSURE DATA]
TOTAL FM JAN 1   809    HIGHEST SLP 30.49 ON 26
DPTR FM NORMAL   240    LOWEST  SLP 29.77 ON 29

[REMARKS]
#FINAL-10-16#
