601
CXUS51 KBGM 030108 CCA
CF6SYR

PRELIMINARY LOCAL CLIMATOLOGICAL DATA (WS FORM: F-6)

                                          STATION:   SYRACUSE NY
                                          MONTH:     MARCH
                                          YEAR:      2016
                                          LATITUDE:   43  7 N
                                          LONGITUDE:  76  7 W

  TEMPERATURE IN F:       :PCPN:    SNOW:  WIND      :SUNSHINE: SKY     :PK WND
================================================================================
1   2   3   4   5  6A  6B    7    8   9   10  11  12  13   14  15   16   17  18
                                     12Z  AVG MX 2MIN
DY MAX MIN AVG DEP HDD CDD  WTR  SNW DPTH SPD SPD DIR MIN PSBL S-S WX    SPD DR
================================================================================

 1  37  17  27  -2  38   0    T    T    0  9.4 26 310   M    M   7        35 310
 2  51  20  36   7  29   0 0.14  4.8    T 18.7 39 250   M    M  10 19     49 280
 3  24   8  16 -14  49   0    T  0.6    4  5.5 21 280   M    M   8 19     27 280
 4  32  18  25  -5  40   0    T    T    2  5.3 14 320   M    M   8        16 320
 5  30  14  22  -8  43   0    T    T    1  1.6  8  60   M    M   6        12  60
 6  40  17  29  -1  36   0 0.00  0.0    1  2.6  9 280   M    M   4        13 280
 7  54  27  41  10  24   0    T  0.0    T  6.3 21 240   M    M   9        27 220
 8  61  31  46  15  19   0 0.00  0.0    0  3.2 12 100   M    M   8        13 100
 9  78  40  59  28   6   0    T  0.0    0 10.6 23 220   M    M   8        27 220
10  61  45  53  21  12   0 0.78  0.0    0  7.4 18 300   M    M  10 1      22 300
11  45  28  37   5  28   0 0.01  0.0    0  8.1 20 280   M    M   8 1      23 300
12  61  24  43  11  22   0 0.00  0.0    0  5.4 17 250   M    M   6 1      21 250
13  53  35  44  11  21   0    T  0.0    0  6.4 12  90   M    M   8        15  30
14  48  39  44  11  21   0 0.39  0.0    0 11.3 20 130   M    M  10 1      26 140
15  51  39  45  11  20   0 0.02  0.0    0  6.0 17  80   M    M  10 1      21  90
16  63  42  53  19  12   0 0.36  0.0    0  5.7 18 290   M    M   9 123    25 120
17  60  37  49  15  16   0 0.06  0.0    0 12.2 33 260   M    M   8 1      47 270
18  41  26  34  -1  31   0 0.11    T    0 11.6 23 310   M    M   9 14     30 310
19  35  20  28  -7  37   0 0.00  0.0    0  6.7 15 330   M    M   2        21 330
20  41  17  29  -7  36   0 0.00  0.0    0  2.9 10  10   M    M   4        14  20
21  40  24  32  -4  33   0    T    T    0 13.8 26 280   M    M   8        36 270
22  53  26  40   4  25   0 0.01  0.0    0  8.8 28 250   M    M   8        34 240
23  49  34  42   5  23   0 0.09  0.0    0  6.5 13 310   M    M  10        15 320
24  65  34  50  13  15   0 0.02  0.0    0 12.7 29 150   M    M   9        39 140
25  59  31  45   7  20   0 0.10  0.0    0 11.8 26 270   M    M  10 1      34 260
26  49  27  38   0  27   0 0.00  0.0    0  3.8 10  60   M    M   5        14  50
27  64  29  47   9  18   0 0.00  0.0    0  8.6 18 160   M    M   4        27 160
28  55  36  46   7  19   0 0.27  0.0    0 15.9 33 250   M    M  10 1      44 260
29  41  29  35  -4  30   0    T    T    0 14.9 25 290   M    M   5        34 270
30  63  27  45   5  20   0 0.00  0.0    0 10.1 23 180   M    M   5        33 190
31  69  50  60  20   5   0 0.09  0.0    0 14.3 29 170   M    M  10 3      37 170
================================================================================
SM 1573  891       775   0  2.45     5.4 268.1          M      236
================================================================================
AV 50.7 28.7                               8.6 FASTST   M    M   8    MAX(MPH)
                                 MISC ---->  # 39 250               # 49  280
================================================================================
NOTES:
# LAST OF SEVERAL OCCURRENCES

COLUMN 17 PEAK WIND IN M.P.H.

PRELIMINARY LOCAL CLIMATOLOGICAL DATA (WS FORM: F-6) , PAGE 2

                                          STATION:  SYRACUSE NY
                                          MONTH:    MARCH
                                          YEAR:     2016
                                          LATITUDE:   43  7 N
                                          LONGITUDE:  76  7 W

[TEMPERATURE DATA]      [PRECIPITATION DATA]       SYMBOLS USED IN COLUMN 16

AVERAGE MONTHLY: 39.7   TOTAL FOR MONTH:   2.45    1 = FOG OR MIST
DPTR FM NORMAL:   5.5   DPTR FM NORMAL:   -0.50    2 = FOG REDUCING VISIBILITY
HIGHEST:    78 ON  9    GRTST 24HR  0.79 ON 10-11      TO 1/4 MILE OR LESS
LOWEST:      8 ON  3                               3 = THUNDER
                        SNOW, ICE PELLETS, HAIL    4 = ICE PELLETS
                        TOTAL MONTH:   5.4 INCHES  5 = HAIL
                        GRTST 24HR   5.1 ON 2-3    6 = FREEZING RAIN OR DRIZZLE
                        GRTST DEPTH:   4 ON  3     7 = DUSTSTORM OR SANDSTORM:
                                                       VSBY 1/2 MILE OR LESS
                                                   8 = SMOKE OR HAZE
[NO. OF DAYS WITH]      [WEATHER - DAYS WITH]      9 = BLOWING SNOW
                                                   X = TORNADO
MAX 32 OR BELOW:   3    0.01 INCH OR MORE:  14
MAX 90 OR ABOVE:   0    0.10 INCH OR MORE:   7
MIN 32 OR BELOW:  20    0.50 INCH OR MORE:   1
MIN  0 OR BELOW:   0    1.00 INCH OR MORE:   0

[HDD (BASE 65) ]
TOTAL THIS MO.   775    CLEAR  (SCALE 0-3)   1
DPTR FM NORMAL  -182    PTCLDY (SCALE 4-7)  17
TOTAL FM JUL 1  4874    CLOUDY (SCALE 8-10) 13
DPTR FM NORMAL  -914

[CDD (BASE 65) ]
TOTAL THIS MO.     0
DPTR FM NORMAL     0    [PRESSURE DATA]
TOTAL FM JAN 1     0    HIGHEST SLP 30.42 ON 11
DPTR FM NORMAL     0    LOWEST  SLP 29.27 ON  2

[REMARKS]
#FINAL-03-16#
CORRECTED GREATEST 24 HOUR SNOWFALL
