000
CXUS51 KBGM 072050
CF6SYR
PRELIMINARY LOCAL CLIMATOLOGICAL DATA (WS FORM: F-6)

                                          STATION:   SYRACUSE NY
                                          MONTH:     MAY
                                          YEAR:      2015
                                          LATITUDE:   43  7 N
                                          LONGITUDE:  76  7 W

  TEMPERATURE IN F:       :PCPN:    SNOW:  WIND      :SUNSHINE: SKY     :PK WND
================================================================================
1   2   3   4   5  6A  6B    7    8   9   10  11  12  13   14  15   16   17  18
                                     12Z  AVG MX 2MIN
DY MAX MIN AVG DEP HDD CDD  WTR  SNW DPTH SPD SPD DIR MIN PSBL S-S WX    SPD DR
================================================================================

 1  69  45  57   4   8   0 0.00  0.0    0  4.1 16 340   M    M   7        19 340
 2  73  42  58   5   7   0 0.00  0.0    0  5.7 18 310   M    M   4        24 290
 3  78  44  61   7   4   0 0.00  0.0    0  4.5 16 270   M    M   3        20 280
 4  84  52  68  14   0   3    T  0.0    0  8.4 28 220   M    M   8        33 240
 5  71  54  63   9   2   0 0.00  0.0    0  4.0 12 300   M    M   9 18     14 310
 6  78  45  62   8   3   0 0.00  0.0    0  3.9 16 330   M    M   5 8      18 330
 7  82  49  66  11   0   1 0.00  0.0    0  3.6 15 340   M    M   4        19 270
 8  90  51  71  16   0   6 0.00  0.0    0  3.2 10 270   M    M   5 8      12  10
 9  89  67  78  22   0  13 0.00  0.0    0  9.9 17 180   M    M   7        23 160
10  86  65  76  20   0  11 0.37  0.0    0  6.5 16 200   M    M   9 13     21 200
11  87  64  76  20   0  11 0.42  0.0    0  7.2 28 200   M    M   8 13     36 290
12  75  53  64   8   1   0 0.21  0.0    0 14.5 31 260   M    M   8 13     38 260
13  58  40  49  -8  16   0 0.01  0.0    0 11.4 24 290   M    M   7 1      31 300
14  66  36  51  -6  14   0 0.00  0.0    0  4.9 14 290   M    M   2        19 300
15  74  41  58   1   7   0 0.23  0.0    0  6.7 16 230   M    M   9 1      21 230
16  78  54  66   8   0   1 0.05  0.0    0  5.3 16 270   M    M   7 1      19 260
17  79  57  68  10   0   3 0.00  0.0    0  4.1 14 250   M    M   5 1      18 270
18  86  58  72  14   0   7 0.62  0.0    0  6.4 25 190   M    M   7 13     30 200
19  76  50  63   5   2   0 0.01  0.0    0 12.2 29 290   M    M   6 1      36 280
20  56  41  49 -10  16   0 0.00  0.0    0 14.0 25 280   M    M   7        31 300
21  66  42  54  -5  11   0 0.00  0.0    0  6.4 17 250   M    M   8        22 250
22  62  42  52  -7  13   0 0.00  0.0    0 13.9 25 320   M    M   6        37 290
23  64  34  49 -11  16   0 0.00  0.0    0  7.5 16 250   M    M   1        22 320
24  80  47  64   4   1   0 0.00  0.0    0  6.9 17 220   M    M   6        23 240
25  87  59  73  13   0   8    T  0.0    0  7.9 26 230   M    M   9        35 220
26  84  71  78  17   0  13 0.00  0.0    0 10.2 20 210   M    M   9        26 210
27  85  71  78  17   0  13    T  0.0    0 12.2 23 230   M    M   8        30 230
28  74  58  66   5   0   1    T  0.0    0  8.6 24 270   M    M   6        29 270
29  83  51  67   5   0   2 0.00  0.0    0  5.4 13 180   M    M   5        19 190
30  87  67  77  15   0  12 1.48  0.0    0 11.3 26 260   M    M   8 13     35 280
31  69  50  60  -2   5   0 0.53  0.0    0  8.3 21  60   M    M  10 13     28  50
================================================================================
SM 2376 1600       126 105  3.93     0.0 239.1          M      203
================================================================================
AV 76.6 51.6                               7.7 FASTST   M    M   7    MAX(MPH)
                                 MISC ---->  # 31 260               # 38  260
================================================================================
NOTES:
# LAST OF SEVERAL OCCURRENCES

COLUMN 17 PEAK WIND IN M.P.H.

PRELIMINARY LOCAL CLIMATOLOGICAL DATA (WS FORM: F-6) , PAGE 2

                                          STATION:  SYRACUSE NY
                                          MONTH:    MAY
                                          YEAR:     2015
                                          LATITUDE:   43  7 N
                                          LONGITUDE:  76  7 W

[TEMPERATURE DATA]      [PRECIPITATION DATA]       SYMBOLS USED IN COLUMN 16

AVERAGE MONTHLY: 64.1   TOTAL FOR MONTH:   3.93    1 = FOG OR MIST
DPTR FM NORMAL:   6.5   DPTR FM NORMAL:    0.71    2 = FOG REDUCING VISIBILITY
HIGHEST:    90 ON  8    GRTST 24HR  1.69 ON 30-31      TO 1/4 MILE OR LESS
LOWEST:     34 ON 23                               3 = THUNDER
                        SNOW, ICE PELLETS, HAIL    4 = ICE PELLETS
                        TOTAL MONTH:   0.0 INCH    5 = HAIL
                        GRTST 24HR     0.0         6 = FREEZING RAIN OR DRIZZLE
                        GRTST DEPTH:   0           7 = DUSTSTORM OR SANDSTORM:
                                                       VSBY 1/2 MILE OR LESS
                                                   8 = SMOKE OR HAZE
[NO. OF DAYS WITH]      [WEATHER - DAYS WITH]      9 = BLOWING SNOW
                                                   X = TORNADO
MAX 32 OR BELOW:   0    0.01 INCH OR MORE:  10
MAX 90 OR ABOVE:   1    0.10 INCH OR MORE:   7
MIN 32 OR BELOW:   0    0.50 INCH OR MORE:   3
MIN  0 OR BELOW:   0    1.00 INCH OR MORE:   1

[HDD (BASE 65) ]
TOTAL THIS MO.   126    CLEAR  (SCALE 0-3)   2
DPTR FM NORMAL  -129    PTCLDY (SCALE 4-7)  22
TOTAL FM JUL 1  7068    CLOUDY (SCALE 8-10)  7
DPTR FM NORMAL   478

[CDD (BASE 65) ]
TOTAL THIS MO.   105
DPTR FM NORMAL    79    [PRESSURE DATA]
TOTAL FM JAN 1   105    HIGHEST SLP 30.46 ON 14
DPTR FM NORMAL    75    LOWEST  SLP 29.76 ON 12

[REMARKS]
#FINAL-05-15#
