000
CXUS51 KBGM 032105 CCA
CF6SYR

PRELIMINARY LOCAL CLIMATOLOGICAL DATA (WS FORM: F-6)

                                          STATION:   SYRACUSE NY
                                          MONTH:     DECEMBER
                                          YEAR:      2017
                                          LATITUDE:   43  7 N
                                          LONGITUDE:  76  7 W

  TEMPERATURE IN F:       :PCPN:    SNOW:  WIND      :SUNSHINE: SKY     :PK WND
================================================================================
1   2   3   4   5  6A  6B    7    8   9   10  11  12  13   14  15   16   17  18
                                     12Z  AVG MX 2MIN
DY MAX MIN AVG DEP HDD CDD  WTR  SNW DPTH SPD SPD DIR MIN PSBL S-S WX    SPD DR
================================================================================

 1  42  28  35   0  30   0 0.01  0.0    0  6.5 20 320   M    M   9 1      24 310
 2  41  27  34   0  31   0 0.00  0.0    0  3.3  8 100   M    M   8 1      10 110
 3  48  28  38   4  27   0 0.00  0.0    0  2.6  7  20   M    M   6         8 300
 4  52  29  41   7  24   0 0.00  0.0    0  7.4 22 160   M    M   7 18     29 130
 5  54  39  47  14  18   0 0.23  0.0    0 15.7 32 290   M    M  10 1      42 170
 6  39  33  36   3  29   0    T    T    0 15.0 26 270   M    M   8        36 260
 7  36  28  32   0  33   0    T    T    0 13.0 22 250   M    M   9 1      28 260
 8  34  26  30  -2  35   0    T    T    0  9.4 20 240   M    M   7        23 220
 9  33  22  28  -4  37   0 0.00  0.0    0  3.9 10 220   M    M   7        12 210
10  34  23  29  -2  36   0    T  1.0    T 12.3 26 250   M    M  10 1      33 240
11  30  23  27  -4  38   0 0.05  1.1    2  7.9 17 240   M    M  10 1      22 250
12  33  14  24  -6  41   0 0.35  5.1    5 13.2 31 270   M    M   8 19     37 260
13  18  13  16 -14  49   0 0.19  8.9    8 16.0 28 260   M    M   9 9      37 260
14  20   8  14 -16  51   0 0.03  0.8   12 11.5 23 250   M    M   9 189    28 250
15  25   6  16 -14  49   0    T    T    8  7.6 28 240   M    M   8        35 240
16  26   8  17 -12  48   0 0.05  1.6    7 11.5 24 250   M    M   7 1      30 240
17  23   3  13 -16  52   0    T    T    7  2.3  9  90   M    M   8 1      12  90
18  40  21  31   3  34   0 0.04    T    7  6.5 14 230   M    M  10 16     18 230
19  49  37  43  15  22   0 0.02  0.0    4 14.7 31 260   M    M   9        39 270
20  39  27  33   5  32   0 0.06  1.0    0 13.2 26 280   M    M   9 1      34 280
21  28  16  22  -6  43   0    T    T    1  3.8 15 310   M    M   8        19 310
22  27  21  24  -3  41   0 0.40  4.4    4  9.2 17  80   M    M  10 16     25  60
23  33  27  30   3  35   0 0.59  1.4    4  7.3 20 290   M    M  10 16     25 300
24  32  26  29   2  36   0 0.05  0.8    4  8.1 17  80   M    M  10 1      21  90
25  35  19  27   1  38   0 0.02  2.1    6 20.2 38 260   M    M   8 189    48 250
26  19   7  13 -13  52   0 0.00  0.0    5 22.0 32 250   M    M   4 9      42 270
27  14   2   8 -18  57   0 0.12  2.4    5 10.4 22 260   M    M   8 1      26 260
28   9  -8   1 -25  64   0 0.02  1.2    7  4.7 16 310   M    M   9 1      21 310
29  12   0   6 -19  59   0 0.01  0.6    7  2.1  9 260   M    M   7 1      11 260
30  19   0  10 -15  55   0 0.08  1.3    7  9.4 21 250   M    M   9 1      24 250
31   6  -6   0 -25  65   0 0.02  0.5    7  3.4 15 330   M    M   7 1      20 320
================================================================================
SM  950  547      1261   0  2.34    34.2 294.1          M      258
================================================================================
AV 30.6 17.6                               9.5 FASTST   M    M   8    MAX(MPH)
                                 MISC ---->  # 38 260               # 48  250
================================================================================
NOTES:
# LAST OF SEVERAL OCCURRENCES

COLUMN 17 PEAK WIND IN M.P.H.

PRELIMINARY LOCAL CLIMATOLOGICAL DATA (WS FORM: F-6) , PAGE 2

                                          STATION:  SYRACUSE NY
                                          MONTH:    DECEMBER
                                          YEAR:     2017
                                          LATITUDE:   43  7 N
                                          LONGITUDE:  76  7 W

[TEMPERATURE DATA]      [PRECIPITATION DATA]       SYMBOLS USED IN COLUMN 16

AVERAGE MONTHLY: 24.1   TOTAL FOR MONTH:   2.34    1 = FOG OR MIST
DPTR FM NORMAL:  -5.3   DPTR FM NORMAL:   -0.88    2 = FOG REDUCING VISIBILITY
HIGHEST:    54 ON  5    GRTST 24HR  0.62 ON 22-23      TO 1/4 MILE OR LESS
LOWEST:     -8 ON 28                               3 = THUNDER
                        SNOW, ICE PELLETS, HAIL    4 = ICE PELLETS
                        TOTAL MONTH:  34.2 INCHES  5 = HAIL
                        GRTST 24HR   9.1 ON 13-14  6 = FREEZING RAIN OR DRIZZLE
                        GRTST DEPTH:  15 ON 13     7 = DUSTSTORM OR SANDSTORM:
                                                       VSBY 1/2 MILE OR LESS
                                                   8 = SMOKE OR HAZE
[NO. OF DAYS WITH]      [WEATHER - DAYS WITH]      9 = BLOWING SNOW
                                                   X = TORNADO
MAX 32 OR BELOW:  15    0.01 INCH OR MORE:  19
MAX 90 OR ABOVE:   0    0.10 INCH OR MORE:   6
MIN 32 OR BELOW:  28    0.50 INCH OR MORE:   1
MIN  0 OR BELOW:   4    1.00 INCH OR MORE:   0

[HDD (BASE 65) ]
TOTAL THIS MO.  1261    CLEAR  (SCALE 0-3)   0
DPTR FM NORMAL   157    PTCLDY (SCALE 4-7)  13
TOTAL FM JUL 1  2458    CLOUDY (SCALE 8-10) 18
DPTR FM NORMAL     5

[CDD (BASE 65) ]
TOTAL THIS MO.     0
DPTR FM NORMAL     0    [PRESSURE DATA]
TOTAL FM JAN 1   562    HIGHEST SLP 30.64 ON 28
DPTR FM NORMAL    -7    LOWEST  SLP 29.45 ON 12

[REMARKS]
CORRECTED GREATEST 24 HOUR PRECIPITATION,
GREATEST 24 HOUR SNOWFALL AND GREATEST SNOWFALL
CORRECTED AVERAGE TEMPERATURE, AVERAGE HIGH TEMPERATURE
AND AVERAGE LOW TEMPERATURE DUE TO ROUNDING ERRORS

#FINAL-12-17#
