000
CXUS51 KBGM 011619 CCA
CF6SYR

PRELIMINARY LOCAL CLIMATOLOGICAL DATA (WS FORM: F-6)

                                          STATION:   SYRACUSE NY
                                          MONTH:     OCTOBER
                                          YEAR:      2017
                                          LATITUDE:   43  7 N
                                          LONGITUDE:  76  7 W

  TEMPERATURE IN F:       :PCPN:    SNOW:  WIND      :SUNSHINE: SKY     :PK WND
================================================================================
1   2   3   4   5  6A  6B    7    8   9   10  11  12  13   14  15   16   17  18
                                     12Z  AVG MX 2MIN
DY MAX MIN AVG DEP HDD CDD  WTR  SNW DPTH SPD SPD DIR MIN PSBL S-S WX    SPD DR
================================================================================

 1  64  37  51  -5  14   0 0.00  0.0    0  3.8 10 290   M    M   3        14 320
 2  69  37  53  -3  12   0 0.00  0.0    0  3.2  9  90   M    M   3 1      11  20
 3  76  41  59   4   6   0 0.00  0.0    0  8.5 16 170   M    M   4        21 180
 4  84  51  68  13   0   3 0.22  0.0    0  9.5 24 300   M    M   6 1      30 310
 5  72  53  63   9   2   0 0.00  0.0    0  6.3 18 260   M    M   5 1      24 270
 6  67  54  61   7   4   0 0.06  0.0    0  3.6  8 240   M    M  10        10 240
 7  81  60  71  17   0   6 0.05  0.0    0  7.8 21 180   M    M   8 1      28 190
 8  78  59  69  16   0   4 0.14  0.0    0 11.9 30 240   M    M   8 1      39 240
 9  76  59  68  15   0   3 0.80  0.0    0  8.8 25 170   M    M  10 1      35 180
10  74  56  65  13   0   0 0.00  0.0    0  4.3 14 260   M    M   7 1      17 270
11  61  48  55   3  10   0 0.40  0.0    0  5.6 18  80   M    M  10 1      24  80
12  62  47  55   3  10   0 0.04  0.0    0  8.9 15 100   M    M   7 1      20  80
13  63  47  55   4  10   0 0.00  0.0    0  9.7 22 180   M    M   7        28 190
14  70  56  63  12   2   0 0.00  0.0    0  4.6 12 180   M    M   8        17 190
15  80  51  66  15   0   1 0.11  0.0    0 15.8 45 270   M    M   8 18     54 280
16  51  38  45  -5  20   0 0.06  0.0    0  9.3 25 290   M    M   8 1      33 280
17  61  32  47  -3  18   0 0.00  0.0    0  6.5 17 200   M    M   2        22 200
18  71  48  60  10   5   0 0.00  0.0    0  6.8 13 260   M    M   2        17 280
19  72  46  59   9   6   0 0.00  0.0    0 10.2 26 270   M    M   4        33 260
20  67  45  56   7   9   0 0.00  0.0    0  7.0 16 270   M    M   2        20 280
21  74  39  57   8   8   0 0.00  0.0    0  2.2  7  70   M    M   5         9  10
22  77  42  60  12   5   0 0.00  0.0    0  5.3 14 160   M    M   6        18 170
23  73  57  65  17   0   0 0.00  0.0    0 12.5 24 170   M    M   8        34 180
24  71  54  63  15   2   0 0.58  0.0    0 10.0 31 270   M    M   9 1      37 270
25  59  43  51   3  14   0    T  0.0    0  6.2 14 240   M    M   7        16 280
26  53  44  49   2  16   0 0.02  0.0    0  9.9 21 320   M    M   9        28 310
27  63  38  51   4  14   0    T  0.0    0  7.2 16 250   M    M   7        20 250
28  71  47  59  12   6   0 0.10  0.0    0 10.5 25 200   M    M   8        35 200
29  47  42  45  -1  20   0 1.90  0.0    0  7.8 18 300   M    M  10 1      25 300
30  52  42  47   1  18   0 1.50  0.0    0 19.7 36 260   M    M  10 1      45 210
31  44  37  41  -5  24   0 0.11    T    0 12.8 22 260   M    M   9 14     28 240
================================================================================
SM 2083 1450       255  17  6.09    T    256.2          M      210
================================================================================
AV 67.2 46.8                               8.3 FASTST   M    M   7    MAX(MPH)
                                 MISC ---->  # 45 270               # 54  280
================================================================================
NOTES:
# LAST OF SEVERAL OCCURRENCES

COLUMN 17 PEAK WIND IN M.P.H.

PRELIMINARY LOCAL CLIMATOLOGICAL DATA (WS FORM: F-6) , PAGE 2

                                          STATION:  SYRACUSE NY
                                          MONTH:    OCTOBER
                                          YEAR:     2017
                                          LATITUDE:   43  7 N
                                          LONGITUDE:  76  7 W

[TEMPERATURE DATA]      [PRECIPITATION DATA]       SYMBOLS USED IN COLUMN 16

AVERAGE MONTHLY: 57.0   TOTAL FOR MONTH:   6.09    1 = FOG OR MIST
DPTR FM NORMAL:   6.4   DPTR FM NORMAL:    2.65    2 = FOG REDUCING VISIBILITY
HIGHEST:    84 ON  4    GRTST 24HR  3.09 ON 29-30      TO 1/4 MILE OR LESS
LOWEST:     32 ON 17                               3 = THUNDER
                        SNOW, ICE PELLETS, HAIL    4 = ICE PELLETS
                        TOTAL MONTH:    T          5 = HAIL
                        GRTST 24HR    T  ON 31-31  6 = FREEZING RAIN OR DRIZZLE
                        GRTST DEPTH:   T  ON 31    7 = DUSTSTORM OR SANDSTORM:
                                                       VSBY 1/2 MILE OR LESS
                                                   8 = SMOKE OR HAZE
[NO. OF DAYS WITH]      [WEATHER - DAYS WITH]      9 = BLOWING SNOW
                                                   X = TORNADO
MAX 32 OR BELOW:   0    0.01 INCH OR MORE:  15
MAX 90 OR ABOVE:   0    0.10 INCH OR MORE:  10
MIN 32 OR BELOW:   1    0.50 INCH OR MORE:   4
MIN  0 OR BELOW:   0    1.00 INCH OR MORE:   2

[HDD (BASE 65) ]
TOTAL THIS MO.   255    CLEAR  (SCALE 0-3)   4
DPTR FM NORMAL  -195    PTCLDY (SCALE 4-7)  16
TOTAL FM JUL 1   394    CLOUDY (SCALE 8-10) 11
DPTR FM NORMAL  -223

[CDD (BASE 65) ]
TOTAL THIS MO.    17
DPTR FM NORMAL    13    [PRESSURE DATA]
TOTAL FM JAN 1   562    HIGHEST SLP 30.54 ON  3
DPTR FM NORMAL    -7    LOWEST  SLP 29.04 ON 30

[REMARKS]
#FINAL-10-17#
CORRECTED GREATEST 24 HOUR PRECIPITATION AND GREATEST SNOW DEPTH
4TH WARMEST OCTOBER
11TH WETTEST OCTOBER
