000
CXUS51 KBGM 010557
CF6SYR
PRELIMINARY LOCAL CLIMATOLOGICAL DATA (WS FORM: F-6)

                                          STATION:   SYRACUSE NY
                                          MONTH:     OCTOBER
                                          YEAR:      2011
                                          LATITUDE:   43  7 N
                                          LONGITUDE:  76  7 W

  TEMPERATURE IN F:       :PCPN:    SNOW:  WIND      :SUNSHINE: SKY     :PK WND
================================================================================
1   2   3   4   5  6A  6B    7    8   9   10  11  12  13   14  15   16   17  18
                                     12Z  AVG MX 2MIN
DY MAX MIN AVG DEP HDD CDD  WTR  SNW DPTH SPD SPD DIR MIN PSBL S-S WX    SPD DR
================================================================================

 1  55  43  49  -7  16   0 0.13  0.0    0  9.1 16  10   M    M  10 1      22  10
 2  63  43  53  -3  12   0 0.44  0.0    0  5.8 14  10   M    M   8 1      18 130
 3  63  50  57   2   8   0 0.01  0.0    0  3.7 12 280   M    M   9 12     14 280
 4  61  54  58   3   7   0    T  0.0    0  5.5 14 340   M    M  10 1      18 350
 5  64  41  53  -1  12   0 0.00  0.0    0  7.1 21 350   M    M   5 1      26 360
 6  63  37  50  -4  15   0 0.00  0.0    0  2.7 12 330   M    M   3        16 330
 7  72  38  55   1  10   0 0.00  0.0    0  2.2  7 300   M    M   2        14 360
 8  81  45  63  10   2   0 0.00  0.0    0  3.2  8 280   M    M   2        10 270
 9  81  48  65  12   0   0 0.00  0.0    0  2.4 10 300   M    M   2 1      14 310
10  80  49  65  13   0   0 0.00  0.0    0  2.7 10 340   M    M   4 1      13 360
11  78  50  64  12   1   0 0.00  0.0    0  2.3  8  30   M    M   9 18     10  30
12  65  53  59   7   6   0 0.11  0.0    0  7.2 15 120   M    M  10        18 120
13  68  52  60   9   5   0 0.20  0.0    0  9.5 16 110   M    M   9 1      20 110
14  75  55  65  14   0   0 0.32  0.0    0 11.5 24 220   M    M   9 1      33 260
15  56  47  52   1  13   0 0.27  0.0    0 16.5 33 280   M    M  10 1      44 280
16  60  48  54   4  11   0 0.20  0.0    0 10.6 31 280   M    M   8 1      38 270
17  58  45  52   2  13   0 0.00  0.0    0 10.3 24 280   M    M   6        30 280
18  65  46  56   6   9   0    T  0.0    0  7.3 18 270   M    M   9        24 280
19  65  49  57   7   8   0 0.07  0.0    0 13.2 25 120   M    M   9 1      33 120
20  63  49  56   7   9   0 0.26  0.0    0 14.5 25 240   M    M   8 1      32 240
21  54  48  51   2  14   0 0.02  0.0    0 12.5 22 270   M    M  10        26 260
22  52  46  49   1  16   0 0.01  0.0    0  5.6 15 290   M    M  10 1      18 290
23  59  41  50   2  15   0 0.00  0.0    0  3.6 12 270   M    M   7        15 270
24  65  40  53   5  12   0 0.25  0.0    0  8.1 30 290   M    M   7 1      35 280
25  56  45  51   3  14   0 0.06  0.0    0 11.2 22 320   M    M   8 1      28 320
26  49  43  46  -1  19   0 0.42  0.0    0  4.8 10 110   M    M  10 1      12  40
27  43  32  38  -9  27   0 0.43    T    0  6.7 16 360   M    M  10 1      20 360
28  49  29  39  -8  26   0 0.00  0.0    0  2.5  9 320   M    M   7 1      14 320
29  41  32  37  -9  28   0 0.00  0.0    0  5.0  9 340   M    M   9        16  30
30  51  28  40  -6  25   0 0.00  0.0    0  5.9 16 320   M    M   5        22  10
31  53  30  42  -4  23   0    T  0.0    0  6.8 18 220   M    M   8        23 230
================================================================================
SM 1908 1356       376   0  3.20    T    220.0          M      233
================================================================================
AV 61.5 43.7                               7.1 FASTST   M    M   8    MAX(MPH)
                                 MISC ---->  # 33 280               # 44  280
================================================================================
NOTES:
# LAST OF SEVERAL OCCURRENCES

COLUMN 17 PEAK WIND IN M.P.H.

PRELIMINARY LOCAL CLIMATOLOGICAL DATA (WS FORM: F-6) , PAGE 2

                                          STATION:  SYRACUSE NY
                                          MONTH:    OCTOBER
                                          YEAR:     2011
                                          LATITUDE:   43  7 N
                                          LONGITUDE:  76  7 W

[TEMPERATURE DATA]      [PRECIPITATION DATA]       SYMBOLS USED IN COLUMN 16

AVERAGE MONTHLY: 52.6   TOTAL FOR MONTH:   3.20    1 = FOG OR MIST
DPTR FM NORMAL:   2.0   DPTR FM NORMAL:   -0.24    2 = FOG REDUCING VISIBILITY
HIGHEST:    81 ON  9, 8 GRTST 24HR  0.64 ON 26-27      TO 1/4 MILE OR LESS
LOWEST:     28 ON 30                               3 = THUNDER
                        SNOW, ICE PELLETS, HAIL    4 = ICE PELLETS
                        TOTAL MONTH:    T          5 = HAIL
                        GRTST 24HR    T  ON 27-27  6 = FREEZING RAIN OR DRIZZLE
                        GRTST DEPTH:   0           7 = DUSTSTORM OR SANDSTORM:
                                                       VSBY 1/2 MILE OR LESS
                                                   8 = SMOKE OR HAZE
[NO. OF DAYS WITH]      [WEATHER - DAYS WITH]      9 = BLOWING SNOW
                                                   X = TORNADO
MAX 32 OR BELOW:   0    0.01 INCH OR MORE:  16
MAX 90 OR ABOVE:   0    0.10 INCH OR MORE:  11
MIN 32 OR BELOW:   5    0.50 INCH OR MORE:   0
MIN  0 OR BELOW:   0    1.00 INCH OR MORE:   0

[HDD (BASE 65) ]
TOTAL THIS MO.   376    CLEAR  (SCALE 0-3)   3
DPTR FM NORMAL   -74    PTCLDY (SCALE 4-7)  12
TOTAL FM JUL 1   446    CLOUDY (SCALE 8-10) 16
DPTR FM NORMAL  -171

[CDD (BASE 65) ]
TOTAL THIS MO.     0
DPTR FM NORMAL    -4    [PRESSURE DATA]
TOTAL FM JAN 1   911    HIGHEST SLP M ON M
DPTR FM NORMAL   342    LOWEST  SLP 29.20 ON 20

[REMARKS]
#FINAL-10-11#
