000
CXUS51 KBGM 011856 CCB
CF6SYR

PRELIMINARY LOCAL CLIMATOLOGICAL DATA (WS FORM: F-6)

                                          STATION:   SYRACUSE NY
                                          MONTH:     FEBRUARY
                                          YEAR:      2012
                                          LATITUDE:   43  7 N
                                          LONGITUDE:  76  7 W

  TEMPERATURE IN F:       :PCPN:    SNOW:  WIND      :SUNSHINE: SKY     :PK WND
================================================================================
1   2   3   4   5  6A  6B    7    8   9   10  11  12  13   14  15   16   17  18
                                     12Z  AVG MX 2MIN
DY MAX MIN AVG DEP HDD CDD  WTR  SNW DPTH SPD SPD DIR MIN PSBL S-S WX    SPD DR
================================================================================

 1  56  39  48  24  17   0 0.17  0.0    0 12.7 28 300   M    M  10 1      36 280
 2  39  24  32   8  33   0 0.00  0.0    0  7.5 14 330   M    M   9 8      17 330
 3  37  22  30   6  35   0    T    T    0  5.5 15 280   M    M   9        17 280
 4  39  21  30   6  35   0 0.01    T    0  5.7 13 350   M    M   5 1      16 360
 5  37  20  29   5  36   0    T    T    0  3.7 10 260   M    M   6        15 270
 6  53  31  42  18  23   0 0.00  0.0    0 11.1 22 290   M    M   2        29 280
 7  41  22  32   8  33   0    T    T    0  7.0 15 360   M    M   8 4      18 350
 8  34  18  26   1  39   0 0.00  0.0    0  4.6 14 280   M    M   7        16 280
 9  44  24  34   9  31   0 0.00  0.0    0  7.5 16 290   M    M   3        20 300
10  38  20  29   4  36   0 0.01  0.5    0  3.7 16 260   M    M   6 1      26 290
11  30  13  22  -3  43   0 0.01  0.7    1  5.8 20 350   M    M   9 18     25 360
12  25  13  19  -6  46   0 0.08  3.3    1  6.7 23 290   M    M   9 189    29 300
13  38  25  32   7  33   0    T    T    3 16.9 26 280   M    M   7        33 280
14  40  29  35   9  30   0    T    T    T  5.4 12 200   M    M  10 1      14 200
15  40  27  34   8  31   0    T    T    0  5.2 17 290   M    M   9 1      21 300
16  42  26  34   8  31   0 0.28    T    0  6.0 13 260   M    M   8 14     16 260
17  45  31  38  12  27   0 0.04  0.4    0 12.1 22 290   M    M   9 1      29 280
18  42  24  33   7  32   0 0.08  0.3    T  7.8 25 330   M    M   7 12     35 320
19  34  26  30   3  35   0 0.02  0.5    T  4.9 13 300   M    M   9 1      16 300
20  36  21  29   2  36   0    T    T    T  5.8 13 350   M    M   3        20 320
21  43  19  31   4  34   0    T    T    0  9.5 28 220   M    M   8        35 230
22  52  37  45  18  20   0 0.06  0.0    0  9.8 26 280   M    M   8 1      35 290
23  46  29  38  10  27   0 0.11  0.1    T  6.9 21 280   M    M   9 1      26 270
24  42  30  36   8  29   0 0.15    T    T 12.1 39 280   M    M  10 14     49 270
25  37  25  31   3  34   0 0.15  4.3    1 22.5 37 290   M    M   9 129    48 290
26  32  16  24  -4  41   0    T    T    4  7.2 17 310   M    M   5        22 320
27  50  23  37   9  28   0    T    T    1 11.0 39 280   M    M   9        49 280
28  37  28  33   4  32   0    T    T    T 10.5 26 310   M    M   8        36 310
29  34  28  31   2  34   0 0.24  1.5    T 12.3 21 110   M    M  10 16     25 120
================================================================================
SM 1163  711       941   0  1.41    11.6 247.4          M      221
================================================================================
AV 40.1 24.5                               8.5 FASTST   M    M   8    MAX(MPH)
                                 MISC ---->  # 39 280               # 49  270
================================================================================
NOTES:
# LAST OF SEVERAL OCCURRENCES

COLUMN 17 PEAK WIND IN M.P.H.

PRELIMINARY LOCAL CLIMATOLOGICAL DATA (WS FORM: F-6) , PAGE 2

                                          STATION:  SYRACUSE NY
                                          MONTH:    FEBRUARY
                                          YEAR:     2012
                                          LATITUDE:   43  7 N
                                          LONGITUDE:  76  7 W

[TEMPERATURE DATA]      [PRECIPITATION DATA]       SYMBOLS USED IN COLUMN 16

AVERAGE MONTHLY: 32.3   TOTAL FOR MONTH:   1.41    1 = FOG OR MIST
DPTR FM NORMAL:   6.4   DPTR FM NORMAL:   -0.66    2 = FOG REDUCING VISIBILITY
HIGHEST:    56 ON  1    GRTST 24HR  0.28 ON 16-16      TO 1/4 MILE OR LESS
LOWEST:     13 ON 12,11                            3 = THUNDER
                        SNOW, ICE PELLETS, HAIL    4 = ICE PELLETS
                        TOTAL MONTH:  11.6 INCHES  5 = HAIL
                        GRTST 24HR   4.3 ON 25     6 = FREEZING RAIN OR DRIZZLE
                        GRTST DEPTH:   4 ON 26 25  7 = DUSTSTORM OR SANDSTORM:
                                                       VSBY 1/2 MILE OR LESS
                                                   8 = SMOKE OR HAZE
[NO. OF DAYS WITH]      [WEATHER - DAYS WITH]      9 = BLOWING SNOW
                                                   X = TORNADO
MAX 32 OR BELOW:   3    0.01 INCH OR MORE:  14
MAX 90 OR ABOVE:   0    0.10 INCH OR MORE:   6
MIN 32 OR BELOW:  27    0.50 INCH OR MORE:   0
MIN  0 OR BELOW:   0    1.00 INCH OR MORE:   0

[HDD (BASE 65) ]
TOTAL THIS MO.   941    CLEAR  (SCALE 0-3)   2
DPTR FM NORMAL  -154    PTCLDY (SCALE 4-7)  11
TOTAL FM JUL 1  3866    CLOUDY (SCALE 8-10) 16
DPTR FM NORMAL -1001

[CDD (BASE 65) ]
TOTAL THIS MO.     0
DPTR FM NORMAL     0    [PRESSURE DATA]
TOTAL FM JAN 1     0    HIGHEST SLP 30.48 ON  3
DPTR FM NORMAL     0    LOWEST  SLP 29.25 ON 24

[REMARKS]
#FINAL-02-12#
CORRECTED PRESSURE DATA
