000
CXUS51 KBGM 310800
CF6SYR
PRELIMINARY LOCAL CLIMATOLOGICAL DATA (WS FORM: F-6)

                                          STATION:   SYRACUSE NY
                                          MONTH:     DECEMBER
                                          YEAR:      2011
                                          LATITUDE:   43  7 N
                                          LONGITUDE:  76  7 W

  TEMPERATURE IN F:       :PCPN:    SNOW:  WIND      :SUNSHINE: SKY     :PK WND
================================================================================
1   2   3   4   5  6A  6B    7    8   9   10  11  12  13   14  15   16   17  18
                                     12Z  AVG MX 2MIN
DY MAX MIN AVG DEP HDD CDD  WTR  SNW DPTH SPD SPD DIR MIN PSBL S-S WX    SPD DR
================================================================================

 1  47  26  37   2  28   0 0.00  0.0    0  3.1  9 280   M    M   2        10 310
 2  41  27  34   0  31   0 0.04    T    0  4.8 17 280   M    M   9 1      22 290
 3  45  25  35   1  30   0 0.00  0.0    0  5.3 14 190   M    M   5 1      18 190
 4  58  37  48  14  17   0 0.00  0.0    0 10.7 24 200   M    M   5        33 210
 5  55  47  51  18  14   0 0.19  0.0    0  3.3 12 210   M    M  10 1      15 210
 6  48  38  43  10  22   0 0.17  0.0    0  6.1 12 330   M    M  10 1      13 310
 7  39  34  37   5  28   0 0.06    T    0  4.6 13 330   M    M  10 1      15 340
 8  41  32  37   5  28   0 0.04  0.1    0 12.7 25 280   M    M   8 1      31 280
 9  41  33  37   5  28   0    T    T    0  9.7 16 220   M    M  10 1      21 230
10  37  25  31   0  34   0    T    T    0 13.2 23 290   M    M   4        28 280
11  40  22  31   0  34   0 0.00  0.0    0  6.9 14 250   M    M   3        20 270
12  48  24  36   6  29   0 0.00  0.0    0  2.0  8  40   M    M   2        10  40
13  44  22  33   3  32   0 0.00  0.0    0  1.3 12 290   M    M   6 18     13 290
14  52  31  42  12  23   0    T  0.0    0  5.4 22 190   M    M   9 18     29 200
15  57  45  51  21  14   0 0.37  0.0    0 15.0 32 280   M    M   9        45 290
16  50  37  44  15  21   0 0.09    T    0 17.7 37 310   M    M  10        47 280
17  37  14  26  -3  39   0 0.08  1.0    0  7.2 20 300   M    M   8 12     24 300
18  32  10  21  -7  44   0 0.00  0.0    0  3.9 12 110   M    M   5        14 120
19  49  30  40  12  25   0 0.08  0.0    0 10.9 22 330   M    M   9 1      29 330
20  41  26  34   6  31   0    T    T    0  4.2 16  10   M    M   8        18  30
21  54  32  43  15  22   0 0.43  0.0    0  6.4 30 290   M    M  10 18     38 290
22  47  41  44  17  21   0 0.13  0.0    0  6.6 25 300   M    M   9 1      37 280
23  41  23  32   5  33   0 0.33  0.5    0  9.3 23 290   M    M  10 1      28 310
24  26  18  22  -5  43   0    T    T    M  4.3 10 120   M    M   7        13 110
25  43  21  32   6  33   0    T    T    M  9.1 22 290   M    M   9        26 290
26  39  28  34   8  31   0 0.05    T    M  4.8 20 360   M    M   7 1      26 280
27  44  28  36  10  29   0 0.26  0.0    0  8.1 18 260   M    M   8 1      24 260
28  41  20  31   5  34   0 0.09  3.5    0 18.9 33 290   M    M  10 189    44 290
29  29  18  24  -1  41   0 0.01  1.0    4  8.7 17 290   M    M  10        18 280
30  39  25  32   7  33   0 0.04  0.5    2  6.9 13  50   M    M  10 16     18 110
================================================================================
SM 1305  839       872   0  2.46     6.6 231.1          M      232
================================================================================
AV 43.5 28.0                               7.7 FASTST   M    M   8    MAX(MPH)
                                 MISC ---->  # 37 310               # 47  280
================================================================================
NOTES:
# LAST OF SEVERAL OCCURRENCES

COLUMN 17 PEAK WIND IN M.P.H.

PRELIMINARY LOCAL CLIMATOLOGICAL DATA (WS FORM: F-6) , PAGE 2

                                          STATION:  SYRACUSE NY
                                          MONTH:    DECEMBER
                                          YEAR:     2011
                                          LATITUDE:   43  7 N
                                          LONGITUDE:  76  7 W

[TEMPERATURE DATA]      [PRECIPITATION DATA]       SYMBOLS USED IN COLUMN 16

AVERAGE MONTHLY: 35.7   TOTAL FOR MONTH:   2.46    1 = FOG OR MIST
DPTR FM NORMAL:   6.2   DPTR FM NORMAL:   -0.67    2 = FOG REDUCING VISIBILITY
HIGHEST:    58 ON  4    GRTST 24HR  0.45 ON 22-23      TO 1/4 MILE OR LESS
LOWEST:     10 ON 18                               3 = THUNDER
                        SNOW, ICE PELLETS, HAIL    4 = ICE PELLETS
                        TOTAL MONTH:   6.6 INCHES  5 = HAIL
                        GRTST 24HR   3.5 ON 28-28  6 = FREEZING RAIN OR DRIZZLE
                        GRTST DEPTH:   4 ON 29     7 = DUSTSTORM OR SANDSTORM:
                                                       VSBY 1/2 MILE OR LESS
                                                   8 = SMOKE OR HAZE
[NO. OF DAYS WITH]      [WEATHER - DAYS WITH]      9 = BLOWING SNOW
                                                   X = TORNADO
MAX 32 OR BELOW:   3    0.01 INCH OR MORE:  17
MAX 90 OR ABOVE:   0    0.10 INCH OR MORE:   7
MIN 32 OR BELOW:  22    0.50 INCH OR MORE:   0
MIN  0 OR BELOW:   0    1.00 INCH OR MORE:   0

[HDD (BASE 65) ]
TOTAL THIS MO.   872    CLEAR  (SCALE 0-3)   3
DPTR FM NORMAL  -192    PTCLDY (SCALE 4-7)   9
TOTAL FM JUL 1  1855    CLOUDY (SCALE 8-10) 18
DPTR FM NORMAL  -558

[CDD (BASE 65) ]
TOTAL THIS MO.     0
DPTR FM NORMAL     0    [PRESSURE DATA]
TOTAL FM JAN 1   911    HIGHEST SLP M ON M
DPTR FM NORMAL   342    LOWEST  SLP 29.29 ON 27

[REMARKS]
