000
CXUS51 KBGM 010546
CF6SYR
PRELIMINARY LOCAL CLIMATOLOGICAL DATA (WS FORM: F-6)

                                          STATION:   SYRACUSE NY
                                          MONTH:     JULY
                                          YEAR:      2011
                                          LATITUDE:   43  7 N
                                          LONGITUDE:  76  7 W

  TEMPERATURE IN F:       :PCPN:    SNOW:  WIND      :SUNSHINE: SKY     :PK WND
================================================================================
1   2   3   4   5  6A  6B    7    8   9   10  11  12  13   14  15   16   17  18
                                     12Z  AVG MX 2MIN
DY MAX MIN AVG DEP HDD CDD  WTR  SNW DPTH SPD SPD DIR MIN PSBL S-S WX    SPD DR
================================================================================

 1  82  56  69   0   0   4 0.00  0.0    0  5.4 14 330   M    M   4        21 340
 2  88  58  73   4   0   8 0.00  0.0    0  4.8 13 220   M    M   6        15 250
 3  86  69  78   8   0  13    T  0.0    0  6.7 18 330   M    M   8        33 330
 4  84  61  73   3   0   8 0.00  0.0    0  7.4 17 320   M    M   3        23 300
 5  86  59  73   3   0   8 0.00  0.0    0  3.5 14 360   M    M   4        17 360
 6  92  65  79   9   0  14 0.19  0.0    0  7.1 29 330   M    M   7 3      37 330
 7  83  64  74   4   0   9 0.00  0.0    0  3.0 12  30   M    M   8        15 320
 8  85  61  73   3   0   8 1.34  0.0    0  3.8 31 110   M    M   8 13     44 120
 9  79  62  71   0   0   6 0.00  0.0    0  6.7 16 330   M    M   5        21 330
10  88  59  74   3   0   9 0.00  0.0    0  4.0 14 260   M    M   7        17 270
11  93  68  81  10   0  16 0.01  0.0    0  6.4 23 240   M    M   7        28 230
12  89  72  81  10   0  16 0.00  0.0    0 12.4 24 320   M    M   6        31 320
13  82  61  72   1   0   7    T  0.0    0  9.8 31  20   M    M   5        38  20
14  83  57  70  -1   0   5 0.00  0.0    0  5.8 14 360   M    M   2        17  30
15  85  58  72   1   0   7 0.00  0.0    0  3.0 10  20   M    M   5        14  30
16  91  58  75   4   0  10 0.00  0.0    0  3.9 12 280   M    M   4        17 300
17  93  63  78   7   0  13 0.00  0.0    0  6.2 16 280   M    M   3        21 260
18  88  71  80   9   0  15 0.48  0.0    0  7.5 30 360   M    M   8 13     39  10
19  87  67  77   6   0  12 0.00  0.0    0  2.3  9  20   M    M   5 12     13  10
20  92  65  79   8   0  14 0.00  0.0    0  3.3 15 300   M    M   5 8      35 360
21 101  76  89  17   0  24 0.00  0.0    0 11.2 26 290   M    M   5        29 360
22  93  77  85  13   0  20 0.00  0.0    0  6.8 16 290   M    M   7        23 290
23  93  74  84  12   0  19    T  0.0    0  7.0 15 350   M    M   7        20 280
24  87  67  77   5   0  12    T  0.0    0  6.7 15 350   M    M   6        20 360
25  81  63  72   0   0   7 0.26  0.0    0  4.6 23  20   M    M   7 1      29  30
26  82  66  74   2   0   9 0.09  0.0    0  9.8 26 330   M    M   5 13     36 310
27  81  64  73   1   0   8    T  0.0    0  6.9 15 340   M    M   6        18 360
28  82  65  74   3   0   9    T  0.0    0  5.3 17 240   M    M   9        23 240
29  85  71  78   7   0  13 0.92  0.0    0  6.3 18 310   M    M   9 18     24 320
30  85  66  76   5   0  11 0.00  0.0    0  7.2 16 330   M    M   3        21 340
31  89  61  75   4   0  10 0.01  0.0    0  4.3 14 290   M    M   4 3      20 290
================================================================================
SM 2695 2004         0 344  3.30     0.0 189.1          M      178
================================================================================
AV 86.9 64.6                               6.1 FASTST   M    M   6    MAX(MPH)
                                 MISC ---->  # 31 110               # 44  120
================================================================================
NOTES:
# LAST OF SEVERAL OCCURRENCES

COLUMN 17 PEAK WIND IN M.P.H.

PRELIMINARY LOCAL CLIMATOLOGICAL DATA (WS FORM: F-6) , PAGE 2

                                          STATION:  SYRACUSE NY
                                          MONTH:    JULY
                                          YEAR:     2011
                                          LATITUDE:   43  7 N
                                          LONGITUDE:  76  7 W

[TEMPERATURE DATA]      [PRECIPITATION DATA]       SYMBOLS USED IN COLUMN 16

AVERAGE MONTHLY: 75.8   TOTAL FOR MONTH:   3.30    1 = FOG OR MIST
DPTR FM NORMAL:   4.9   DPTR FM NORMAL:   -0.72    2 = FOG REDUCING VISIBILITY
HIGHEST:   101 ON 21    GRTST 24HR  1.34 ON  8- 8      TO 1/4 MILE OR LESS
LOWEST:     56 ON  1                               3 = THUNDER
                        SNOW, ICE PELLETS, HAIL    4 = ICE PELLETS
                        TOTAL MONTH:   0.0 INCH    5 = HAIL
                        GRTST 24HR     0.0         6 = FREEZING RAIN OR DRIZZLE
                        GRTST DEPTH:   0           7 = DUSTSTORM OR SANDSTORM:
                                                       VSBY 1/2 MILE OR LESS
                                                   8 = SMOKE OR HAZE
[NO. OF DAYS WITH]      [WEATHER - DAYS WITH]      9 = BLOWING SNOW
                                                   X = TORNADO
MAX 32 OR BELOW:   0    0.01 INCH OR MORE:   8
MAX 90 OR ABOVE:   8    0.10 INCH OR MORE:   5
MIN 32 OR BELOW:   0    0.50 INCH OR MORE:   2
MIN  0 OR BELOW:   0    1.00 INCH OR MORE:   1

[HDD (BASE 65) ]
TOTAL THIS MO.     0    CLEAR  (SCALE 0-3)   2
DPTR FM NORMAL   -10    PTCLDY (SCALE 4-7)  26
TOTAL FM JUL 1     0    CLOUDY (SCALE 8-10)  3
DPTR FM NORMAL   -10

[CDD (BASE 65) ]
TOTAL THIS MO.   344
DPTR FM NORMAL   141    [PRESSURE DATA]
TOTAL FM JAN 1   586    HIGHEST SLP 30.16 ON 17
DPTR FM NORMAL   244    LOWEST  SLP 29.63 ON 26

[REMARKS]
#FINAL-07-11#
