000
CXUS51 KBGM 020040
CF6SYR
PRELIMINARY LOCAL CLIMATOLOGICAL DATA (WS FORM: F-6)

                                          STATION:   SYRACUSE NY
                                          MONTH:     MAY
                                          YEAR:      2011
                                          LATITUDE:   43  7 N
                                          LONGITUDE:  76  7 W

  TEMPERATURE IN F:       :PCPN:    SNOW:  WIND      :SUNSHINE: SKY     :PK WND
================================================================================
1   2   3   4   5  6A  6B    7    8   9   10  11  12  13   14  15   16   17  18
                                     12Z  AVG MX 2MIN
DY MAX MIN AVG DEP HDD CDD  WTR  SNW DPTH SPD SPD DIR MIN PSBL S-S WX    SPD DR
================================================================================

 1  72  41  57   5   8   0 0.01  0.0    0  8.4 20 200   M    M   7        24 200
 2  67  50  59   7   6   0 0.03  0.0    0  7.2 20 360   M    M  10 1      22 360
 3  51  44  48  -4  17   0 1.12  0.0    0  4.4 16 290   M    M  10 1      20 300
 4  47  42  45  -8  20   0 0.03  0.0    0 10.4 17 310   M    M  10 1      21 330
 5  59  41  50  -3  15   0 0.00  0.0    0 12.9 28 330   M    M   3        37 330
 6  69  44  57   3   8   0 0.00  0.0    0 10.4 22 270   M    M   6        28 280
 7  66  46  56   2   9   0 0.00  0.0    0  6.0 17 330   M    M   6        23 340
 8  67  42  55   1  10   0 0.00  0.0    0  6.7 17 360   M    M   6        22 360
 9  66  43  55   0  10   0 0.00  0.0    0  9.1 21 360   M    M   4        28 360
10  73  40  57   2   8   0 0.00  0.0    0  3.5 13 320   M    M   6        22 360
11  77  46  62   7   3   0 0.00  0.0    0  6.0 13 100   M    M   5        17 110
12  81  50  66  10   0   1    T  0.0    0  4.9 10  80   M    M   7        14 110
13  79  61  70  14   0   5    T  0.0    0  7.8 13  80   M    M   8        15 160
14  71  62  67  10   0   2 0.24  0.0    0  2.9 12 180   M    M  10 1      17 180
15  63  52  58   1   7   0 0.53  0.0    0  7.1 15  70   M    M   9 1      21  80
16  55  50  53  -4  12   0 0.51  0.0    0  5.8  9 300   M    M  10 1      12  60
17  66  50  58   0   7   0 0.01  0.0    0  8.9 21 120   M    M   9 1      28 120
18  72  59  66   8   0   1 0.08  0.0    0 12.7 24 120   M    M   8        32 120
19  74  59  67   9   0   2 0.48  0.0    0  6.0 20 250   M    M   8 1      23 250
20  74  57  66   7   0   1    T  0.0    0  5.4 14 340   M    M   8 12     18 340
21  79  58  69  10   0   4 0.00  0.0    0  2.9 13  40   M    M   9 18     16  40
22  79  57  68   9   0   3 0.01  0.0    0  8.6 20 190   M    M   8        23 170
23  75  64  70  10   0   5 0.05  0.0    0 11.4 26 250   M    M   8        39 250
24  77  55  66   6   0   1 0.02  0.0    0 11.3 21 330   M    M   7        26 340
25  76  52  64   4   1   0 0.00  0.0    0  5.2 12 110   M    M   8        13 110
26  90  64  77  17   0  12 0.16  0.0    0 10.3 24 230   M    M   8 13     33 250
27  78  64  71  10   0   6 0.52  0.0    0  3.7 14 280   M    M   9 13     17 280
28  81  64  73  12   0   8    T  0.0    0  6.3 20 220   M    M   8        23 220
29  87  64  76  15   0  11 0.06  0.0    0  6.9 17 300   M    M   8 3      22 310
30  84  66  75  13   0  10 0.04  0.0    0  4.1 12  30   M    M   8 13     15  40
31  92  62  77  15   0  12 0.00  0.0    0  3.9 13 300   M    M   4        15 280
================================================================================
SM 2247 1649       141  84  3.90     0.0 221.1          M      235
================================================================================
AV 72.5 53.2                               7.1 FASTST   M    M   8    MAX(MPH)
                                 MISC ---->  # 28 330               # 39  250
================================================================================
NOTES:
# LAST OF SEVERAL OCCURRENCES

COLUMN 17 PEAK WIND IN M.P.H.

PRELIMINARY LOCAL CLIMATOLOGICAL DATA (WS FORM: F-6) , PAGE 2

                                          STATION:  SYRACUSE NY
                                          MONTH:    MAY
                                          YEAR:     2011
                                          LATITUDE:   43  7 N
                                          LONGITUDE:  76  7 W

[TEMPERATURE DATA]      [PRECIPITATION DATA]       SYMBOLS USED IN COLUMN 16

AVERAGE MONTHLY: 62.8   TOTAL FOR MONTH:   3.90    1 = FOG OR MIST
DPTR FM NORMAL:   5.7   DPTR FM NORMAL:    0.51    2 = FOG REDUCING VISIBILITY
HIGHEST:    92 ON 31    GRTST 24HR  1.14 ON  3- 4      TO 1/4 MILE OR LESS
LOWEST:     40 ON 10                               3 = THUNDER
                        SNOW, ICE PELLETS, HAIL    4 = ICE PELLETS
                        TOTAL MONTH:   0.0 INCH    5 = HAIL
                        GRTST 24HR     0.0         6 = FREEZING RAIN OR DRIZZLE
                        GRTST DEPTH:   0           7 = DUSTSTORM OR SANDSTORM:
                                                       VSBY 1/2 MILE OR LESS
                                                   8 = SMOKE OR HAZE
[NO. OF DAYS WITH]      [WEATHER - DAYS WITH]      9 = BLOWING SNOW
                                                   X = TORNADO
MAX 32 OR BELOW:   0    0.01 INCH OR MORE:  17
MAX 90 OR ABOVE:   2    0.10 INCH OR MORE:   7
MIN 32 OR BELOW:   0    0.50 INCH OR MORE:   4
MIN  0 OR BELOW:   0    1.00 INCH OR MORE:   1

[HDD (BASE 65) ]
TOTAL THIS MO.   141    CLEAR  (SCALE 0-3)   0
DPTR FM NORMAL  -117    PTCLDY (SCALE 4-7)  19
TOTAL FM JUL 1  6590    CLOUDY (SCALE 8-10) 12
DPTR FM NORMAL  -147

[CDD (BASE 65) ]
TOTAL THIS MO.    84
DPTR FM NORMAL    55    [PRESSURE DATA]
TOTAL FM JAN 1    96    HIGHEST SLP 30.25 ON  1
DPTR FM NORMAL    62    LOWEST  SLP 29.55 ON 15

[REMARKS]
#FINAL-05-11#
