000
CXUS51 KBGM 050306
CF6SYR
PRELIMINARY LOCAL CLIMATOLOGICAL DATA (WS FORM: F-6)

                                          STATION:   SYRACUSE NY
                                          MONTH:     APRIL
                                          YEAR:      2011
                                          LATITUDE:   43  7 N
                                          LONGITUDE:  76  7 W

  TEMPERATURE IN F:       :PCPN:    SNOW:  WIND      :SUNSHINE: SKY     :PK WND
================================================================================
1   2   3   4   5  6A  6B    7    8   9   10  11  12  13   14  15   16   17  18
                                     12Z  AVG MX 2MIN
DY MAX MIN AVG DEP HDD CDD  WTR  SNW DPTH SPD SPD DIR MIN PSBL S-S WX    SPD DR
================================================================================

 1  40  37  39  -1  26   0 0.10  0.0    0  6.7 17 320   M    M  10 1      21 320
 2  54  34  44   4  21   0    T  0.0    0 14.0 28 310   M    M   7        38 320
 3  53  36  45   5  20   0    T  0.0    0 10.4 21 300   M    M   6        28 300
 4  63  41  52  11  13   0 0.55  0.0    0 12.4 28 210   M    M  10 1      35 210
 5  61  32  47   6  18   0 0.38  0.3    0 15.1 30 310   M    M   9 14     38 300
 6  49  31  40  -2  25   0    T    T    0  8.5 24 280   M    M   7 1      35 280
 7  55  30  43   1  22   0 0.00  0.0    0  2.9 15 340   M    M   5 12     21 360
 8  54  31  43   1  22   0 0.00  0.0    0  4.4 14 140   M    M   7        17 140
 9  65  37  51   8  14   0 0.00  0.0    0  3.4 16 230   M    M   6        21 230
10  66  40  53  10  12   0    T  0.0    0  8.4 20 190   M    M   7        25 190
11  85  53  69  26   0   4 0.00  0.0    0 16.7 36 290   M    M   9        47 330
12  63  45  54  10  11   0 0.01  0.0    0  8.5 26 330   M    M  10        35 330
13  49  45  47   3  18   0 0.71  0.0    0  7.5 13 310   M    M  10 1      16 320
14  56  37  47   2  18   0 0.00  0.0    0  8.6 17 340   M    M   7 18     23 290
15  55  29  42  -3  23   0 0.00  0.0    0  8.5 17 110   M    M   5        21 130
16  50  39  45   0  20   0 0.53  0.0    0 15.7 33 140   M    M  10 1      40 140
17  51  37  44  -2  21   0 0.25    T    0 15.2 40 280   M    M   9 1      51 280
18  45  35  40  -6  25   0 0.07  0.0    0  8.1 22 280   M    M   8        29 270
19  46  33  40  -7  25   0 0.13  0.0    0  6.5 20 110   M    M  10 1      26 110
20  70  40  55   8  10   0 1.36  0.0    0 18.7 33 290   M    M  10 13     45 300
21  44  32  38  -9  27   0 0.03  0.1    0 14.1 29 330   M    M   9 4      38 330
22  56  30  43  -5  22   0 0.02  0.0    0  9.1 22 180   M    M   9        29 180
23  68  39  54   6  11   0 0.90  0.0    0 12.3 25 230   M    M   9 1      31 220
24  58  44  51   2  14   0 0.04  0.0    0  3.1 16 350   M    M   9 1      21 350
25  59  41  50   1  15   0 0.65  0.0    0  4.2 15 340   M    M   9 1      20 120
26  81  52  67  17   0   2 1.83    T    0  5.1 26 270   M    M   8 135    32 270
27  82  60  71  21   0   6 0.38  0.0    0 11.3 26 200   M    M   9 1      36 190
28  77  50  64  14   1   0 0.59  0.0    0 14.4 33 250   M    M   7 1      47 250
29  55  45  50  -1  15   0    T  0.0    0  8.7 18 340   M    M   9        23 340
30  63  42  53   2  12   0    T  0.0    0  5.9 15 340   M    M   5        20  10
================================================================================
SM 1773 1177       481  12  8.53     0.4 288.4          M      245
================================================================================
AV 59.1 39.2                               9.6 FASTST   M    M   8    MAX(MPH)
                                 MISC ---->  # 40 280               # 51  280
================================================================================
NOTES:
# LAST OF SEVERAL OCCURRENCES

COLUMN 17 PEAK WIND IN M.P.H.

PRELIMINARY LOCAL CLIMATOLOGICAL DATA (WS FORM: F-6) , PAGE 2

                                          STATION:  SYRACUSE NY
                                          MONTH:    APRIL
                                          YEAR:     2011
                                          LATITUDE:   43  7 N
                                          LONGITUDE:  76  7 W

[TEMPERATURE DATA]      [PRECIPITATION DATA]       SYMBOLS USED IN COLUMN 16

AVERAGE MONTHLY: 49.2   TOTAL FOR MONTH:   8.53    1 = FOG OR MIST
DPTR FM NORMAL:   3.9   DPTR FM NORMAL:    5.14    2 = FOG REDUCING VISIBILITY
HIGHEST:    85 ON 11    GRTST 24HR  2.16 ON 25-26      TO 1/4 MILE OR LESS
LOWEST:     29 ON 15                               3 = THUNDER
                        SNOW, ICE PELLETS, HAIL    4 = ICE PELLETS
                        TOTAL MONTH:   0.4 INCH    5 = HAIL
                        GRTST 24HR   0.3 ON   M    6 = FREEZING RAIN OR DRIZZLE
                        GRTST DEPTH:   0           7 = DUSTSTORM OR SANDSTORM:
                                                       VSBY 1/2 MILE OR LESS
                                                   8 = SMOKE OR HAZE
[NO. OF DAYS WITH]      [WEATHER - DAYS WITH]      9 = BLOWING SNOW
                                                   X = TORNADO
MAX 32 OR BELOW:   0    0.01 INCH OR MORE:  18
MAX 90 OR ABOVE:   0    0.10 INCH OR MORE:  13
MIN 32 OR BELOW:   7    0.50 INCH OR MORE:   8
MIN  0 OR BELOW:   0    1.00 INCH OR MORE:   2

[HDD (BASE 65) ]
TOTAL THIS MO.   481    CLEAR  (SCALE 0-3)   0
DPTR FM NORMAL   -98    PTCLDY (SCALE 4-7)  12
TOTAL FM JUL 1  6449    CLOUDY (SCALE 8-10) 18
DPTR FM NORMAL   -30

[CDD (BASE 65) ]
TOTAL THIS MO.    12
DPTR FM NORMAL     8    [PRESSURE DATA]
TOTAL FM JAN 1    12    HIGHEST SLP 30.49 ON 15
DPTR FM NORMAL     7    LOWEST  SLP 29.19 ON  4

[REMARKS]
#FINAL-04-11#
