000
CXUS51 KBGM 051932
CF6SYR
PRELIMINARY LOCAL CLIMATOLOGICAL DATA (WS FORM: F-6)

                                          STATION:   SYRACUSE NY
                                          MONTH:     AUGUST
                                          YEAR:      2011
                                          LATITUDE:   43  7 N
                                          LONGITUDE:  76  7 W

  TEMPERATURE IN F:       :PCPN:    SNOW:  WIND      :SUNSHINE: SKY     :PK WND
================================================================================
1   2   3   4   5  6A  6B    7    8   9   10  11  12  13   14  15   16   17  18
                                     12Z  AVG MX 2MIN
DY MAX MIN AVG DEP HDD CDD  WTR  SNW DPTH SPD SPD DIR MIN PSBL S-S WX    SPD DR
================================================================================

 1  89  70  80   9   0  15 0.00  0.0    0  8.0 20 300   M    M   5        25 310
 2  85  66  76   5   0  11 0.00  0.0    0  9.2 18 340   M    M   5        24 340
 3  79  62  71   0   0   6 0.74  0.0    0  5.5 17  60   M    M   9 1      23  70
 4  85  67  76   5   0  11 0.00  0.0    0  4.6 14  20   M    M   6        17  20
 5  87  63  75   4   0  10 0.00  0.0    0  2.3  9 360   M    M   5        12  10
 6  80  69  75   4   0  10 0.21  0.0    0  5.1 15 220   M    M  10 1      22 210
 7  85  67  76   5   0  11 0.31  0.0    0  3.1 23 260   M    M   8 138    26 260
 8  84  69  77   6   0  12    T  0.0    0  7.0 17 360   M    M   6 138    23 350
 9  75  64  70  -1   0   5 1.52  0.0    0  6.2 21 270   M    M   8 123    24 270
10  82  64  73   2   0   8 0.60  0.0    0  9.3 26 320   M    M   5 135    33 330
11  76  61  69  -2   0   4    T  0.0    0 10.1 22 290   M    M   5        26 290
12  82  61  72   2   0   7 0.00  0.0    0  5.8 14 270   M    M   6        21 310
13  85  59  72   2   0   7 0.00  0.0    0  7.3 16 180   M    M   7        22 200
14  81  66  74   4   0   9 0.13  0.0    0  4.9 14 120   M    M   9 138    16  70
15  69  66  68  -2   0   3 0.51  0.0    0  4.4 13 120   M    M   9 1      16 110
16  82  65  74   4   0   9 0.11  0.0    0  6.6 15 330   M    M   7 1      21 320
17  86  60  73   3   0   8 0.00  0.0    0  3.0 12 160   M    M   5        16 150
18  86  64  75   5   0  10 0.00  0.0    0  4.2 15 290   M    M   6        18 250
19  85  63  74   4   0   9 0.00  0.0    0  2.6  9 340   M    M   5 18     13 270
20  88  60  74   4   0   9 0.00  0.0    0  3.2 10 300   M    M   5        15 330
21  80  63  72   3   0   7 0.71  0.0    0  6.5 25 320   M    M   9 138    35 290
22  74  58  66  -3   0   1 0.18  0.0    0 11.5 22 310   M    M   7 1      28 310
23  78  56  67  -2   0   2 0.03  0.0    0  6.0 16 280   M    M   6        23 290
24  82  60  71   2   0   6 0.00  0.0    0 12.4 28 210   M    M   8        36 220
25  82  66  74   5   0   9 0.50  0.0    0 10.4 37 290   M    M   8 13     48 290
26  80  64  72   4   0   7 0.00  0.0    0  3.3  9  20   M    M   6 1      14 340
27  83  61  72   4   0   7 0.00  0.0    0  3.5  9  40   M    M   8        30 330
28  71  57  64  -4   1   0 1.11  0.0    0 11.4 22 330   M    M  10 1      30 340
29  75  53  64  -4   1   0 0.00  0.0    0  6.0 13 330   M    M   5        23  30
30  81  53  67  -1   0   2 0.00  0.0    0  5.0 15 270   M    M   2        22 270
31  83  59  71   4   0   6 0.00  0.0    0  3.0  8 150   M    M   8        17  60
================================================================================
SM 2520 1936         2 221  6.66     0.0 191.4          M      208
================================================================================
AV 81.3 62.5                               6.2 FASTST   M    M   7    MAX(MPH)
                                 MISC ---->  # 37 290               # 48  290
================================================================================
NOTES:
# LAST OF SEVERAL OCCURRENCES

COLUMN 17 PEAK WIND IN M.P.H.

PRELIMINARY LOCAL CLIMATOLOGICAL DATA (WS FORM: F-6) , PAGE 2

                                          STATION:  SYRACUSE NY
                                          MONTH:    AUGUST
                                          YEAR:     2011
                                          LATITUDE:   43  7 N
                                          LONGITUDE:  76  7 W

[TEMPERATURE DATA]      [PRECIPITATION DATA]       SYMBOLS USED IN COLUMN 16

AVERAGE MONTHLY: 71.9   TOTAL FOR MONTH:   6.66    1 = FOG OR MIST
DPTR FM NORMAL:   2.1   DPTR FM NORMAL:    3.09    2 = FOG REDUCING VISIBILITY
HIGHEST:    89 ON  1    GRTST 24HR  1.60 ON  9-10      TO 1/4 MILE OR LESS
LOWEST:     53 ON 30,29                            3 = THUNDER
                        SNOW, ICE PELLETS, HAIL    4 = ICE PELLETS
                        TOTAL MONTH:   0.0 INCH    5 = HAIL
                        GRTST 24HR     0.0         6 = FREEZING RAIN OR DRIZZLE
                        GRTST DEPTH:   0           7 = DUSTSTORM OR SANDSTORM:
                                                       VSBY 1/2 MILE OR LESS
                                                   8 = SMOKE OR HAZE
[NO. OF DAYS WITH]      [WEATHER - DAYS WITH]      9 = BLOWING SNOW
                                                   X = TORNADO
MAX 32 OR BELOW:   0    0.01 INCH OR MORE:  13
MAX 90 OR ABOVE:   0    0.10 INCH OR MORE:  12
MIN 32 OR BELOW:   0    0.50 INCH OR MORE:   7
MIN  0 OR BELOW:   0    1.00 INCH OR MORE:   2

[HDD (BASE 65) ]
TOTAL THIS MO.     2    CLEAR  (SCALE 0-3)   1
DPTR FM NORMAL   -16    PTCLDY (SCALE 4-7)  24
TOTAL FM JUL 1     2    CLOUDY (SCALE 8-10)  6
DPTR FM NORMAL   -24

[CDD (BASE 65) ]
TOTAL THIS MO.   221
DPTR FM NORMAL    54    [PRESSURE DATA]
TOTAL FM JAN 1   807    HIGHEST SLP 30.21 ON 31
DPTR FM NORMAL   294    LOWEST  SLP 29.35 ON 28

[REMARKS]
#FINAL-08-11#
