000
CXUS51 KBGM 011035 CCA
CF6SYR

PRELIMINARY LOCAL CLIMATOLOGICAL DATA (WS FORM: F-6)

                                          STATION:   SYRACUSE NY
                                          MONTH:     MARCH
                                          YEAR:      2011
                                          LATITUDE:   43  7 N
                                          LONGITUDE:  76  7 W

  TEMPERATURE IN F:       :PCPN:    SNOW:  WIND      :SUNSHINE: SKY     :PK WND
================================================================================
1   2   3   4   5  6A  6B    7    8   9   10  11  12  13   14  15   16   17  18
                                     12Z  AVG MX 2MIN
DY MAX MIN AVG DEP HDD CDD  WTR  SNW DPTH SPD SPD DIR MIN PSBL S-S WX    SPD DR
================================================================================

 1  36  20  28   0  37   0    T    T    6  7.9 20 360   M    M   6        28  10
 2  38  16  27  -2  38   0    T    T    6 17.7 35 320   M    M   8 1      45 320
 3  25   5  15 -14  50   0 0.00  0.0    5  3.3 12  40   M    M   6        14 140
 4  41  18  30   1  35   0    T    T    5 11.3 22 180   M    M   9        29 180
 5  53  39  46  16  19   0 0.12  0.0    4 14.2 28 200   M    M  10        36 230
 6  53  22  38   8  27   0 0.91  7.1    1 13.9 26 200   M    M  10 14     37 220
 7  30  14  22  -8  43   0 0.44  6.3   12 10.7 18 340   M    M   7 19     28 350
 8  39  11  25  -6  40   0 0.00  0.0   11  4.9 12 110   M    M   5 1      15 110
 9  41  23  32   1  33   0    T    T    9 13.6 26 140   M    M  10 4      38 150
10  42  34  38   7  27   0 0.41    T    7 14.6 26 110   M    M   9 4      32 120
11  43  34  39   7  26   0 0.07    T    2 12.3 25 110   M    M   9 1      33 110
12  44  33  39   7  26   0 0.02  0.3    T  9.8 29 290   M    M   9 1      35 280
13  40  31  36   4  29   0 0.02  0.4    0 13.0 24 280   M    M  10 1      30 290
14  41  28  35   2  30   0    T    T    T  5.7 14 340   M    M   8        20 330
15  50  22  36   3  29   0 0.03  0.0    0  6.2 20 180   M    M   7        26 180
16  47  37  42   8  23   0 0.12  0.0    0  8.0 18 300   M    M   9        23 290
17  61  27  44  10  21   0 0.00  0.0    0  7.2 24 230   M    M   6 1      32 240
18  61  39  50  16  15   0    T  0.0    0 17.0 32 310   M    M   9        43 310
19  39  27  33  -2  32   0    T    T    0  9.8 22 330   M    M   6 6      30 330
20  45  22  34  -1  31   0 0.00  0.0    0  5.0 15 110   M    M   5        18 120
21  45  37  41   6  24   0 0.37    T    0 11.5 22 320   M    M  10 14     30 330
22  41  31  36   0  29   0    T  0.0    0  9.6 18 330   M    M  10        23 330
23  31  27  29  -7  36   0 0.26  3.5    0  7.9 14  90   M    M  10 12     18 110
24  34  20  27 -10  38   0    T  0.4    3  9.3 21 340   M    M   7 1      26 340
25  31  23  27 -10  38   0    T  0.5    T 12.1 23 310   M    M   7 1      28 310
26  31  16  24 -13  41   0    T    T    T  9.9 18 340   M    M   5        25 320
27  32  18  25 -13  40   0 0.00  0.0    0 10.4 23 300   M    M   1        29 320
28  36  20  28 -10  37   0 0.00  0.0    0 13.5 23 310   M    M   2        33 300
29  41  26  34  -4  31   0    T    T    0 10.8 20 330   M    M   7        26 320
30  50  27  39   0  26   0 0.00  0.0    0  3.9 10  50   M    M   5        17  20
31  43  34  39   0  26   0 0.09  0.0    0  4.0 14 250   M    M  10 1      18 250
================================================================================
SM 1284  781       977   0  2.86    18.5 309.0          M      232
================================================================================
AV 41.4 25.2                              10.0 FASTST   M    M   7    MAX(MPH)
                                 MISC ---->  # 35 320               # 45  320
================================================================================
NOTES:
# LAST OF SEVERAL OCCURRENCES

COLUMN 17 PEAK WIND IN M.P.H.

PRELIMINARY LOCAL CLIMATOLOGICAL DATA (WS FORM: F-6) , PAGE 2

                                          STATION:  SYRACUSE NY
                                          MONTH:    MARCH
                                          YEAR:     2011
                                          LATITUDE:   43  7 N
                                          LONGITUDE:  76  7 W

[TEMPERATURE DATA]      [PRECIPITATION DATA]       SYMBOLS USED IN COLUMN 16

AVERAGE MONTHLY: 33.3   TOTAL FOR MONTH:   2.86    1 = FOG OR MIST
DPTR FM NORMAL:  -0.3   DPTR FM NORMAL:   -0.16    2 = FOG REDUCING VISIBILITY
HIGHEST:    61 ON 18,17 GRTST 24HR  1.13 ON  6- 7      TO 1/4 MILE OR LESS
LOWEST:      5 ON  3                               3 = THUNDER
                        SNOW, ICE PELLETS, HAIL    4 = ICE PELLETS
                        TOTAL MONTH:  18.5 INCHES  5 = HAIL
                        GRTST 24HR  12.6 ON  6- 7  6 = FREEZING RAIN OR DRIZZLE
                        GRTST DEPTH:  12 ON  7     7 = DUSTSTORM OR SANDSTORM:
                                                       VSBY 1/2 MILE OR LESS
                                                   8 = SMOKE OR HAZE
[NO. OF DAYS WITH]      [WEATHER - DAYS WITH]      9 = BLOWING SNOW
                                                   X = TORNADO
MAX 32 OR BELOW:   6    0.01 INCH OR MORE:  12
MAX 90 OR ABOVE:   0    0.10 INCH OR MORE:   7
MIN 32 OR BELOW:  23    0.50 INCH OR MORE:   1
MIN  0 OR BELOW:   0    1.00 INCH OR MORE:   0

[HDD (BASE 65) ]
TOTAL THIS MO.   977    CLEAR  (SCALE 0-3)   2
DPTR FM NORMAL    18    PTCLDY (SCALE 4-7)  15
TOTAL FM JUL 1  5968    CLOUDY (SCALE 8-10) 14
DPTR FM NORMAL    68

[CDD (BASE 65) ]
TOTAL THIS MO.     0
DPTR FM NORMAL    -1    [PRESSURE DATA]
TOTAL FM JAN 1     0    HIGHEST SLP 30.73 ON  3
DPTR FM NORMAL    -1    LOWEST  SLP 29.53 ON 11

[REMARKS]
#FINAL-03-11#
