000
CXUS51 KBGM 120957
CF6SYR
PRELIMINARY LOCAL CLIMATOLOGICAL DATA (WS FORM: F-6)

                                          STATION:   SYRACUSE NY
                                          MONTH:     JUNE
                                          YEAR:      2011
                                          LATITUDE:   43  7 N
                                          LONGITUDE:  76  7 W

  TEMPERATURE IN F:       :PCPN:    SNOW:  WIND      :SUNSHINE: SKY     :PK WND
================================================================================
1   2   3   4   5  6A  6B    7    8   9   10  11  12  13   14  15   16   17  18
                                     12Z  AVG MX 2MIN
DY MAX MIN AVG DEP HDD CDD  WTR  SNW DPTH SPD SPD DIR MIN PSBL S-S WX    SPD DR
================================================================================

 1  89  60  75  13   0  10 0.00  0.0    0 15.0 32 270   M    M   5        41 280
 2  65  52  59  -3   6   0 0.00  0.0    0 17.6 29 320   M    M   4        38 310
 3  69  48  59  -4   6   0 0.00  0.0    0  8.3 21 340   M    M   4        26 320
 4  70  51  61  -2   4   0 0.01  0.0    0  3.8 14 190   M    M   9        18 180
 5  75  54  65   2   0   0 0.00  0.0    0  3.6 15  50   M    M   7        40 150
 6  83  54  69   5   0   4 0.00  0.0    0  1.4 10  10   M    M   3 1      14 330
 7  88  57  73   9   0   8 0.00  0.0    0  4.3 14 290   M    M   5        20 300
 8  97  66  82  18   0  17 0.00  0.0    0  7.4 30 360   M    M   5        38  10
 9  91  67  79  15   0  14 0.00  0.0    0 11.0 21 330   M    M   6        31 360
10  75  61  68   3   0   3    T  0.0    0  5.3 13 350   M    M   9        15 340
11  77  60  69   4   0   4 0.12  0.0    0  6.6 14 120   M    M   9 13     16 120
12  70  58  64  -1   1   0 0.27  0.0    0  7.4 17 330   M    M   9 1      22  10
13  71  56  64  -1   1   0 0.00  0.0    0  8.2 14 330   M    M   9        17 290
14  70  54  62  -4   3   0 0.04  0.0    0  8.2 16 350   M    M   8 1      20 360
15  83  50  67   1   0   2 0.00  0.0    0  5.8 16 330   M    M   2        20 360
16  84  55  70   4   0   5    T  0.0    0  6.7 23 220   M    M   7        28 220
17  79  62  71   5   0   6 0.02  0.0    0  3.2 10  40   M    M   7        13  30
18  83  60  72   6   0   7 0.00  0.0    0  5.2 16 330   M    M   5        20 340
19  77  55  66  -1   0   1 0.00  0.0    0  4.5 14 350   M    M   6        20  10
20  83  52  68   1   0   3    T  0.0    0  2.6 10  20   M    M   7        15  40
21  88  58  73   6   0   8 0.00  0.0    0  4.1 12  40   M    M   6        14  40
22  72  66  69   2   0   4 0.69  0.0    0  6.2 28 290   M    M  10 13     38 260
23  84  66  75   7   0  10 0.85  0.0    0  6.8 22 130   M    M   9 13     25 160
24  86  66  76   8   0  11 0.87  0.0    0  5.4 26 280   M    M   8 13     31 280
25  74  64  69   1   0   4 0.19  0.0    0  7.0 16 290   M    M  10 1      21 280
26  72  61  67  -1   0   2 0.02  0.0    0  5.8 15 270   M    M   8 1      17 270
27  82  58  70   2   0   5 0.00  0.0    0  3.1  9 130   M    M   6 1      13  60
28  87  68  78   9   0  13 0.23  0.0    0  6.5 24 310   M    M   8 3      37 310
29  70  64  67  -2   0   2    T  0.0    0 10.5 20 290   M    M   8        24 290
30  77  58  68  -1   0   3 0.00  0.0    0  9.4 19 300   M    M   5        23 300
================================================================================
SM 2371 1761        21 146  3.31     0.0 200.9          M      204
================================================================================
AV 79.0 58.7                               6.7 FASTST   M    M   7    MAX(MPH)
                                 MISC ---->  # 32 270               # 41  280
================================================================================
NOTES:
# LAST OF SEVERAL OCCURRENCES

COLUMN 17 PEAK WIND IN M.P.H.

PRELIMINARY LOCAL CLIMATOLOGICAL DATA (WS FORM: F-6) , PAGE 2

                                          STATION:  SYRACUSE NY
                                          MONTH:    JUNE
                                          YEAR:     2011
                                          LATITUDE:   43  7 N
                                          LONGITUDE:  76  7 W

[TEMPERATURE DATA]      [PRECIPITATION DATA]       SYMBOLS USED IN COLUMN 16

AVERAGE MONTHLY: 68.9   TOTAL FOR MONTH:   3.31    1 = FOG OR MIST
DPTR FM NORMAL:   3.1   DPTR FM NORMAL:   -0.40    2 = FOG REDUCING VISIBILITY
HIGHEST:    97 ON  8    GRTST 24HR  1.15 ON 23-24      TO 1/4 MILE OR LESS
LOWEST:     48 ON  3                               3 = THUNDER
                        SNOW, ICE PELLETS, HAIL    4 = ICE PELLETS
                        TOTAL MONTH:   0.0 INCH    5 = HAIL
                        GRTST 24HR     0.0         6 = FREEZING RAIN OR DRIZZLE
                        GRTST DEPTH:   0           7 = DUSTSTORM OR SANDSTORM:
                                                       VSBY 1/2 MILE OR LESS
                                                   8 = SMOKE OR HAZE
[NO. OF DAYS WITH]      [WEATHER - DAYS WITH]      9 = BLOWING SNOW
                                                   X = TORNADO
MAX 32 OR BELOW:   0    0.01 INCH OR MORE:  11
MAX 90 OR ABOVE:   2    0.10 INCH OR MORE:   7
MIN 32 OR BELOW:   0    0.50 INCH OR MORE:   3
MIN  0 OR BELOW:   0    1.00 INCH OR MORE:   0

[HDD (BASE 65) ]
TOTAL THIS MO.    21    CLEAR  (SCALE 0-3)   2
DPTR FM NORMAL   -45    PTCLDY (SCALE 4-7)  19
TOTAL FM JUL 1  6611    CLOUDY (SCALE 8-10)  9
DPTR FM NORMAL  -192

[CDD (BASE 65) ]
TOTAL THIS MO.   146
DPTR FM NORMAL    41    [PRESSURE DATA]
TOTAL FM JAN 1   242    HIGHEST SLP 30.18 ON  3
DPTR FM NORMAL   103    LOWEST  SLP 29.53 ON 24

[REMARKS]
#FINAL-06-11#
