000
CXUS51 KBGM 030133 CCA
CF6SYR

PRELIMINARY LOCAL CLIMATOLOGICAL DATA (WS FORM: F-6)

                                          STATION:   SYRACUSE NY
                                          MONTH:     APRIL
                                          YEAR:      2014
                                          LATITUDE:   43  7 N
                                          LONGITUDE:  76  7 W

  TEMPERATURE IN F:       :PCPN:    SNOW:  WIND      :SUNSHINE: SKY     :PK WND
================================================================================
1   2   3   4   5  6A  6B    7    8   9   10  11  12  13   14  15   16   17  18
                                     12Z  AVG MX 2MIN
DY MAX MIN AVG DEP HDD CDD  WTR  SNW DPTH SPD SPD DIR MIN PSBL S-S WX    SPD DR
================================================================================

 1  58  25  42   1  23   0 0.00  0.0    0  4.7 16  90   M    M   5        18 100
 2  53  31  42   1  23   0 0.00  0.0    0  7.3 17 280   M    M   4        24 260
 3  44  25  35  -7  30   0 0.00  0.0    0  4.9 10 340   M    M   6        14 340
 4  49  35  42   0  23   0 0.32  0.0    0 12.3 23 120   M    M  10 1      32 130
 5  44  32  38  -4  27   0 0.03  0.1    0 16.6 32 270   M    M   9 19     38 290
 6  51  25  38  -5  27   0 0.00  0.0    0  5.7 14 260   M    M   3        18 270
 7  51  28  40  -3  25   0 1.04  0.0    0  9.6 23  90   M    M   9 13     29 100
 8  56  34  45   1  20   0 0.17  0.0    0 13.4 31 250   M    M   8 13     37 250
 9  47  33  40  -4  25   0 0.00  0.0    0  8.8 20 300   M    M   4        26 330
10  69  30  50   5  15   0    T  0.0    0 12.5 31 200   M    M   6        37 180
11  60  39  50   5  15   0 0.07  0.0    0  5.3 17 300   M    M   7 1      23 300
12  67  34  51   5  14   0 0.00  0.0    0  5.6 14  70   M    M   6        18  60
13  83  46  65  19   0   0 0.05  0.0    0  9.4 24 200   M    M   9        37 200
14  79  53  66  20   0   1 0.34  0.0    0 14.1 31 190   M    M   9 1      41 160
15  64  27  46  -1  19   0 0.58    T    0 15.0 25 290   M    M   8 14     36 270
16  37  22  30 -17  35   0    T  0.3    T  8.5 24 300   M    M   5 1      32 300
17  56  23  40  -8  25   0 0.00  0.0    0  9.1 20 140   M    M   5        25 120
18  61  34  48   0  17   0 0.02  0.0    0  7.4 18 340   M    M   7        22 340
19  53  36  45  -3  20   0 0.00  0.0    0  8.3 16 340   M    M   6        22 290
20  68  29  49   0  16   0    T  0.0    0  4.0 13 360   M    M   5        16  10
21  77  45  61  12   4   0 0.00  0.0    0  4.3 13 240   M    M   8        17 260
22  63  45  54   4  11   0 0.13  0.0    0 10.9 22 280   M    M  10 1      30 280
23  45  38  42  -8  23   0 0.11  0.0    0 14.0 23 330   M    M   9 1      31 330
24  51  33  42  -8  23   0 0.00  0.0    0 10.2 22 300   M    M   2        29 330
25  68  33  51   0  14   0 0.22  0.0    0  8.2 26 160   M    M   8 1      35 170
26  52  41  47  -4  18   0 0.11  0.0    0 10.5 28 260   M    M  10 18     33 260
27  52  39  46  -6  19   0 0.01  0.0    0  8.3 16 310   M    M   8        22 330
28  62  33  48  -4  17   0    T  0.0    0  4.6 14  50   M    M   7        20  90
29  55  45  50  -2  15   0 0.43  0.0    0 14.4 28 110   M    M  10 1      33 120
30  51  41  46  -7  19   0 1.01  0.0    0 11.1 24 110   M    M  10 1      31 110
================================================================================
SM 1726 1034       562   1  4.64     0.4 279.0          M      213
================================================================================
AV 57.5 34.5                               9.3 FASTST   M    M   7    MAX(MPH)
                                 MISC ---->  # 32 270               # 41  160
================================================================================
NOTES:
# LAST OF SEVERAL OCCURRENCES

COLUMN 17 PEAK WIND IN M.P.H.

PRELIMINARY LOCAL CLIMATOLOGICAL DATA (WS FORM: F-6) , PAGE 2

                                          STATION:  SYRACUSE NY
                                          MONTH:    APRIL
                                          YEAR:     2014
                                          LATITUDE:   43  7 N
                                          LONGITUDE:  76  7 W

[TEMPERATURE DATA]      [PRECIPITATION DATA]       SYMBOLS USED IN COLUMN 16

AVERAGE MONTHLY: 46.0   TOTAL FOR MONTH:   4.64    1 = FOG OR MIST
DPTR FM NORMAL:  -0.9   DPTR FM NORMAL:    1.45    2 = FOG REDUCING VISIBILITY
HIGHEST:    83 ON 13    GRTST 24HR  1.18 ON  7- 8      TO 1/4 MILE OR LESS
LOWEST:     22 ON 16                               3 = THUNDER
                        SNOW, ICE PELLETS, HAIL    4 = ICE PELLETS
                        TOTAL MONTH:   0.4 INCH    5 = HAIL
                        GRTST 24HR   0.3 ON 16     6 = FREEZING RAIN OR DRIZZLE
                        GRTST DEPTH:   T ON 15, 16 7 = DUSTSTORM OR SANDSTORM:
                                                       VSBY 1/2 MILE OR LESS
                                                   8 = SMOKE OR HAZE
[NO. OF DAYS WITH]      [WEATHER - DAYS WITH]      9 = BLOWING SNOW
                                                   X = TORNADO
MAX 32 OR BELOW:   0    0.01 INCH OR MORE:  16
MAX 90 OR ABOVE:   0    0.10 INCH OR MORE:  11
MIN 32 OR BELOW:  11    0.50 INCH OR MORE:   3
MIN  0 OR BELOW:   0    1.00 INCH OR MORE:   2

[HDD (BASE 65) ]
TOTAL THIS MO.   562    CLEAR  (SCALE 0-3)   1
DPTR FM NORMAL    15    PTCLDY (SCALE 4-7)  19
TOTAL FM JUL 1  6865    CLOUDY (SCALE 8-10) 10
DPTR FM NORMAL   530

[CDD (BASE 65) ]
TOTAL THIS MO.     1
DPTR FM NORMAL    -3    [PRESSURE DATA]
TOTAL FM JAN 1     1    HIGHEST SLP 30.67 ON 17
DPTR FM NORMAL    -3    LOWEST  SLP 29.27 ON  8

[REMARKS]
#FINAL-04-14#
CORRECTED DATE OF GREATEST 24 HOUR SNOW, GREATEST SNOW DEPTH AMOUNT AND DATES
CORRECTED LOW TEMPERATURE ON THE 30TH WHICH CHANGED THE AVERAGE TEMPERATURE
FOR THE DAY, AVERAGE MONTHLY TEMPERATURE, AVERAGE MONTHLY LOW TEMPERATURE,
HEATING DEGREE DAYS FOR THE DAY AND MONTH AND SINCE JULY 1

TAC
