770
CXUS51 KBGM 021650 CCA
CF6SYR

PRELIMINARY LOCAL CLIMATOLOGICAL DATA (WS FORM: F-6)

                                          STATION:   SYRACUSE NY
                                          MONTH:     NOVEMBER
                                          YEAR:      2015
                                          LATITUDE:   43  7 N
                                          LONGITUDE:  76  7 W

  TEMPERATURE IN F:       :PCPN:    SNOW:  WIND      :SUNSHINE: SKY     :PK WND
================================================================================
1   2   3   4   5  6A  6B    7    8   9   10  11  12  13   14  15   16   17  18
                                     12Z  AVG MX 2MIN
DY MAX MIN AVG DEP HDD CDD  WTR  SNW DPTH SPD SPD DIR MIN PSBL S-S WX    SPD DR
================================================================================

 1  65  45  55   9  10   0 0.18  0.0    0 11.4 36 260   M    M   9 1      47 260
 2  61  42  52   7  13   0 0.00  0.0    0  4.6 13 270   M    M   5        15 330
 3  69  39  54   9  11   0 0.00  0.0    0  5.6 21 280   M    M   2        26 270
 4  75  40  58  13   7   0 0.00  0.0    0  5.7 14 200   M    M   0 1      19 190
 5  73  52  63  19   2   0    T  0.0    0  4.3 12 190   M    M   7        15 190
 6  73  54  64  20   1   0 0.05  0.0    0 14.7 28 270   M    M   9 1      36 220
 7  54  39  47   3  18   0 0.05  0.0    0  9.5 23 300   M    M   9 1      30 300
 8  51  34  43   0  22   0 0.07  0.0    0  7.6 17 250   M    M   5 1      21 250
 9  59  31  45   2  20   0 0.00  0.0    0  2.7 12 200   M    M   2        16 200
10  58  36  47   4  18   0 0.12  0.0    0  4.1  9  80   M    M  10 1      12  50
11  56  48  52  10  13   0 0.03  0.0    0  4.5 14 280   M    M  10 1      17 280
12  61  48  55  13  10   0 0.15  0.0    0 15.0 35 260   M    M   9 1      45 260
13  52  40  46   4  19   0    T  0.0    0 21.1 31 240   M    M   9        43 250
14  41  35  38  -3  27   0 0.05    T    0 13.3 29 280   M    M  10 8      40 300
15  59  34  47   6  18   0 0.00  0.0    0  6.5 20 250   M    M   5        24 240
16  56  32  44   3  21   0 0.00  0.0    0  5.4 12 340   M    M   3 1      16 250
17  51  26  39  -1  26   0 0.00  0.0    0  8.1 13  80   M    M   3        16  80
18  58  34  46   6  19   0 0.00  0.0    0 12.8 25 150   M    M   7        35 140
19  67  53  60  20   5   0 0.08  0.0    0 16.1 32 150   M    M   9 1      42 150
20  53  31  42   3  23   0 0.00  0.0    0  9.7 25 260   M    M   5        32 260
21  48  30  39   0  26   0 0.00  0.0    0  8.9 25 140   M    M   9        34 130
22  50  30  40   2  25   0 0.01  0.3    0 13.8 35 230   M    M   7 1      47 250
23  36  25  31  -7  34   0    T  0.1    T  6.9 14 270   M    M   7 1      18 260
24  38  28  33  -5  32   0    T    T    0  4.4 15 250   M    M   9 4      17 250
25  49  27  38   1  27   0 0.00  0.0    0  7.2 16 160   M    M   3 1      21 160
26  59  41  50  13  15   0 0.00  0.0    0 11.8 23 190   M    M   7        31 190
27  66  42  54  18  11   0 0.03  0.0    0 12.2 23 190   M    M   9 1      35 190
28  42  32  37   1  28   0 0.07    T    T  7.5 14 300   M    M  10 14     17 300
29  39  28  34  -2  31   0 0.00  0.0    0  6.6 14 340   M    M   8        19 280
30  43  21  32  -3  33   0 0.00  0.0    0  3.6  9 110   M    M   5        12 140
================================================================================
SM 1662 1097       565   0  0.89     0.4 265.6          M      202
================================================================================
AV 55.4 36.6                               8.9 FASTST   M    M   7    MAX(MPH)
                                 MISC ---->  # 36 260               # 47  260
================================================================================
NOTES:
# LAST OF SEVERAL OCCURRENCES

COLUMN 17 PEAK WIND IN M.P.H.

PRELIMINARY LOCAL CLIMATOLOGICAL DATA (WS FORM: F-6) , PAGE 2

                                          STATION:  SYRACUSE NY
                                          MONTH:    NOVEMBER
                                          YEAR:     2015
                                          LATITUDE:   43  7 N
                                          LONGITUDE:  76  7 W

[TEMPERATURE DATA]      [PRECIPITATION DATA]       SYMBOLS USED IN COLUMN 16

AVERAGE MONTHLY: 46.0   TOTAL FOR MONTH:   0.89    1 = FOG OR MIST
DPTR FM NORMAL:   5.4   DPTR FM NORMAL:   -2.64    2 = FOG REDUCING VISIBILITY
HIGHEST:    75 ON  4    GRTST 24HR  0.18 ON  1- 1      TO 1/4 MILE OR LESS
LOWEST:     21 ON 30                               3 = THUNDER
                        SNOW, ICE PELLETS, HAIL    4 = ICE PELLETS
                        TOTAL MONTH:   0.4 INCH    5 = HAIL
                        GRTST 24HR   0.4 ON 22-23  6 = FREEZING RAIN OR DRIZZLE
                        GRTST DEPTH:   T           7 = DUSTSTORM OR SANDSTORM:
                                                       VSBY 1/2 MILE OR LESS
                                                   8 = SMOKE OR HAZE
[NO. OF DAYS WITH]      [WEATHER - DAYS WITH]      9 = BLOWING SNOW
                                                   X = TORNADO
MAX 32 OR BELOW:   0    0.01 INCH OR MORE:  12
MAX 90 OR ABOVE:   0    0.10 INCH OR MORE:   3
MIN 32 OR BELOW:  12    0.50 INCH OR MORE:   0
MIN  0 OR BELOW:   0    1.00 INCH OR MORE:   0

[HDD (BASE 65) ]
TOTAL THIS MO.   565    CLEAR  (SCALE 0-3)   6
DPTR FM NORMAL  -167    PTCLDY (SCALE 4-7)  11
TOTAL FM JUL 1  1085    CLOUDY (SCALE 8-10) 13
DPTR FM NORMAL  -264

[CDD (BASE 65) ]
TOTAL THIS MO.     0
DPTR FM NORMAL     0    [PRESSURE DATA]
TOTAL FM JAN 1   717    HIGHEST SLP 30.67 ON 25
DPTR FM NORMAL   148    LOWEST  SLP 29.35 ON 12

[REMARKS]
#FINAL-11-15#
6TH WARMEST NOVEMBER   WARMEST 1931 48.7F
RECORD DAILY HIGH TEMPERATURES DAYS 4 AND 5
2ND DRIEST NOVEMBER PRECIPITATION  DRIEST 1904 0.32"
