000
CXUS51 KBGM 020034
CF6SYR
PRELIMINARY LOCAL CLIMATOLOGICAL DATA (WS FORM: F-6)

                                          STATION:   SYRACUSE NY
                                          MONTH:     FEBRUARY
                                          YEAR:      2016
                                          LATITUDE:   43  7 N
                                          LONGITUDE:  76  7 W

  TEMPERATURE IN F:       :PCPN:    SNOW:  WIND      :SUNSHINE: SKY     :PK WND
================================================================================
1   2   3   4   5  6A  6B    7    8   9   10  11  12  13   14  15   16   17  18
                                     12Z  AVG MX 2MIN
DY MAX MIN AVG DEP HDD CDD  WTR  SNW DPTH SPD SPD DIR MIN PSBL S-S WX    SPD DR
================================================================================

 1  54  30  42  18  23   0    T  0.0    3 11.8 25 280   M    M   8        36 280
 2  41  29  35  11  30   0 0.00  0.0    T  6.9 15  80   M    M   8        19  80
 3  53  37  45  21  20   0 0.58  0.0    0 11.9 33 170   M    M   9 1      43 150
 4  46  32  39  15  26   0    T    T    0 10.2 21 250   M    M   9        26 250
 5  34  25  30   6  35   0    T    T    0  9.3 21 300   M    M   7        27 280
 6  40  26  33   9  32   0 0.00  0.0    0  7.8 23 240   M    M   8        29 220
 7  45  23  34  10  31   0 0.00  0.0    0  4.3 12  50   M    M   6        17 130
 8  40  26  33   8  32   0    T    T    0 10.5 18  90   M    M   9        23 130
 9  31  24  28   3  37   0 0.20  4.1    1  6.5 14  80   M    M  10 1      19  90
10  30  19  25   0  40   0 0.02  1.4    3 14.2 28 260   M    M  10 189    35 250
11  19   9  14 -11  51   0 0.12  4.9    4 16.0 32 260   M    M  10 19     39 260
12  23   8  16  -9  49   0 0.05  1.3    8 13.2 23 220   M    M   8 19     30 230
13  18 -12   3 -22  62   0 0.12  4.1   10 14.3 25 300   M    M   9 129    33 300
14   4 -23  -9 -35  74   0    T    T   11  3.3 13 360   M    M   3 1      17 350
15  28 -11   9 -17  56   0 0.10  2.2   10 10.1 20 130   M    M   7 19     25 160
16  33  20  27   1  38   0 1.98  3.1   12  9.8 26 270   M    M  10 146    32 260
17  31  20  26   0  39   0 0.04  0.5    9 10.1 22 300   M    M  10 16     30 310
18  22   4  13 -13  52   0    T  0.3    9  5.7 15 330   M    M   4 1      18 290
19  38   2  20  -7  45   0    T    T    9 12.8 37 160   M    M   8 48     54 170
20  52  36  44  17  21   0    T  0.0    8 12.7 33 180   M    M   6        43 170
21  41  30  36   9  29   0    T  0.0    5  7.6 14 340   M    M  10        16 260
22  30  15  23  -4  42   0 0.00  0.0    2  6.7 15 340   M    M   7        19 320
23  41  14  28   0  37   0 0.04    T    2  6.6 15  70   M    M   7 146    19  70
24  42  31  37   9  28   0 1.27  0.0    1 10.9 20  50   M    M   9 16     25  60
25  42  26  34   6  31   0 0.24  1.3    T 10.4 22 290   M    M  10 19     29 290
26  26  16  21  -7  44   0    T  1.2    2 15.8 28 270   M    M   9 19     33 260
27  37  19  28   0  37   0 0.01  0.7    2 12.1 24 200   M    M   9 1      30 200
28  63  36  50  21  15   0 0.00  0.0    0 11.5 22 220   M    M   6        28 190
29  57  27  42  13  23   0 0.04    T    0 18.4 32 300   M    M   8 1      43 290
================================================================================
SM 1061  538      1079   0  4.81    25.1 301.4          M      234
================================================================================
AV 36.6 18.6                              10.4 FASTST   M    M   8    MAX(MPH)
                                 MISC ---->  # 37 160               # 54  170
================================================================================
NOTES:
# LAST OF SEVERAL OCCURRENCES

COLUMN 17 PEAK WIND IN M.P.H.

PRELIMINARY LOCAL CLIMATOLOGICAL DATA (WS FORM: F-6) , PAGE 2

                                          STATION:  SYRACUSE NY
                                          MONTH:    FEBRUARY
                                          YEAR:     2016
                                          LATITUDE:   43  7 N
                                          LONGITUDE:  76  7 W

[TEMPERATURE DATA]      [PRECIPITATION DATA]       SYMBOLS USED IN COLUMN 16

AVERAGE MONTHLY: 27.6   TOTAL FOR MONTH:   4.81    1 = FOG OR MIST
DPTR FM NORMAL:   1.7   DPTR FM NORMAL:    2.74    2 = FOG REDUCING VISIBILITY
HIGHEST:    63 ON 28    GRTST 24HR  2.08 ON 15-16      TO 1/4 MILE OR LESS
LOWEST:    -23 ON 14                               3 = THUNDER
                        SNOW, ICE PELLETS, HAIL    4 = ICE PELLETS
                        TOTAL MONTH:  25.1 INCHES  5 = HAIL
                        GRTST 24HR   4.9 ON   M    6 = FREEZING RAIN OR DRIZZLE
                        GRTST DEPTH:  12 ON 16     7 = DUSTSTORM OR SANDSTORM:
                                                       VSBY 1/2 MILE OR LESS
                                                   8 = SMOKE OR HAZE
[NO. OF DAYS WITH]      [WEATHER - DAYS WITH]      9 = BLOWING SNOW
                                                   X = TORNADO
MAX 32 OR BELOW:  11    0.01 INCH OR MORE:  14
MAX 90 OR ABOVE:   0    0.10 INCH OR MORE:   8
MIN 32 OR BELOW:  26    0.50 INCH OR MORE:   3
MIN  0 OR BELOW:   3    1.00 INCH OR MORE:   2

[HDD (BASE 65) ]
TOTAL THIS MO.  1079    CLEAR  (SCALE 0-3)   1
DPTR FM NORMAL   -16    PTCLDY (SCALE 4-7)  13
TOTAL FM JUL 1  4099    CLOUDY (SCALE 8-10) 15
DPTR FM NORMAL  -768

[CDD (BASE 65) ]
TOTAL THIS MO.     0
DPTR FM NORMAL     0    [PRESSURE DATA]
TOTAL FM JAN 1     0    HIGHEST SLP 30.64 ON 18
DPTR FM NORMAL     0    LOWEST  SLP 29.11 ON 25

[REMARKS]
#FINAL-02-16#
