000
CXUS51 KBGM 010800
CF6SYR
PRELIMINARY LOCAL CLIMATOLOGICAL DATA (WS FORM: F-6)

                                          STATION:   SYRACUSE NY
                                          MONTH:     JUNE
                                          YEAR:      2016
                                          LATITUDE:   43  7 N
                                          LONGITUDE:  76  7 W

  TEMPERATURE IN F:       :PCPN:    SNOW:  WIND      :SUNSHINE: SKY     :PK WND
================================================================================
1   2   3   4   5  6A  6B    7    8   9   10  11  12  13   14  15   16   17  18
                                     12Z  AVG MX 2MIN
DY MAX MIN AVG DEP HDD CDD  WTR  SNW DPTH SPD SPD DIR MIN PSBL S-S WX    SPD DR
================================================================================

 1  79  50  65   3   0   0 0.00  0.0    0  5.7 14 160   M    M   6        18 170
 2  74  65  70   7   0   5 0.18  0.0    0  9.3 20 180   M    M   9 1      30 190
 3  81  60  71   8   0   6 0.00  0.0    0  4.8 15 330   M    M   4        19 340
 4  81  55  68   4   0   3 0.00  0.0    0  3.0  9  70   M    M   7        12  60
 5  75  65  70   6   0   5 0.57  0.0    0  9.2 23 260   M    M   9 1      29 250
 6  78  57  68   4   0   3    T  0.0    0 12.8 25 250   M    M   6        33 250
 7  72  54  63  -1   2   0 0.31    T    0 10.8 30 280   M    M   8 1358   37 270
 8  59  51  55 -10  10   0 0.05  0.0    0 16.1 30 280   M    M   9 1      38 290
 9  64  47  56  -9   9   0 0.00  0.0    0 16.2 26 290   M    M   5        37 290
10  69  46  58  -7   7   0 0.00  0.0    0  9.0 20 310   M    M   5        30 340
11  80  45  63  -3   2   0 0.49  0.0    0  7.4 22 300   M    M   6 13     29 290
12  75  53  64  -2   1   0 0.00  0.0    0 15.1 30 290   M    M   8        38 290
13  63  50  57  -9   8   0    T  0.0    0 10.3 24 280   M    M   9        29 270
14  69  44  57  -9   8   0 0.00  0.0    0  5.9 16 330   M    M   2        19 320
15  80  46  63  -4   2   0 0.00  0.0    0  2.8 10  50   M    M   5        13  20
16  83  58  71   4   0   6 0.00  0.0    0  4.2 13  40   M    M   8        17  40
17  83  54  69   2   0   4 0.00  0.0    0  4.6 13 320   M    M   5        16 330
18  85  55  70   2   0   5 0.00  0.0    0  3.1 10 310   M    M   4        13 330
19  88  56  72   4   0   7 0.00  0.0    0  4.2 15 280   M    M   4        19 260
20  90  63  77   9   0  12 0.31  0.0    0 11.5 30 300   M    M   7 13     38 310
21  75  56  66  -2   0   1    T  0.0    0 11.8 24 270   M    M   4        30 270
22  71  54  63  -6   2   0 0.04  0.0    0  8.0 25 280   M    M   6 1      35 270
23  77  49  63  -6   2   0 0.00  0.0    0  4.6 15 330   M    M   4        20 320
24  80  50  65  -4   0   0 0.00  0.0    0  3.2 13 340   M    M   2        16 360
25  85  54  70   1   0   5 0.00  0.0    0  2.8 13 300   M    M   3        23 320
26  90  62  76   6   0  11 0.00  0.0    0  8.6 17 170   M    M   6        24 200
27  86  69  78   8   0  13    T  0.0    0  8.4 20 190   M    M   8        25 200
28  82  63  73   3   0   8 0.00  0.0    0  8.5 22 310   M    M   6 1      27 310
29  76  59  68  -2   0   3    T  0.0    0  8.5 18 250   M    M   5 1      23 330
30  80  57  69  -1   0   4 0.00  0.0    0  5.7 15 280   M    M   5        20 270
================================================================================
SM 2330 1647        53 101  1.95    T    236.1          M      175
================================================================================
AV 77.7 54.9                               7.9 FASTST   M    M   6    MAX(MPH)
                                 MISC ---->  # 30 280               # 38  290
================================================================================
NOTES:
# LAST OF SEVERAL OCCURRENCES

COLUMN 17 PEAK WIND IN M.P.H.

PRELIMINARY LOCAL CLIMATOLOGICAL DATA (WS FORM: F-6) , PAGE 2

                                          STATION:  SYRACUSE NY
                                          MONTH:    JUNE
                                          YEAR:     2016
                                          LATITUDE:   43  7 N
                                          LONGITUDE:  76  7 W

[TEMPERATURE DATA]      [PRECIPITATION DATA]       SYMBOLS USED IN COLUMN 16

AVERAGE MONTHLY: 66.3   TOTAL FOR MONTH:   1.95    1 = FOG OR MIST
DPTR FM NORMAL:  -0.4   DPTR FM NORMAL:   -1.36    2 = FOG REDUCING VISIBILITY
HIGHEST:    90 ON 26,20 GRTST 24HR  0.57 ON  5- 5      TO 1/4 MILE OR LESS
LOWEST:     44 ON 14                               3 = THUNDER
                        SNOW, ICE PELLETS, HAIL    4 = ICE PELLETS
                        TOTAL MONTH:    T          5 = HAIL
                        GRTST 24HR    T  ON  7- 7  6 = FREEZING RAIN OR DRIZZLE
                        GRTST DEPTH:   0           7 = DUSTSTORM OR SANDSTORM:
                                                       VSBY 1/2 MILE OR LESS
                                                   8 = SMOKE OR HAZE
[NO. OF DAYS WITH]      [WEATHER - DAYS WITH]      9 = BLOWING SNOW
                                                   X = TORNADO
MAX 32 OR BELOW:   0    0.01 INCH OR MORE:   7
MAX 90 OR ABOVE:   2    0.10 INCH OR MORE:   5
MIN 32 OR BELOW:   0    0.50 INCH OR MORE:   1
MIN  0 OR BELOW:   0    1.00 INCH OR MORE:   0

[HDD (BASE 65) ]
TOTAL THIS MO.    53    CLEAR  (SCALE 0-3)   3
DPTR FM NORMAL    -8    PTCLDY (SCALE 4-7)  23
TOTAL FM JUL 1  5851    CLOUDY (SCALE 8-10)  4
DPTR FM NORMAL  -800

[CDD (BASE 65) ]
TOTAL THIS MO.   101
DPTR FM NORMAL   -12    [PRESSURE DATA]
TOTAL FM JAN 1   157    HIGHEST SLP 30.27 ON 19
DPTR FM NORMAL    14    LOWEST  SLP 29.46 ON  5

[REMARKS]
#FINAL-06-16#
