000
CXUS51 KBGM 052022 CCB
CF6SYR

PRELIMINARY LOCAL CLIMATOLOGICAL DATA (WS FORM: F-6)

                                          STATION:   SYRACUSE NY
                                          MONTH:     NOVEMBER
                                          YEAR:      2016
                                          LATITUDE:   43  7 N
                                          LONGITUDE:  76  7 W

  TEMPERATURE IN F:       :PCPN:    SNOW:  WIND      :SUNSHINE: SKY     :PK WND
================================================================================
1   2   3   4   5  6A  6B    7    8   9   10  11  12  13   14  15   16   17  18
                                     12Z  AVG MX 2MIN
DY MAX MIN AVG DEP HDD CDD  WTR  SNW DPTH SPD SPD DIR MIN PSBL S-S WX    SPD DR
================================================================================

 1  60  28  44  -2  21   0 0.00  0.0    0  8.6 20 150   M    M   6        23 150
 2  61  45  53   8  12   0 0.19  0.0    0  4.0 13 330   M    M   9 1      15 330
 3  56  47  52   7  13   0 0.65  0.0    0  8.8 21 340   M    M   8 1      26 340
 4  49  37  43  -2  22   0 0.02  0.0    0  9.0 23 330   M    M   6        29 330
 5  58  44  51   7  14   0 0.00  0.0    0 11.2 20 260   M    M   8        25 250
 6  51  32  42  -2  23   0 0.00  0.0    0  7.7 17 350   M    M   6        22 340
 7  58  28  43  -1  22   0 0.00  0.0    0  2.5  7  90   M    M   1         8  90
 8  66  29  48   5  17   0    T  0.0    0  3.3 15 260   M    M   6        18 260
 9  51  30  41  -2  24   0 0.16  0.0    0  8.5 21 330   M    M   9 1      25 340
10  57  29  43   0  22   0 0.00  0.0    0  8.8 21 240   M    M   5        27 240
11  54  36  45   3  20   0    T  0.0    0 17.0 29 330   M    M   8        39 300
12  44  30  37  -5  28   0 0.00  0.0    0  6.8 16 280   M    M   8        20 280
13  56  29  43   1  22   0 0.00  0.0    0  8.0 23 250   M    M   2        27 250
14  58  25  42   1  23   0 0.00  0.0    0  3.5 12 240   M    M   4        16 250
15  54  34  44   3  21   0    T  0.0    0  2.9 10 270   M    M   8        11 270
16  55  42  49   8  16   0    T  0.0    0  8.1 16 260   M    M   8 1      18 260
17  53  36  45   5  20   0    T  0.0    0  5.4 13 290   M    M   7        17 290
18  63  30  47   7  18   0 0.00  0.0    0  5.5  9  90   M    M   4 1      10  90
19  70  34  52  12  13   0 0.18    T    0 10.5 29 270   M    M   5 14     36 260
20  36  27  32  -7  33   0 0.57  6.4    T 18.5 26 280   M    M   9 129    37 290
21  30  26  28 -11  37   0 0.39 18.3   13 18.7 29 290   M    M  10 129    39 300
22  33  29  31  -7  34   0 0.02  0.4   20 12.7 23 290   M    M  10 189    33 280
23  33  28  31  -7  34   0    T    T   17  4.7 15 300   M    M  10        19 280
24  35  30  33  -5  32   0 0.06    T    9  7.1 15  70   M    M   8 146    17  70
25  43  33  38   1  27   0 0.01  0.0    7  4.4 10 210   M    M  10 1      15 240
26  40  34  37   0  28   0 0.25  0.0    3  7.5 17 250   M    M  10 1      20 240
27  39  32  36   0  29   0 0.23  0.1    1  6.6 15 240   M    M   9 1      17 270
28  47  29  38   2  27   0 0.00  0.0    T  7.6 16 120   M    M   8 12     20 130
29  56  37  47  11  18   0 0.03  0.0    0  7.5 26 170   M    M   9 1      38 150
30  55  34  45  10  20   0 0.02  0.0    0  8.7 17 150   M    M   9 1      22 150
================================================================================
SM 1521  984       690   0  2.78    25.2 244.1          M      220
================================================================================
AV 50.7 32.8                               8.1 FASTST   M    M   7    MAX(MPH)
                                 MISC ---->  # 29 330               # 39  300
================================================================================
NOTES:
# LAST OF SEVERAL OCCURRENCES

COLUMN 17 PEAK WIND IN M.P.H.

PRELIMINARY LOCAL CLIMATOLOGICAL DATA (WS FORM: F-6) , PAGE 2

                                          STATION:  SYRACUSE NY
                                          MONTH:    NOVEMBER
                                          YEAR:     2016
                                          LATITUDE:   43  7 N
                                          LONGITUDE:  76  7 W

[TEMPERATURE DATA]      [PRECIPITATION DATA]       SYMBOLS USED IN COLUMN 16

AVERAGE MONTHLY: 41.8   TOTAL FOR MONTH:   2.78    1 = FOG OR MIST
DPTR FM NORMAL:   1.2   DPTR FM NORMAL:   -0.75    2 = FOG REDUCING VISIBILITY
HIGHEST:    70 ON 19    GRTST 24HR  0.84 ON  2- 3      TO 1/4 MILE OR LESS
LOWEST:     25 ON 14                               3 = THUNDER
                        SNOW, ICE PELLETS, HAIL    4 = ICE PELLETS
                        TOTAL MONTH:  25.2 INCHES  5 = HAIL
                        GRTST 24HR  18.9 ON 20-21  6 = FREEZING RAIN OR DRIZZLE
                        GRTST DEPTH:  22 ON 21,22  7 = DUSTSTORM OR SANDSTORM:
                                                       VSBY 1/2 MILE OR LESS
                                                   8 = SMOKE OR HAZE
[NO. OF DAYS WITH]      [WEATHER - DAYS WITH]      9 = BLOWING SNOW
                                                   X = TORNADO
MAX 32 OR BELOW:   1    0.01 INCH OR MORE:  14
MAX 90 OR ABOVE:   0    0.10 INCH OR MORE:   8
MIN 32 OR BELOW:  17    0.50 INCH OR MORE:   2
MIN  0 OR BELOW:   0    1.00 INCH OR MORE:   0

[HDD (BASE 65) ]
TOTAL THIS MO.   690    CLEAR  (SCALE 0-3)   2
DPTR FM NORMAL   -42    PTCLDY (SCALE 4-7)  14
TOTAL FM JUL 1  1194    CLOUDY (SCALE 8-10) 14
DPTR FM NORMAL  -155

[CDD (BASE 65) ]
TOTAL THIS MO.     0
DPTR FM NORMAL     0    [PRESSURE DATA]
TOTAL FM JAN 1   809    HIGHEST SLP 30.50 ON  7
DPTR FM NORMAL   240    LOWEST  SLP 29.33 ON 30

[REMARKS]
4TH GREATEST NOVEMBER MONTHLY SNOWFALL
SNOWFALL ON NOVEMBER 21ST BROKE A RECORD FOR THE DAY AND
 WAS 9TH GREATEST CALENDAR DAY SNOWFALL EVER
CORRECTED SNOW DEPTH ON DAY 23 AND 24 HOUR GREATEST SNOWFALL
#FINAL-11-16#
