000
CXUS51 KBGM 021806
CF6SYR
PRELIMINARY LOCAL CLIMATOLOGICAL DATA (WS FORM: F-6)

                                          STATION:   SYRACUSE NY
                                          MONTH:     DECEMBER
                                          YEAR:      2010
                                          LATITUDE:   43  7 N
                                          LONGITUDE:  76  7 W

  TEMPERATURE IN F:       :PCPN:    SNOW:  WIND      :SUNSHINE: SKY     :PK WND
================================================================================
1   2   3   4   5  6A  6B    7    8   9   10  11  12  13   14  15   16   17  18
                                     12Z  AVG MX 2MIN
DY MAX MIN AVG DEP HDD CDD  WTR  SNW DPTH SPD SPD DIR MIN PSBL S-S WX    SPD DR
================================================================================

 1  63  33  48  14  17   0 1.36  0.9    0 16.1 30 290   M    M  10 1      41 160
 2  36  29  33   0  32   0 0.00  0.0    T 11.8 18 270   M    M   8        24 270
 3  36  27  32  -1  33   0 0.03  0.6    T  7.9 14 280   M    M   9 1      17 280
 4  30  26  28  -5  37   0 0.02  1.1    1  7.8 15 330   M    M  10 1      18 330
 5  27  24  26  -6  39   0 0.27  6.8    1 10.9 20 310   M    M  10 12     25 310
 6  26  23  25  -7  40   0    M 12.2    9 12.3 21 310   M    M  10 1      25 300
 7  27  23  25  -6  40   0    M  9.3   16 12.8 25 320   M    M  10 1      30 330
 8  25  19  22  -9  43   0    M 14.9   21 11.6 22 290   M    M  10 128    28 290
 9  20   5  13 -18  52   0    M  1.9   21  5.2 14 330   M    M   9 1      18 330
10  33   3  18 -12  47   0    T  0.1   17  8.2 20 200   M    M   9 8      29 210
11  40  28  34   4  31   0 0.00  0.0   13  8.0 15 220   M    M   9        20 220
12  47  30  39   9  26   0 0.06  0.0    8 12.8 26 120   M    M  10 16     32 120
13  41  15  28  -1  37   0 0.02  1.4    4 14.3 26 290   M    M  10 1      31 280
14  17  13  15 -14  50   0 0.16  5.0    6 10.7 17 320   M    M  10 129    23 310
15  22  15  19 -10  46   0 0.32 11.9    8 11.9 21 310   M    M  10 19     26 310
16  28  20  24  -4  41   0 0.09  3.4   19  9.8 24 280   M    M   9 1      29 280
17  31  21  26  -2  39   0 0.02  1.4   15  7.6 16 270   M    M  10 18     21 260
18  31   9  20  -8  45   0    T    T   12  5.9 15 230   M    M   7        20 240
19  29   2  16 -11  49   0 0.00  0.0   10  2.0  7 300   M    M   6         8 160
20  30  23  27   0  38   0 0.04  1.0    9  6.6 15  10   M    M  10 18     21  10
21  27  24  26  -1  39   0    T    T    8  5.8 15 310   M    M  10        18 340
22  28  24  26  -1  39   0    T    T    7  8.3 16 340   M    M  10 16     21 330
23  27  26  27   1  38   0 0.01  0.2    6 11.1 18 320   M    M  10 16     25 320
24  26  24  25  -1  40   0    T  0.2    6  7.4 15 290   M    M  10 1      18 340
25  24  17  21  -5  44   0 0.00  0.0    6  6.1 13 330   M    M  10        15 330
26  21  14  18  -8  47   0    T    T    6  9.7 21 360   M    M   9        24 360
27  23  11  17  -8  48   0    T  0.2    6 15.7 26 360   M    M  10        32 360
28  30  20  25   0  40   0 0.02  0.2    6 13.2 24 280   M    M  10 1      31 280
29  31  22  27   2  38   0    T  0.1    5 11.4 20 280   M    M  10 16     25 270
30  40  13  27   2  38   0 0.00  0.0    5  4.4  9 120   M    M   6 18     10 150
31  49  30  40  16  25   0    T  0.0    5  3.8 10 150   M    M   9        12 150
================================================================================
SM  965  613      1218   0  2.42    72.8 291.1          M      290
================================================================================
AV 31.1 19.8                               9.4 FASTST   M    M   9    MAX(MPH)
                                 MISC ---->  # 30 290               # 41  160
================================================================================
NOTES:
# LAST OF SEVERAL OCCURRENCES

COLUMN 17 PEAK WIND IN M.P.H.

PRELIMINARY LOCAL CLIMATOLOGICAL DATA (WS FORM: F-6) , PAGE 2

                                          STATION:  SYRACUSE NY
                                          MONTH:    DECEMBER
                                          YEAR:     2010
                                          LATITUDE:   43  7 N
                                          LONGITUDE:  76  7 W

[TEMPERATURE DATA]      [PRECIPITATION DATA]       SYMBOLS USED IN COLUMN 16

AVERAGE MONTHLY: 25.5   TOTAL FOR MONTH:   2.42    1 = FOG OR MIST
DPTR FM NORMAL:  -3.1   DPTR FM NORMAL:   -0.70    2 = FOG REDUCING VISIBILITY
HIGHEST:    63 ON  1    GRTST 24HR  2.48 ON  6- 7      TO 1/4 MILE OR LESS
LOWEST:      2 ON 19                               3 = THUNDER
                        SNOW, ICE PELLETS, HAIL    4 = ICE PELLETS
                        TOTAL MONTH:  72.8 INCHES  5 = HAIL
                        GRTST 24HR  14.9 ON   M    6 = FREEZING RAIN OR DRIZZLE
                        GRTST DEPTH:  21 ON  9, 8  7 = DUSTSTORM OR SANDSTORM:
                                                       VSBY 1/2 MILE OR LESS
                                                   8 = SMOKE OR HAZE
[NO. OF DAYS WITH]      [WEATHER - DAYS WITH]      9 = BLOWING SNOW
                                                   X = TORNADO
MAX 32 OR BELOW:  22    0.01 INCH OR MORE:  13
MAX 90 OR ABOVE:   0    0.10 INCH OR MORE:   4
MIN 32 OR BELOW:  30    0.50 INCH OR MORE:   1
MIN  0 OR BELOW:   0    1.00 INCH OR MORE:   1

[HDD (BASE 65) ]
TOTAL THIS MO.  1218    CLEAR  (SCALE 0-3)   0
DPTR FM NORMAL   105    PTCLDY (SCALE 4-7)   3
TOTAL FM JUL 1  2485    CLOUDY (SCALE 8-10) 28
DPTR FM NORMAL   -29

[CDD (BASE 65) ]
TOTAL THIS MO.     0
DPTR FM NORMAL     0    [PRESSURE DATA]
TOTAL FM JAN 1   796    HIGHEST SLP 30.37 ON 10
DPTR FM NORMAL   245    LOWEST  SLP 29.14 ON 13

[REMARKS]
#FINAL-12-10#
12/06-09 PRECIPITATION MISSING DUE TO ASOS ALL WEATHER PRECIPITATION GAGE
NOT WORKING PROPERLY.
GREATEST DECEMBER SNOWFALL AND SECOND GREATEST FOR ANY MONTH.
