000
CXUS51 KBGM 031941 CCA
CF6SYR

PRELIMINARY LOCAL CLIMATOLOGICAL DATA (WS FORM: F-6)

                                          STATION:   SYRACUSE NY
                                          MONTH:     FEBRUARY
                                          YEAR:      2011
                                          LATITUDE:   43  7 N
                                          LONGITUDE:  76  7 W

  TEMPERATURE IN F:       :PCPN:    SNOW:  WIND      :SUNSHINE: SKY     :PK WND
================================================================================
1   2   3   4   5  6A  6B    7    8   9   10  11  12  13   14  15   16   17  18
                                     12Z  AVG MX 2MIN
DY MAX MIN AVG DEP HDD CDD  WTR  SNW DPTH SPD SPD DIR MIN PSBL S-S WX    SPD DR
================================================================================

 1  20   9  15  -7  50   0 0.28  1.8   10  6.1 12 110   M    M  10 12     15 110
 2  32  16  24   2  41   0    M  4.6   13 11.2 28 280   M    M  10 1469   33 290
 3  26   7  17  -5  48   0    T  2.2   15  8.0 16 270   M    M   6 1      17 290
 4  30   8  19  -4  46   0 0.00  0.0   13  8.1 20 260   M    M   4        26 270
 5  32   4  18  -5  47   0 0.66  4.9   12  5.0 16 300   M    M   8 146    18  80
 6  33  28  31   8  34   0 0.04  1.0   18  6.3 14 300   M    M  10 18     14 300
 7  36  30  33  10  32   0 0.18  0.9   16  2.5  8 210   M    M  10 18      8 210
 8  32  12  22  -1  43   0 0.14  6.2   17 16.1 29 290   M    M  10 19     40 300
 9  28   0  14  -9  51   0 0.00  0.0   19 11.0 24 270   M    M   6        30 280
10  18   2  10 -13  55   0 0.00  0.0   18 11.7 22 290   M    M   4 8      25 290
11  24  -9   8 -16  57   0 0.00  0.0   18  4.1 17 270   M    M   5 8      25 250
12  31  10  21  -3  44   0 0.08  3.9   17 13.8 25 320   M    M  10 129    36 320
13  44  18  31   7  34   0 0.01    T   19  9.7 22 230   M    M   8 18     30 240
14  48  23  36  12  29   0 0.15  1.4   15 16.5 32 280   M    M   8 19     45 280
15  23   9  16  -8  49   0    T    T   14  7.6 22 330   M    M   4        29 330
16  41  12  27   3  38   0    T    T   13  4.9 15 230   M    M   9        18 230
17  51  25  38  13  27   0 0.01  0.0   11  3.4 14 220   M    M   8        17 210
18  55  38  47  22  18   0    T    T    8 18.9 43 300   M    M   7        55 310
19  39  16  28   3  37   0 0.08  5.4    8 20.3 38 300   M    M   9 19     47 330
20  27  13  20  -5  45   0 0.01  0.1    9  5.6 21 340   M    M   9 1      26 340
21  22  11  17  -9  48   0 0.04  1.7   10  9.2 17 360   M    M  10 1      22 330
22  20   6  13 -13  52   0 0.00  0.0    9  6.8 13 330   M    M   4        16 360
23  33   2  18  -8  47   0 0.00  0.0    8  1.4  6 110   M    M   1         7 120
24  37  12  25  -2  40   0    T  0.1    7  4.1 13 220   M    M   7        15 220
25  33  22  28   1  37   0 0.44  6.0    5 10.9 24 360   M    M  10 12489  30 350
26  30  19  25  -2  40   0 0.07  1.5   10  8.4 22 280   M    M  10 1      25 280
27  39  26  33   5  32   0 0.08  1.6   12  5.7 14 290   M    M   9 1      18 290
28  46  31  39  11  26   0 0.38    T    9 13.8 36 290   M    M  10 1      46 300
================================================================================
SM  930  400      1147   0  2.65    43.3 251.1          M      216
================================================================================
AV 33.2 14.3                               9.0 FASTST   M    M   8    MAX(MPH)
                                 MISC ---->  # 43 300               # 55  310
================================================================================
NOTES:
# LAST OF SEVERAL OCCURRENCES

COLUMN 17 PEAK WIND IN M.P.H.

PRELIMINARY LOCAL CLIMATOLOGICAL DATA (WS FORM: F-6) , PAGE 2

                                          STATION:  SYRACUSE NY
                                          MONTH:    FEBRUARY
                                          YEAR:     2011
                                          LATITUDE:   43  7 N
                                          LONGITUDE:  76  7 W

[TEMPERATURE DATA]      [PRECIPITATION DATA]       SYMBOLS USED IN COLUMN 16

AVERAGE MONTHLY: 23.8   TOTAL FOR MONTH:   2.65    1 = FOG OR MIST
DPTR FM NORMAL:  -0.8   DPTR FM NORMAL:    0.53    2 = FOG REDUCING VISIBILITY
HIGHEST:    55 ON 18    GRTST 24HR  MM   ON  MM        TO 1/4 MILE OR LESS
LOWEST:     -9 ON 11                               3 = THUNDER
                        SNOW, ICE PELLETS, HAIL    4 = ICE PELLETS
                        TOTAL MONTH:  43.3 INCHES  5 = HAIL
                        GRTST 24HR   6.2 ON  02/08 6 = FREEZING RAIN OR DRIZZLE
                        GRTST DEPTH:  19 ON 13, 9  7 = DUSTSTORM OR SANDSTORM:
                                                       VSBY 1/2 MILE OR LESS
                                                   8 = SMOKE OR HAZE
[NO. OF DAYS WITH]      [WEATHER - DAYS WITH]      9 = BLOWING SNOW
                                                   X = TORNADO
MAX 32 OR BELOW:  15    0.01 INCH OR MORE:  16
MAX 90 OR ABOVE:   0    0.10 INCH OR MORE:   7
MIN 32 OR BELOW:  27    0.50 INCH OR MORE:   1
MIN  0 OR BELOW:   2    1.00 INCH OR MORE:   0

[HDD (BASE 65) ]
TOTAL THIS MO.  1147    CLEAR  (SCALE 0-3)   1
DPTR FM NORMAL    16    PTCLDY (SCALE 4-7)  13
TOTAL FM JUL 1  4991    CLOUDY (SCALE 8-10) 14
DPTR FM NORMAL    50

[CDD (BASE 65) ]
TOTAL THIS MO.     0
DPTR FM NORMAL     0    [PRESSURE DATA]
TOTAL FM JAN 1     0    HIGHEST SLP 30.48 ON 15
DPTR FM NORMAL     0    LOWEST  SLP 29.30 ON 14

[REMARKS]
#FINAL-02-11#
