000
CXUS51 KBGM 101617
CF6SYR
PRELIMINARY LOCAL CLIMATOLOGICAL DATA (WS FORM: F-6)

                                          STATION:   SYRACUSE NY
                                          MONTH:     JANUARY
                                          YEAR:      2011
                                          LATITUDE:   43  7 N
                                          LONGITUDE:  76  7 W

  TEMPERATURE IN F:       :PCPN:    SNOW:  WIND      :SUNSHINE: SKY     :PK WND
================================================================================
1   2   3   4   5  6A  6B    7    8   9   10  11  12  13   14  15   16   17  18
                                     12Z  AVG MX 2MIN
DY MAX MIN AVG DEP HDD CDD  WTR  SNW DPTH SPD SPD DIR MIN PSBL S-S WX    SPD DR
================================================================================

 1  53  37  45  21  20   0 0.03  0.0    3  6.5 14 220   M    M  10 1      17 220
 2  45  25  35  11  30   0 0.05    T    1 11.2 25 310   M    M  10 14     31 320
 3  31  23  27   3  38   0    T    T    1 12.3 22 280   M    M   8        26 290
 4  36  28  32   8  33   0 0.03  0.5    T  9.3 18 270   M    M  10 1      22 260
 5  31  21  26   2  39   0 0.13  2.7    3  9.1 17 290   M    M   9 1      21 280
 6  26  16  21  -3  44   0 0.01  0.5    3  5.2 13 280   M    M   8 18     15 160
 7  26  13  20  -3  45   0 0.04  1.3    2  5.4 18 280   M    M  10 1      21 290
 8  27  11  19  -4  46   0 0.01  0.6    2  3.2 12 360   M    M   9 1      13 340
 9  26  22  24   1  41   0 0.07  4.3    3 12.7 23 280   M    M  10 189    29 290
10  24  16  20  -3  45   0 0.01  0.6    5  8.2 20 310   M    M   8 168    24 310
11  21  15  18  -5  47   0 0.23  2.1    4  5.0 10 110   M    M   9 1      14  90
12  21  17  19  -4  46   0    M  6.1    7  8.9 18 340   M    M  10 12     24 320
13  20  14  17  -6  48   0 0.02  3.7   11 10.2 18 290   M    M  10 1      24 300
14  26  13  20  -3  45   0    T  0.5   10  1.5  8 270   M    M   9 18      9 270
15  31   7  19  -4  46   0 0.06  1.8    8 11.8 25 270   M    M  10 189    31 280
16  26   9  18  -5  47   0 0.24  6.5   12 12.6 24 310   M    M   9 1289   31 290
17  16  -4   6 -16  59   0    T    T   14  7.5 14 110   M    M   8 1      20 100
18  31  16  24   2  41   0 0.05  0.4   13  6.5 15 120   M    M   9 146    17 110
19  31  20  26   4  39   0 0.06  1.1    8  6.5 14 330   M    M   9 16     16 330
20  25  16  21  -1  44   0 0.05  0.5    8  9.7 22 280   M    M   9 1      26 280
21  23  12  18  -4  47   0 0.13  3.1   10 13.8 31 280   M    M  10 1289   37 280
22  19   9  14  -8  51   0 0.02  0.5   10  8.1 21 280   M    M   9 19     26 270
23  14  -5   5 -17  60   0    T  0.6   10  6.5 18 330   M    M   7 18     22 330
24  10 -13  -1 -23  66   0 0.07  0.8   10  5.8 13 110   M    M   7 1      15 120
25  31   8  20  -2  45   0 0.07  1.2   11  2.7  9  20   M    M  10 18     12 110
26  35  25  30   8  35   0    T    T   10  3.3 10  80   M    M  10 18     13  60
27  30  22  26   4  39   0 0.02  1.4    9  6.6 13 300   M    M  10 1      16 300
28  32  21  27   5  38   0 0.02  0.7   10  3.1 17 290   M    M  10 18     21 290
29  30  24  27   5  38   0    T    T   10  6.2 15 270   M    M  10 1      17 260
30  27  19  23   1  42   0 0.01  1.5    9  6.8 21 300   M    M  10 189    30 300
31  19   0  10 -12  55   0    T  0.2   10  3.2 15  10   M    M   7 1      18  10
================================================================================
SM  843  457      1359   0  1.43    43.2 229.4          M      284
================================================================================
AV 27.2 14.7                               7.4 FASTST   M    M   9    MAX(MPH)
                                 MISC ---->  # 31 280               # 37  280
================================================================================
NOTES:
# LAST OF SEVERAL OCCURRENCES

COLUMN 17 PEAK WIND IN M.P.H.

PRELIMINARY LOCAL CLIMATOLOGICAL DATA (WS FORM: F-6) , PAGE 2

                                          STATION:  SYRACUSE NY
                                          MONTH:    JANUARY
                                          YEAR:     2011
                                          LATITUDE:   43  7 N
                                          LONGITUDE:  76  7 W

[TEMPERATURE DATA]      [PRECIPITATION DATA]       SYMBOLS USED IN COLUMN 16

AVERAGE MONTHLY: 21.0   TOTAL FOR MONTH:   1.43    1 = FOG OR MIST
DPTR FM NORMAL:  -1.7   DPTR FM NORMAL:   -1.17    2 = FOG REDUCING VISIBILITY
HIGHEST:    53 ON  1    GRTST 24HR  2.28 ON 11-12      TO 1/4 MILE OR LESS
LOWEST:    -13 ON 24                               3 = THUNDER
                        SNOW, ICE PELLETS, HAIL    4 = ICE PELLETS
                        TOTAL MONTH:  43.2 INCHES  5 = HAIL
                        GRTST 24HR   6.5 ON 16-16  6 = FREEZING RAIN OR DRIZZLE
                        GRTST DEPTH:  14 ON 17     7 = DUSTSTORM OR SANDSTORM:
                                                       VSBY 1/2 MILE OR LESS
                                                   8 = SMOKE OR HAZE
[NO. OF DAYS WITH]      [WEATHER - DAYS WITH]      9 = BLOWING SNOW
                                                   X = TORNADO
MAX 32 OR BELOW:  27    0.01 INCH OR MORE:  23
MAX 90 OR ABOVE:   0    0.10 INCH OR MORE:   4
MIN 32 OR BELOW:  30    0.50 INCH OR MORE:   0
MIN  0 OR BELOW:   4    1.00 INCH OR MORE:   0

[HDD (BASE 65) ]
TOTAL THIS MO.  1359    CLEAR  (SCALE 0-3)   0
DPTR FM NORMAL    63    PTCLDY (SCALE 4-7)   6
TOTAL FM JUL 1  3844    CLOUDY (SCALE 8-10) 25
DPTR FM NORMAL    34

[CDD (BASE 65) ]
TOTAL THIS MO.     0
DPTR FM NORMAL     0    [PRESSURE DATA]
TOTAL FM JAN 1     0    HIGHEST SLP 30.59 ON 31
DPTR FM NORMAL     0    LOWEST  SLP 29.34 ON  7

[REMARKS]
#FINAL-01-11#
