000
CXUS51 KBGM 040209
CF6SYR
PRELIMINARY LOCAL CLIMATOLOGICAL DATA (WS FORM: F-6)

                                          STATION:   SYRACUSE NY
                                          MONTH:     OCTOBER
                                          YEAR:      2010
                                          LATITUDE:   43  7 N
                                          LONGITUDE:  76  7 W

  TEMPERATURE IN F:       :PCPN:    SNOW:  WIND      :SUNSHINE: SKY     :PK WND
================================================================================
1   2   3   4   5  6A  6B    7    8   9   10  11  12  13   14  15   16   17  18
                                     12Z  AVG MX 2MIN
DY MAX MIN AVG DEP HDD CDD  WTR  SNW DPTH SPD SPD DIR MIN PSBL S-S WX    SPD DR
================================================================================

 1  64  50  57   1   8   0 0.21  0.0    0  8.3 21 360   M    M   9 1      26 350
 2  61  46  54  -1  11   0 0.00  0.0    0  5.2 14  10   M    M   7        22 330
 3  61  43  52  -3  13   0 0.00  0.0    0  6.3 13  20   M    M   6        17  50
 4  56  44  50  -4  15   0 0.10  0.0    0  2.3 12 280   M    M  10 1      13 290
 5  54  48  51  -3  14   0 0.35  0.0    0  4.2 10 360   M    M  10 1      25  80
 6  64  51  58   4   7   0 0.07  0.0    0  7.6 16 100   M    M   8 1      21 110
 7  65  51  58   5   7   0 0.35  0.0    0 14.3 32 310   M    M   5 1      44 310
 8  73  49  61   8   4   0 0.00  0.0    0 14.5 29 290   M    M   2        37 300
 9  59  40  50  -2  15   0 0.00  0.0    0  6.4 16  10   M    M   3        21 340
10  67  36  52   0  13   0 0.00  0.0    0  4.3 15 300   M    M   3        21 300
11  63  45  54   2  11   0 0.00  0.0    0  3.6 10  10   M    M   7 1      15 300
12  58  38  48  -3  17   0 0.00  0.0    0  3.8 18 360   M    M   5        22 350
13  63  35  49  -2  16   0 0.00  0.0    0  1.6  8 290   M    M   4        12 260
14  58  37  48  -3  17   0 0.36  0.0    0  5.8 15 220   M    M   9 1      22 230
15  49  47  48  -2  17   0 0.93  0.0    0 14.8 25 350   M    M  10 1      32 360
16  56  43  50   0  15   0 0.02  0.0    0 12.8 22 360   M    M   7        31 360
17  62  42  52   2  13   0 0.00  0.0    0  9.8 24 330   M    M   5        31 310
18  55  36  46  -3  19   0    T  0.0    0  9.2 25 300   M    M   7        36 300
19  57  35  46  -3  19   0    T  0.0    0  5.1 17 270   M    M   7        23 290
20  62  37  50   1  15   0 0.00  0.0    0  9.7 20 220   M    M   5        28 200
21  56  40  48   0  17   0 0.27  0.0    0 12.8 31 290   M    M  10 1      39 280
22  48  36  42  -6  23   0    T    T    0 11.3 26 270   M    M   9        38 270
23  58  43  51   3  14   0 0.08  0.0    0  3.6 22 280   M    M   9 1      28 280
24  54  46  50   3  15   0 0.08  0.0    0  5.1 10 120   M    M   9 1      12 110
25  70  47  59  12   6   0 0.54  0.0    0  4.1 12 180   M    M  10 12     14 170
26  74  50  62  15   3   0 0.29  0.0    0  8.4 25 180   M    M   9 12     35 170
27  70  54  62  16   3   0 0.03  0.0    0  9.2 21 240   M    M   5        29 270
28  65  46  56  10   9   0 0.01  0.0    0 13.4 33 290   M    M   8        43 290
29  47  41  44  -2  21   0 0.26  0.0    0 14.0 30 300   M    M  10 1      43 300
30  54  37  46   1  19   0    T  0.0    0 12.0 29 260   M    M   8        43 270
31  53  33  43  -2  22   0 0.15    T    0  9.1 23 310   M    M  10 14     29 310
================================================================================
SM 1856 1326       418   0  4.10    T    252.6          M      226
================================================================================
AV 59.9 42.8                               8.1 FASTST   M    M   7    MAX(MPH)
                                 MISC ---->  # 33 290               # 44  310
================================================================================
NOTES:
# LAST OF SEVERAL OCCURRENCES

COLUMN 17 PEAK WIND IN M.P.H.

PRELIMINARY LOCAL CLIMATOLOGICAL DATA (WS FORM: F-6) , PAGE 2

                                          STATION:  SYRACUSE NY
                                          MONTH:    OCTOBER
                                          YEAR:     2010
                                          LATITUDE:   43  7 N
                                          LONGITUDE:  76  7 W

[TEMPERATURE DATA]      [PRECIPITATION DATA]       SYMBOLS USED IN COLUMN 16

AVERAGE MONTHLY: 51.3   TOTAL FOR MONTH:   4.10    1 = FOG OR MIST
DPTR FM NORMAL:   1.2   DPTR FM NORMAL:    0.90    2 = FOG REDUCING VISIBILITY
HIGHEST:    74 ON 26    GRTST 24HR  2.86 ON 30- 1      TO 1/4 MILE OR LESS
LOWEST:     33 ON 31                               3 = THUNDER
                        SNOW, ICE PELLETS, HAIL    4 = ICE PELLETS
                        TOTAL MONTH:    T          5 = HAIL
                        GRTST 24HR    T  ON 31-31  6 = FREEZING RAIN OR DRIZZLE
                        GRTST DEPTH:   0           7 = DUSTSTORM OR SANDSTORM:
                                                       VSBY 1/2 MILE OR LESS
                                                   8 = SMOKE OR HAZE
[NO. OF DAYS WITH]      [WEATHER - DAYS WITH]      9 = BLOWING SNOW
                                                   X = TORNADO
MAX 32 OR BELOW:   0    0.01 INCH OR MORE:  17
MAX 90 OR ABOVE:   0    0.10 INCH OR MORE:  11
MIN 32 OR BELOW:   0    0.50 INCH OR MORE:   2
MIN  0 OR BELOW:   0    1.00 INCH OR MORE:   0

[HDD (BASE 65) ]
TOTAL THIS MO.   418    CLEAR  (SCALE 0-3)   3
DPTR FM NORMAL   -42    PTCLDY (SCALE 4-7)  14
TOTAL FM JUL 1   550    CLOUDY (SCALE 8-10) 14
DPTR FM NORMAL  -103

[CDD (BASE 65) ]
TOTAL THIS MO.     0
DPTR FM NORMAL    -3    [PRESSURE DATA]
TOTAL FM JAN 1   796    HIGHEST SLP 30.29 ON  3
DPTR FM NORMAL   245    LOWEST  SLP 29.39 ON 21

[REMARKS]
#FINAL-10-10#
