000
CXUS51 KBGM 061625
CF6SYR
PRELIMINARY LOCAL CLIMATOLOGICAL DATA (WS FORM: F-6)

                                          STATION:   SYRACUSE NY
                                          MONTH:     NOVEMBER
                                          YEAR:      2010
                                          LATITUDE:   43  7 N
                                          LONGITUDE:  76  7 W

  TEMPERATURE IN F:       :PCPN:    SNOW:  WIND      :SUNSHINE: SKY     :PK WND
================================================================================
1   2   3   4   5  6A  6B    7    8   9   10  11  12  13   14  15   16   17  18
                                     12Z  AVG MX 2MIN
DY MAX MIN AVG DEP HDD CDD  WTR  SNW DPTH SPD SPD DIR MIN PSBL S-S WX    SPD DR
================================================================================

 1  40  32  36  -9  29   0    T    T    0  3.2 13 330   M    M  10 1      15 350
 2  50  29  40  -4  25   0 0.00  0.0    0  2.2 13 330   M    M   5        23  70
 3  53  27  40  -4  25   0 0.00  0.0    0  5.1 14 170   M    M   6        17 170
 4  46  40  43  -1  22   0 0.29  0.0    0  4.8  9 120   M    M  10 1      12 190
 5  43  37  40  -3  25   0 0.12    T    0  8.9 22 280   M    M   M 1      25 280
 6  41  34  38  -5  27   0 0.01  0.0    0  4.3 13 360   M    M   7        15 360
 7  45  26  36  -7  29   0 0.00  0.0    0  2.0  9 310   M    M   6 1      13  30
 8  47  31  39  -4  26   0 0.04  0.0    0 11.2 25 360   M    M   7        33 330
 9  45  38  42   0  23   0 0.01  0.0    0  8.5 14 330   M    M   9        16 360
10  53  32  43   1  22   0 0.00  0.0    0  5.1 12 330   M    M   4 1      14 330
11  58  27  43   2  22   0 0.00  0.0    0  1.8  7 130   M    M   1         9  10
12  63  25  44   3  21   0 0.00  0.0    0  2.0  8 120   M    M   4         9 120
13  66  24  45   4  20   0 0.00  0.0    0  2.8  7 120   M    M   5         9 150
14  64  33  49   9  16   0 0.03  0.0    0  7.4 18 200   M    M   7        24 200
15  52  38  45   5  20   0 0.09  0.0    0  2.1 14 330   M    M   8 1      17 320
16  55  38  47   7  18   0 0.32  0.0    0  8.2 21 130   M    M  10 1      25 130
17  54  44  49  10  16   0 0.37  0.0    0 18.0 39 280   M    M   9 1      51 280
18  44  35  40   1  25   0 0.07    T    0 10.0 17 290   M    M  10 1      23 310
19  42  31  37  -2  28   0 0.10  0.3    T  5.9 15 300   M    M   9 1      18 300
20  49  35  42   4  23   0    T  0.0    0 13.0 29 320   M    M   9        38 270
21  47  25  36  -2  29   0 0.00  0.0    0  6.7 16 110   M    M   9        20 190
22  56  45  51  14  14   0 0.56  0.0    0  6.9 21 220   M    M   9 138    28 200
23  65  39  52  15  13   0 0.15    T    0 12.9 31 310   M    M   9 1      45 310
24  39  29  34  -3  31   0 0.09  0.3    T  8.8 26 300   M    M   8 1      33 290
25  41  24  33  -3  32   0    T    T    0  7.5 17 150   M    M  10        22 140
26  44  32  38   2  27   0 0.41    T    0 13.4 30 290   M    M  10 1      39 300
27  40  25  33  -2  32   0    T  0.2    T 15.0 35 280   M    M   7 1      46 270
28  42  27  35   0  30   0    T    T    T  7.1 23 290   M    M   9        29 290
29  49  24  37   2  28   0 0.00  0.0    0  7.4 14 160   M    M   6        17 160
30  58  33  46  12  19   0 0.27  0.0    0 13.2 28 160   M    M  10        43 170
================================================================================
SM 1491  959       717   0  2.93     0.8 225.4          M      223
================================================================================
AV 49.7 32.0                               7.5 FASTST   M    M   8    MAX(MPH)
                                 MISC ---->  # 39 280               # 51  280
================================================================================
NOTES:
# LAST OF SEVERAL OCCURRENCES

COLUMN 17 PEAK WIND IN M.P.H.

PRELIMINARY LOCAL CLIMATOLOGICAL DATA (WS FORM: F-6) , PAGE 2

                                          STATION:  SYRACUSE NY
                                          MONTH:    NOVEMBER
                                          YEAR:     2010
                                          LATITUDE:   43  7 N
                                          LONGITUDE:  76  7 W

[TEMPERATURE DATA]      [PRECIPITATION DATA]       SYMBOLS USED IN COLUMN 16

AVERAGE MONTHLY: 40.8   TOTAL FOR MONTH:   2.93    1 = FOG OR MIST
DPTR FM NORMAL:   1.1   DPTR FM NORMAL:   -0.84    2 = FOG REDUCING VISIBILITY
HIGHEST:    66 ON 13    GRTST 24HR  0.70 ON 22-23      TO 1/4 MILE OR LESS
LOWEST:     24 ON 29,25                            3 = THUNDER
                        SNOW, ICE PELLETS, HAIL    4 = ICE PELLETS
                        TOTAL MONTH:   0.8 INCH    5 = HAIL
                        GRTST 24HR   0.3 ON   M    6 = FREEZING RAIN OR DRIZZLE
                        GRTST DEPTH:   0           7 = DUSTSTORM OR SANDSTORM:
                                                       VSBY 1/2 MILE OR LESS
                                                   8 = SMOKE OR HAZE
[NO. OF DAYS WITH]      [WEATHER - DAYS WITH]      9 = BLOWING SNOW
                                                   X = TORNADO
MAX 32 OR BELOW:   0    0.01 INCH OR MORE:  16
MAX 90 OR ABOVE:   0    0.10 INCH OR MORE:   9
MIN 32 OR BELOW:  17    0.50 INCH OR MORE:   1
MIN  0 OR BELOW:   0    1.00 INCH OR MORE:   0

[HDD (BASE 65) ]
TOTAL THIS MO.   717    CLEAR  (SCALE 0-3)   1
DPTR FM NORMAL   -31    PTCLDY (SCALE 4-7)  12
TOTAL FM JUL 1  1267    CLOUDY (SCALE 8-10) 16
DPTR FM NORMAL  -134

[CDD (BASE 65) ]
TOTAL THIS MO.     0
DPTR FM NORMAL     0    [PRESSURE DATA]
TOTAL FM JAN 1   796    HIGHEST SLP 30.52 ON 21
DPTR FM NORMAL   245    LOWEST  SLP 29.28 ON 17

[REMARKS]
#FINAL-11-10#
