000
CXUS51 KBGM 010953
CF6SYR
PRELIMINARY LOCAL CLIMATOLOGICAL DATA (WS FORM: F-6)

                                          STATION:   SYRACUSE NY
                                          MONTH:     AUGUST
                                          YEAR:      2010
                                          LATITUDE:   43  7 N
                                          LONGITUDE:  76  7 W

  TEMPERATURE IN F:       :PCPN:    SNOW:  WIND      :SUNSHINE: SKY     :PK WND
================================================================================
1   2   3   4   5  6A  6B    7    8   9   10  11  12  13   14  15   16   17  18
                                     12Z  AVG MX 2MIN
DY MAX MIN AVG DEP HDD CDD  WTR  SNW DPTH SPD SPD DIR MIN PSBL S-S WX    SPD DR
================================================================================

 1  82  61  72   1   0   7 0.09  0.0    0  5.3 18 180   M    M   8 13     26 180
 2  84  66  75   4   0  10 0.00  0.0    0  7.5 18 210   M    M   8        22 320
 3  89  72  81  10   0  16 0.03  0.0    0  7.9 23 230   M    M   8 18     26 230
 4  90  74  82  11   0  17 0.00  0.0    0  5.8 15 290   M    M   7 18     20 300
 5  86  71  79   8   0  14 0.42  0.0    0  7.5 16 280   M    M   7 18     22 240
 6  75  61  68  -3   0   3 0.04  0.0    0 11.5 23 330   M    M   7        31 340
 7  76  54  65  -6   0   0    T  0.0    0  5.3 15 290   M    M   4        21 270
 8  86  56  71   0   0   6    T  0.0    0  6.6 17 230   M    M   8        22 240
 9  89  69  79   8   0  14 0.46  0.0    0  5.1 18 340   M    M   8 1      25 360
10  85  68  77   7   0  12    T  0.0    0  4.6 14 330   M    M   7 18     21 340
11  87  69  78   8   0  13 0.00  0.0    0  2.3 13 330   M    M   9 1      16  40
12  76  65  71   1   0   6    T  0.0    0  6.0 14 190   M    M   9        17 180
13  84  62  73   3   0   8 0.00  0.0    0  6.2 14 220   M    M   5        35 120
14  82  63  73   3   0   8 0.00  0.0    0  9.9 20 180   M    M   6        26 220
15  73  69  71   1   0   6 0.34  0.0    0  6.9 13 180   M    M   9 1      20 190
16  84  64  74   5   0   9 0.21  0.0    0  9.0 28 240   M    M   5 13     33 240
17  81  61  71   2   0   6 0.00  0.0    0  8.0 18 280   M    M   5        24 280
18  81  64  73   4   0   8    T  0.0    0  1.4  9  50   M    M  10        14 110
19  84  63  74   5   0   9 0.15  0.0    0  4.7 18 280   M    M   6 1      23 300
20  76  58  67  -2   0   2    T  0.0    0  5.0 13  10   M    M   6        18  10
21  76  54  65  -4   0   0    T  0.0    0  7.5 16  90   M    M   9 3      21  90
22  67  64  66  -2   0   1 4.21  0.0    0 13.4 25 360   M    M  10 1      33  10
23  70  59  65  -3   0   0 0.40  0.0    0 10.0 23 120   M    M  10 1      29 120
24  76  54  65  -3   0   0 0.00  0.0    0  4.6 13 140   M    M   7 1      16 140
25  72  61  67  -1   0   2 0.00  0.0    0  1.5  9  40   M    M   9        13 130
26  73  56  65  -2   0   0 0.01  0.0    0 11.8 23 300   M    M   7 1      29 300
27  73  52  63  -4   2   0 0.00  0.0    0  3.5 12 360   M    M   5 1      15 330
28  81  52  67   0   0   2 0.00  0.0    0  4.3 14 280   M    M   1        25 300
29  85  57  71   4   0   6 0.00  0.0    0  2.8 12 340   M    M   2        20 330
30  89  57  73   7   0   8 0.00  0.0    0  3.8 12 280   M    M   1 18     16 290
31  90  66  78  12   0  13 0.00  0.0    0  4.0 12 330   M    M   1 18     15 320
================================================================================
SM 2502 1922         2 206  6.36     0.0 193.7          M      204
================================================================================
AV 80.7 62.0                               6.2 FASTST   M    M   7    MAX(MPH)
                                 MISC ---->  # 28 240               # 35  120
================================================================================
NOTES:
# LAST OF SEVERAL OCCURRENCES

COLUMN 17 PEAK WIND IN M.P.H.

PRELIMINARY LOCAL CLIMATOLOGICAL DATA (WS FORM: F-6) , PAGE 2

                                          STATION:  SYRACUSE NY
                                          MONTH:    AUGUST
                                          YEAR:     2010
                                          LATITUDE:   43  7 N
                                          LONGITUDE:  76  7 W

[TEMPERATURE DATA]      [PRECIPITATION DATA]       SYMBOLS USED IN COLUMN 16

AVERAGE MONTHLY: 71.4   TOTAL FOR MONTH:   6.36    1 = FOG OR MIST
DPTR FM NORMAL:   2.2   DPTR FM NORMAL:    2.80    2 = FOG REDUCING VISIBILITY
HIGHEST:    90 ON 31, 4 GRTST 24HR  4.54 ON 22-23      TO 1/4 MILE OR LESS
LOWEST:     52 ON 28,27                            3 = THUNDER
                        SNOW, ICE PELLETS, HAIL    4 = ICE PELLETS
                        TOTAL MONTH:   0.0 INCH    5 = HAIL
                        GRTST 24HR     0.0         6 = FREEZING RAIN OR DRIZZLE
                        GRTST DEPTH:   0           7 = DUSTSTORM OR SANDSTORM:
                                                       VSBY 1/2 MILE OR LESS
                                                   8 = SMOKE OR HAZE
[NO. OF DAYS WITH]      [WEATHER - DAYS WITH]      9 = BLOWING SNOW
                                                   X = TORNADO
MAX 32 OR BELOW:   0    0.01 INCH OR MORE:  11
MAX 90 OR ABOVE:   2    0.10 INCH OR MORE:   7
MIN 32 OR BELOW:   0    0.50 INCH OR MORE:   1
MIN  0 OR BELOW:   0    1.00 INCH OR MORE:   1

[HDD (BASE 65) ]
TOTAL THIS MO.     2    CLEAR  (SCALE 0-3)   4
DPTR FM NORMAL   -23    PTCLDY (SCALE 4-7)  17
TOTAL FM JUL 1     7    CLOUDY (SCALE 8-10) 10
DPTR FM NORMAL   -28

[CDD (BASE 65) ]
TOTAL THIS MO.   206
DPTR FM NORMAL    48    [PRESSURE DATA]
TOTAL FM JAN 1   723    HIGHEST SLP 30.27 ON 30
DPTR FM NORMAL   223    LOWEST  SLP 29.58 ON  5

[REMARKS]
#FINAL-08-10#
