000
CXUS51 KBGM 010952
CF6SYR
PRELIMINARY LOCAL CLIMATOLOGICAL DATA (WS FORM: F-6)

                                          STATION:   SYRACUSE NY
                                          MONTH:     JULY
                                          YEAR:      2010
                                          LATITUDE:   43  7 N
                                          LONGITUDE:  76  7 W

  TEMPERATURE IN F:       :PCPN:    SNOW:  WIND      :SUNSHINE: SKY     :PK WND
================================================================================
1   2   3   4   5  6A  6B    7    8   9   10  11  12  13   14  15   16   17  18
                                     12Z  AVG MX 2MIN
DY MAX MIN AVG DEP HDD CDD  WTR  SNW DPTH SPD SPD DIR MIN PSBL S-S WX    SPD DR
================================================================================

 1  70  54  62  -7   3   0 0.00  0.0    0 11.4 20 330   M    M   6        26 340
 2  76  51  64  -5   1   0 0.00  0.0    0  4.8 16 250   M    M   4        31 210
 3  85  53  69  -1   0   4 0.00  0.0    0  4.5 13 290   M    M   3        18 280
 4  88  58  73   3   0   8 0.00  0.0    0  5.2 15 310   M    M   4        18 310
 5  94  63  79   9   0  14 0.00  0.0    0  4.7 15 300   M    M   3        20 300
 6  94  71  83  13   0  18 0.00  0.0    0  4.3 13 360   M    M   3 18     22  40
 7  93  69  81  11   0  16 0.00  0.0    0  2.4 10  10   M    M   2 18     14 350
 8  94  72  83  13   0  18 0.00  0.0    0  2.8 10 330   M    M   3 18     14 310
 9  90  68  79   8   0  14 0.65  0.0    0  9.2 23 350   M    M   7 138    31 350
10  82  65  74   3   0   9 0.02  0.0    0  5.9 15 300   M    M   7 1      18 350
11  85  61  73   2   0   8 0.00  0.0    0  4.5 12 330   M    M   5        15  10
12  90  63  77   6   0  12    T  0.0    0  8.4 30 220   M    M   6        38 220
13  86  71  79   8   0  14 0.00  0.0    0  7.1 14 190   M    M   9 1      20 190
14  85  70  78   7   0  13 0.03  0.0    0  6.7 16 350   M    M   7 1      22 340
15  88  69  79   8   0  14 0.00  0.0    0  2.4 12 280   M    M   6 18     14 240
16  86  72  79   8   0  14 0.15  0.0    0  9.5 22 260   M    M   8 138    30 250
17  91  71  81  10   0  16 0.02  0.0    0 11.4 24 250   M    M   5 3      32 250
18  83  69  76   5   0  11    T  0.0    0  8.1 18 300   M    M   6 3      25 300
19  84  67  76   5   0  11 0.13  0.0    0  7.1 18 330   M    M   7 3      24 340
20  85  67  76   5   0  11 0.00  0.0    0  4.3 14 320   M    M   8        17 280
21  83  65  74   2   0   9    T  0.0    0  7.2 18  20   M    M   7 13     25  20
22  81  65  73   1   0   8 0.00  0.0    0  8.1 20 310   M    M   6        26 300
23  81  65  73   1   0   8 2.17  0.0    0  5.8 18 230   M    M  10 1238   28 230
24  88  70  79   7   0  14 1.05  0.0    0  6.8 21 280   M    M   8 13     26 270
25  78  65  72   0   0   7    T  0.0    0  9.6 18 350   M    M   7        23 360
26  81  62  72   0   0   7 0.00  0.0    0  9.9 18 310   M    M   3        24 290
27  85  66  76   4   0  11 0.00  0.0    0  6.0 14 300   M    M   4        24  20
28  89  63  76   5   0  11 0.06  0.0    0  8.5 20 290   M    M   8 3      26 290
29  77  63  70  -1   0   5    T  0.0    0  9.2 17 360   M    M   5        24 330
30  76  56  66  -5   0   1 0.00  0.0    0  7.2 18 350   M    M   4        25 360
31  77  51  64  -7   1   0 0.00  0.0    0  4.9 10  70   M    M   6        17  60
================================================================================
SM 2625 1995         5 306  4.28     0.0 207.9          M      177
================================================================================
AV 84.7 64.4                               6.7 FASTST   M    M   6    MAX(MPH)
                                 MISC ---->  # 30 220               # 38  220
================================================================================
NOTES:
# LAST OF SEVERAL OCCURRENCES

COLUMN 17 PEAK WIND IN M.P.H.

PRELIMINARY LOCAL CLIMATOLOGICAL DATA (WS FORM: F-6) , PAGE 2

                                          STATION:  SYRACUSE NY
                                          MONTH:    JULY
                                          YEAR:     2010
                                          LATITUDE:   43  7 N
                                          LONGITUDE:  76  7 W

[TEMPERATURE DATA]      [PRECIPITATION DATA]       SYMBOLS USED IN COLUMN 16

AVERAGE MONTHLY: 74.5   TOTAL FOR MONTH:   4.28    1 = FOG OR MIST
DPTR FM NORMAL:   3.6   DPTR FM NORMAL:    0.26    2 = FOG REDUCING VISIBILITY
HIGHEST:    94 ON  8, 6 GRTST 24HR  2.19 ON 23-24      TO 1/4 MILE OR LESS
LOWEST:     51 ON 31, 2                            3 = THUNDER
                        SNOW, ICE PELLETS, HAIL    4 = ICE PELLETS
                        TOTAL MONTH:   0.0 INCH    5 = HAIL
                        GRTST 24HR     0.0         6 = FREEZING RAIN OR DRIZZLE
                        GRTST DEPTH:   0           7 = DUSTSTORM OR SANDSTORM:
                                                       VSBY 1/2 MILE OR LESS
                                                   8 = SMOKE OR HAZE
[NO. OF DAYS WITH]      [WEATHER - DAYS WITH]      9 = BLOWING SNOW
                                                   X = TORNADO
MAX 32 OR BELOW:   0    0.01 INCH OR MORE:   9
MAX 90 OR ABOVE:   7    0.10 INCH OR MORE:   5
MIN 32 OR BELOW:   0    0.50 INCH OR MORE:   3
MIN  0 OR BELOW:   0    1.00 INCH OR MORE:   2

[HDD (BASE 65) ]
TOTAL THIS MO.     5    CLEAR  (SCALE 0-3)   4
DPTR FM NORMAL    -5    PTCLDY (SCALE 4-7)  23
TOTAL FM JUL 1     5    CLOUDY (SCALE 8-10)  4
DPTR FM NORMAL    -5

[CDD (BASE 65) ]
TOTAL THIS MO.   306
DPTR FM NORMAL   103    [PRESSURE DATA]
TOTAL FM JAN 1   517    HIGHEST SLP 30.30 ON  2
DPTR FM NORMAL   175    LOWEST  SLP 29.73 ON 17

[REMARKS]
#FINAL-07-10#
