000
CXUS51 KBGM 070445
CF6SYR
PRELIMINARY LOCAL CLIMATOLOGICAL DATA (WS FORM: F-6)

                                          STATION:   SYRACUSE NY
                                          MONTH:     SEPTEMBER
                                          YEAR:      2010
                                          LATITUDE:   43  7 N
                                          LONGITUDE:  76  7 W

  TEMPERATURE IN F:       :PCPN:    SNOW:  WIND      :SUNSHINE: SKY     :PK WND
================================================================================
1   2   3   4   5  6A  6B    7    8   9   10  11  12  13   14  15   16   17  18
                                     12Z  AVG MX 2MIN
DY MAX MIN AVG DEP HDD CDD  WTR  SNW DPTH SPD SPD DIR MIN PSBL S-S WX    SPD DR
================================================================================

 1  91  65  78  12   0  13 0.00  0.0    0  4.3 14 250   M    M   1 18     17 240
 2  92  66  79  13   0  14 0.00  0.0    0  5.8 16 290   M    M   4 18     21 300
 3  91  66  79  14   0  14 0.07  0.0    0  7.5 20 340   M    M   7 18     25 330
 4  69  57  63  -2   2   0 0.01  0.0    0 16.5 35 270   M    M   7 1      45 270
 5  68  54  61  -4   4   0 0.00  0.0    0 14.5 25 280   M    M   6        33 280
 6  75  50  63  -1   2   0    T  0.0    0  6.0 14 270   M    M   7        22 190
 7  88  58  73   9   0   8 0.15  0.0    0  9.6 23 280   M    M   7 3      29 290
 8  70  57  64   0   1   0 0.07  0.0    0 13.9 24 290   M    M   9 13     32 300
 9  60  56  58  -6   7   0 0.14  0.0    0 12.4 18 310   M    M  10 1      26 250
10  69  55  62  -1   3   0 0.06  0.0    0  8.1 17 330   M    M   7 1      22 340
11  73  47  60  -3   5   0 0.00  0.0    0  2.3 12 100   M    M   5 1      14 100
12  63  57  60  -3   5   0 0.09  0.0    0  6.6 18 200   M    M  10 1      25 230
13  72  53  63   1   2   0 0.07  0.0    0  5.4 18 290   M    M   5 1      22 290
14  66  53  60  -2   5   0 0.09  0.0    0 10.7 24 290   M    M   7 8      30 310
15  63  45  54  -8  11   0 0.00  0.0    0  7.7 20 300   M    M   6        25 280
16  67  45  56  -5   9   0 0.65  0.0    0  8.6 21 330   M    M   8 1      26 330
17  64  47  56  -5   9   0 0.00  0.0    0  6.9 16 350   M    M   8        22 350
18  71  43  57  -4   8   0 0.00  0.0    0  3.8 13 240   M    M   6 1      16 250
19  70  50  60   0   5   0    T  0.0    0  5.0 15 330   M    M   8 1      17 360
20  66  46  56  -4   9   0 0.00  0.0    0  5.8 17 360   M    M   3        22 340
21  75  42  59  -1   6   0 0.00  0.0    0  8.9 17 210   M    M   5        24 200
22  77  57  67   8   0   2 0.08  0.0    0  6.8 16 330   M    M   9 1      21 340
23  75  51  63   4   2   0 0.00  0.0    0  4.2 14 230   M    M   7 1      20 220
24  90  72  81  23   0  16 0.00  0.0    0 12.5 23 250   M    M   6        30 250
25  76  57  67   9   0   2 0.00  0.0    0 11.0 24 320   M    M   9        31 310
26  63  47  55  -3  10   0 0.00  0.0    0  1.6  7  70   M    M   8        14 320
27  61  47  54  -3  11   0 0.77  0.0    0  7.5 14 110   M    M   9 1      18 120
28  79  58  69  12   0   4 0.35  0.0    0  9.2 28 250   M    M   7 1      41 270
29  66  55  61   5   4   0    T  0.0    0  4.9 14 300   M    M  10        17 280
30  62  57  60   4   5   0 2.66  0.0    0  6.9 21 350   M    M  10 1      26 360
================================================================================
SM 2172 1613       125  73  5.26     0.0 234.9          M      211
================================================================================
AV 72.4 53.8                               7.8 FASTST   M    M   7    MAX(MPH)
                                 MISC ---->  # 35 270               # 45  270
================================================================================
NOTES:
# LAST OF SEVERAL OCCURRENCES

COLUMN 17 PEAK WIND IN M.P.H.

PRELIMINARY LOCAL CLIMATOLOGICAL DATA (WS FORM: F-6) , PAGE 2

                                          STATION:  SYRACUSE NY
                                          MONTH:    SEPTEMBER
                                          YEAR:     2010
                                          LATITUDE:   43  7 N
                                          LONGITUDE:  76  7 W

[TEMPERATURE DATA]      [PRECIPITATION DATA]       SYMBOLS USED IN COLUMN 16

AVERAGE MONTHLY: 63.1   TOTAL FOR MONTH:   5.26    1 = FOG OR MIST
DPTR FM NORMAL:   1.8   DPTR FM NORMAL:    1.11    2 = FOG REDUCING VISIBILITY
HIGHEST:    92 ON  2    GRTST 24HR  2.66 ON 30-30      TO 1/4 MILE OR LESS
LOWEST:     42 ON 21                               3 = THUNDER
                        SNOW, ICE PELLETS, HAIL    4 = ICE PELLETS
                        TOTAL MONTH:   0.0 INCH    5 = HAIL
                        GRTST 24HR     0.0         6 = FREEZING RAIN OR DRIZZLE
                        GRTST DEPTH:   0           7 = DUSTSTORM OR SANDSTORM:
                                                       VSBY 1/2 MILE OR LESS
                                                   8 = SMOKE OR HAZE
[NO. OF DAYS WITH]      [WEATHER - DAYS WITH]      9 = BLOWING SNOW
                                                   X = TORNADO
MAX 32 OR BELOW:   0    0.01 INCH OR MORE:  14
MAX 90 OR ABOVE:   4    0.10 INCH OR MORE:   6
MIN 32 OR BELOW:   0    0.50 INCH OR MORE:   3
MIN  0 OR BELOW:   0    1.00 INCH OR MORE:   1

[HDD (BASE 65) ]
TOTAL THIS MO.   125    CLEAR  (SCALE 0-3)   2
DPTR FM NORMAL   -33    PTCLDY (SCALE 4-7)  19
TOTAL FM JUL 1   132    CLOUDY (SCALE 8-10)  9
DPTR FM NORMAL   -61

[CDD (BASE 65) ]
TOTAL THIS MO.    73
DPTR FM NORMAL    25    [PRESSURE DATA]
TOTAL FM JAN 1   796    HIGHEST SLP 30.23 ON 18
DPTR FM NORMAL   248    LOWEST  SLP 29.51 ON 28

[REMARKS]
#FINAL-09-10#
