000
CXUS51 KBGM 031904
CF6SYR
PRELIMINARY LOCAL CLIMATOLOGICAL DATA (WS FORM: F-6)

                                          STATION:   SYRACUSE NY
                                          MONTH:     JUNE
                                          YEAR:      2010
                                          LATITUDE:   43  7 N
                                          LONGITUDE:  76  7 W

  TEMPERATURE IN F:       :PCPN:    SNOW:  WIND      :SUNSHINE: SKY     :PK WND
================================================================================
1   2   3   4   5  6A  6B    7    8   9   10  11  12  13   14  15   16   17  18
                                     12Z  AVG MX 2MIN
DY MAX MIN AVG DEP HDD CDD  WTR  SNW DPTH SPD SPD DIR MIN PSBL S-S WX    SPD DR
================================================================================

 1  78  61  70   8   0   5 0.31  0.0    0  6.9 18 330   M    M   5 1      22 300
 2  87  56  72  10   0   7 0.11  0.0    0  5.9 20 210   M    M   6 13     25 200
 3  76  64  70   7   0   5 0.18  0.0    0  6.1 22 300   M    M   9 1      28 340
 4  79  63  71   8   0   6 0.12  0.0    0  4.9 10 270   M    M   9 1      14 270
 5  83  64  74  11   0   9 0.62  0.0    0  7.9 23 320   M    M   8 13     31 320
 6  68  50  59  -5   6   0 1.20  0.0    0 10.1 23 360   M    M   9 13     32 310
 7  70  50  60  -4   5   0 0.00  0.0    0 11.6 22 320   M    M   4        31 340
 8  67  50  59  -5   6   0 0.00  0.0    0  8.6 20 320   M    M   5        25 310
 9  59  47  53 -11  12   0 0.25  0.0    0  6.9 20 150   M    M   9 1      23 140
10  70  54  62  -3   3   0    T  0.0    0  7.7 22 310   M    M   8 1      29 310
11  77  50  64  -1   1   0 0.00  0.0    0  3.2 15 110   M    M   6        39  60
12  71  59  65   0   0   0 0.65  0.0    0  6.4 13 120   M    M  10 13     15 120
13  75  63  69   4   0   4    T  0.0    0  4.1 14 320   M    M   9 1      23  20
14  79  56  68   2   0   3 0.00  0.0    0  6.2 17 320   M    M   9        22 310
15  78  51  65  -1   0   0 0.00  0.0    0  2.9 13  20   M    M   6 1      17  10
16  77  56  67   1   0   2 1.43  0.0    0  7.9 23 210   M    M   9 123    30 200
17  71  55  63  -3   2   0 0.10  0.0    0  9.2 22 300   M    M   5 1      29 290
18  83  52  68   2   0   3 0.00  0.0    0  3.4 13 110   M    M   4 1      17 220
19  89  62  76   9   0  11 0.01  0.0    0  7.3 33 260   M    M   5 13     54 270
20  82  66  74   7   0   9    T  0.0    0  9.1 21 320   M    M   5 3      26 310
21  80  63  72   5   0   7 0.00  0.0    0  6.8 15 360   M    M   5        18 360
22  79  59  69   2   0   4 0.75  0.0    0  6.3 15 290   M    M   9 13     17 290
23  85  67  76   8   0  11 0.01  0.0    0  8.9 22 310   M    M   8 1      26 310
24  82  66  74   6   0   9 0.03  0.0    0 13.0 26 290   M    M   7 1      35 280
25  78  62  70   2   0   5 0.00  0.0    0  6.8 15 330   M    M   5        18 350
26  75  58  67  -1   0   2 0.02  0.0    0  2.6 10 260   M    M   7        14 270
27  84  61  73   5   0   8 0.03  0.0    0  4.5 21 220   M    M   8 13     36 240
28  82  70  76   7   0  11 0.75  0.0    0 11.0 24 280   M    M   8 138    32 280
29  72  55  64  -5   1   0 0.00  0.0    0 13.4 24 280   M    M   7        30 290
30  70  51  61  -8   4   0 0.00  0.0    0 12.4 22 290   M    M   6        26 290
================================================================================
SM 2306 1741        40 121  6.57     0.0 222.0          M      210
================================================================================
AV 76.9 58.0                               7.4 FASTST   M    M   7    MAX(MPH)
                                 MISC ---->  # 33 260               # 54  270
================================================================================
NOTES:
# LAST OF SEVERAL OCCURRENCES

COLUMN 17 PEAK WIND IN M.P.H.

PRELIMINARY LOCAL CLIMATOLOGICAL DATA (WS FORM: F-6) , PAGE 2

                                          STATION:  SYRACUSE NY
                                          MONTH:    JUNE
                                          YEAR:     2010
                                          LATITUDE:   43  7 N
                                          LONGITUDE:  76  7 W

[TEMPERATURE DATA]      [PRECIPITATION DATA]       SYMBOLS USED IN COLUMN 16

AVERAGE MONTHLY: 67.4   TOTAL FOR MONTH:   6.57    1 = FOG OR MIST
DPTR FM NORMAL:   1.6   DPTR FM NORMAL:    2.86    2 = FOG REDUCING VISIBILITY
HIGHEST:    89 ON 19    GRTST 24HR  1.52 ON 16-17      TO 1/4 MILE OR LESS
LOWEST:     47 ON  9                               3 = THUNDER
                        SNOW, ICE PELLETS, HAIL    4 = ICE PELLETS
                        TOTAL MONTH:   0.0 INCH    5 = HAIL
                        GRTST 24HR     0.0         6 = FREEZING RAIN OR DRIZZLE
                        GRTST DEPTH:   0           7 = DUSTSTORM OR SANDSTORM:
                                                       VSBY 1/2 MILE OR LESS
                                                   8 = SMOKE OR HAZE
[NO. OF DAYS WITH]      [WEATHER - DAYS WITH]      9 = BLOWING SNOW
                                                   X = TORNADO
MAX 32 OR BELOW:   0    0.01 INCH OR MORE:  17
MAX 90 OR ABOVE:   0    0.10 INCH OR MORE:  12
MIN 32 OR BELOW:   0    0.50 INCH OR MORE:   6
MIN  0 OR BELOW:   0    1.00 INCH OR MORE:   2

[HDD (BASE 65) ]
TOTAL THIS MO.    40    CLEAR  (SCALE 0-3)   0
DPTR FM NORMAL   -26    PTCLDY (SCALE 4-7)  19
TOTAL FM JUL 1  6176    CLOUDY (SCALE 8-10) 11
DPTR FM NORMAL  -627

[CDD (BASE 65) ]
TOTAL THIS MO.   121
DPTR FM NORMAL    16    [PRESSURE DATA]
TOTAL FM JAN 1   211    HIGHEST SLP 30.19 ON  8
DPTR FM NORMAL    72    LOWEST  SLP 29.33 ON  6

[REMARKS]
#FINAL-06-10#
