000
CXUS51 KBGM 011919
CF6SYR
PRELIMINARY LOCAL CLIMATOLOGICAL DATA (WS FORM: F-6)

                                          STATION:   SYRACUSE NY
                                          MONTH:     MAY
                                          YEAR:      2010
                                          LATITUDE:   43  7 N
                                          LONGITUDE:  76  7 W

  TEMPERATURE IN F:       :PCPN:    SNOW:  WIND      :SUNSHINE: SKY     :PK WND
================================================================================
1   2   3   4   5  6A  6B    7    8   9   10  11  12  13   14  15   16   17  18
                                     12Z  AVG MX 2MIN
DY MAX MIN AVG DEP HDD CDD  WTR  SNW DPTH SPD SPD DIR MIN PSBL S-S WX    SPD DR
================================================================================

 1  86  56  71  19   0   6 0.06  0.0    0  6.0 23 360   M    M   9 13     28 350
 2  84  57  71  19   0   6    T  0.0    0  6.3 23 230   M    M   9 1      30 220
 3  74  53  64  12   1   0 0.14  0.0    0 11.1 29 320   M    M   7 1      36 300
 4  68  48  58   5   7   0 0.56  0.0    0  7.6 46 290   M    M   6 135    63 270
 5  82  44  63  10   2   0 0.24  0.0    0  9.6 24 250   M    M   6 1      30 240
 6  65  44  55   1  10   0 0.38  0.0    0 14.3 32 300   M    M   6 13     40 310
 7  61  40  51  -3  14   0 0.26  0.0    0  6.8 16  90   M    M   6 13     22  90
 8  62  34  48  -6  17   0 0.33  0.1    0 17.7 38 310   M    M   9 13     54 270
 9  42  33  38 -17  27   0 0.06  0.1    0 15.0 25 330   M    M   9 1      33 320
10  53  33  43 -12  22   0 0.00  0.0    0  9.0 22 330   M    M   3        30 310
11  57  31  44 -11  21   0 0.05  0.0    0  6.8 16 190   M    M   7        20 190
12  53  38  46 -10  19   0 0.13  0.0    0  6.8 15 120   M    M   8 1      20 110
13  62  34  48  -8  17   0 0.64  0.0    0  4.6 16 130   M    M   7 13     20 130
14  79  50  65   8   0   0    T  0.0    0  8.0 28 280   M    M   7 18     37 280
15  59  48  54  -3  11   0 0.00  0.0    0 12.0 24 310   M    M   9        35 300
16  69  46  58   1   7   0 0.00  0.0    0  7.0 17 360   M    M   5        22  10
17  74  41  58   0   7   0 0.00  0.0    0  3.3  9  40   M    M   8        13  20
18  65  52  59   1   6   0 0.02  0.0    0  4.7 13 260   M    M  10        14 110
19  70  52  61   3   4   0 0.00  0.0    0  7.7 18 340   M    M   8        24  80
20  79  48  64   5   1   0 0.00  0.0    0  4.5 17 340   M    M   4        22 330
21  84  51  68   9   0   3 0.00  0.0    0  2.7  9 110   M    M   6        10 330
22  84  60  72  13   0   7 0.00  0.0    0  9.5 26 160   M    M   8        35 150
23  81  58  70  10   0   5    T  0.0    0  5.8 15 220   M    M   6        20 220
24  85  57  71  11   0   6 0.00  0.0    0  3.8 12  20   M    M   3        16  20
25  86  60  73  13   0   8 0.00  0.0    0  3.8 13  20   M    M   2        16  10
26  90  60  75  15   0  10 0.00  0.0    0  6.1 18 330   M    M   2        23 330
27  84  62  73  12   0   8 0.00  0.0    0  6.0 15 360   M    M   7        18 360
28  77  58  68   7   0   3 0.00  0.0    0  4.7 10  60   M    M   8        14  70
29  81  58  70   9   0   5 0.00  0.0    0  5.8 17 330   M    M   7        22 360
30  81  57  69   7   0   4 0.00  0.0    0  6.2 18 300   M    M   5        24 330
31  92  57  75  13   0  10    T  0.0    0  5.2 17 250   M    M   6 13     24 260
================================================================================
SM 2269 1520       193  81  2.87     0.2 228.4          M      203
================================================================================
AV 73.2 49.0                               7.4 FASTST   M    M   7    MAX(MPH)
                                 MISC ---->  # 46 290               # 63  270
================================================================================
NOTES:
# LAST OF SEVERAL OCCURRENCES

COLUMN 17 PEAK WIND IN M.P.H.

PRELIMINARY LOCAL CLIMATOLOGICAL DATA (WS FORM: F-6) , PAGE 2

                                          STATION:  SYRACUSE NY
                                          MONTH:    MAY
                                          YEAR:     2010
                                          LATITUDE:   43  7 N
                                          LONGITUDE:  76  7 W

[TEMPERATURE DATA]      [PRECIPITATION DATA]       SYMBOLS USED IN COLUMN 16

AVERAGE MONTHLY: 61.1   TOTAL FOR MONTH:   2.87    1 = FOG OR MIST
DPTR FM NORMAL:   4.0   DPTR FM NORMAL:   -0.52    2 = FOG REDUCING VISIBILITY
HIGHEST:    92 ON 31    GRTST 24HR  0.64 ON 13-13      TO 1/4 MILE OR LESS
LOWEST:     31 ON 11                               3 = THUNDER
                        SNOW, ICE PELLETS, HAIL    4 = ICE PELLETS
                        TOTAL MONTH:   0.2 INCH    5 = HAIL
                        GRTST 24HR   0.1 ON   M    6 = FREEZING RAIN OR DRIZZLE
                        GRTST DEPTH:   0           7 = DUSTSTORM OR SANDSTORM:
                                                       VSBY 1/2 MILE OR LESS
                                                   8 = SMOKE OR HAZE
[NO. OF DAYS WITH]      [WEATHER - DAYS WITH]      9 = BLOWING SNOW
                                                   X = TORNADO
MAX 32 OR BELOW:   0    0.01 INCH OR MORE:  12
MAX 90 OR ABOVE:   2    0.10 INCH OR MORE:   8
MIN 32 OR BELOW:   1    0.50 INCH OR MORE:   2
MIN  0 OR BELOW:   0    1.00 INCH OR MORE:   0

[HDD (BASE 65) ]
TOTAL THIS MO.   193    CLEAR  (SCALE 0-3)   3
DPTR FM NORMAL   -65    PTCLDY (SCALE 4-7)  21
TOTAL FM JUL 1  6136    CLOUDY (SCALE 8-10)  7
DPTR FM NORMAL  -601

[CDD (BASE 65) ]
TOTAL THIS MO.    81
DPTR FM NORMAL    52    [PRESSURE DATA]
TOTAL FM JAN 1    90    HIGHEST SLP 30.45 ON 11
DPTR FM NORMAL    56    LOWEST  SLP 29.41 ON  8

[REMARKS]
#FINAL-05-10#
