000
CXUS51 KBGM 051622
CF6SYR
PRELIMINARY LOCAL CLIMATOLOGICAL DATA (WS FORM: F-6)

                                          STATION:   SYRACUSE NY
                                          MONTH:     APRIL
                                          YEAR:      2010
                                          LATITUDE:   43  7 N
                                          LONGITUDE:  76  7 W

  TEMPERATURE IN F:       :PCPN:    SNOW:  WIND      :SUNSHINE: SKY     :PK WND
================================================================================
1   2   3   4   5  6A  6B    7    8   9   10  11  12  13   14  15   16   17  18
                                     12Z  AVG MX 2MIN
DY MAX MIN AVG DEP HDD CDD  WTR  SNW DPTH SPD SPD DIR MIN PSBL S-S WX    SPD DR
================================================================================

 1  75  31  53  13  12   0 0.00  0.0    0  5.6 12 100   M    M   5 1      14 100
 2  87  47  67  27   0   2 0.00  0.0    0  5.8 14 190   M    M   6        18 200
 3  87  56  72  32   0   7 0.00  0.0    0 12.2 26 300   M    M   9        35 290
 4  66  42  54  13  11   0 0.00  0.0    0  9.0 24 290   M    M   6        30 290
 5  76  39  58  17   7   0    T  0.0    0  8.3 22 290   M    M   7        31 280
 6  59  45  52  10  13   0 0.15  0.0    0  4.4 12 150   M    M   8 12     13 150
 7  79  43  61  19   4   0 0.06  0.0    0  7.1 25 280   M    M   9 1238   31 340
 8  84  45  65  23   0   0 0.11  0.0    0 10.3 30 310   M    M   9 12     38 310
 9  49  34  42  -1  23   0    T    T    0 12.5 22 320   M    M  10 1      30 320
10  55  37  46   3  19   0    T    T    0 13.1 25 310   M    M   7        33 310
11  60  44  52   9  13   0    T  0.0    0 10.1 20 310   M    M   6        26 310
12  55  35  45   1  20   0 0.00  0.0    0  7.8 20 340   M    M   5        26 340
13  60  39  50   6  15   0 0.00  0.0    0  3.6 14  20   M    M   5        18  40
14  63  32  48   3  17   0 0.00  0.0    0  4.0 15 340   M    M   2        20 350
15  65  37  51   6  14   0    T  0.0    0  4.2 14 330   M    M   8        17 320
16  64  47  56  11   9   0 0.31  0.0    0  6.1 13 320   M    M   9 1      16 310
17  49  38  44  -2  21   0 0.05  0.0    0 12.0 25 310   M    M  10 1      33 310
18  55  37  46   0  19   0 0.04    T    0 10.8 22 320   M    M   9 1      28 320
19  60  40  50   3  15   0 0.00  0.0    0  8.6 21 360   M    M   5        28  10
20  66  36  51   4  14   0 0.00  0.0    0  4.1 13 320   M    M   4        20 310
21  70  39  55   8  10   0 0.00  0.0    0  4.5 17 340   M    M   6        23 360
22  50  36  43  -5  22   0 0.00  0.0    0  7.5 20 300   M    M   7        25 290
23  56  31  44  -4  21   0    T  0.0    0  5.6 20 360   M    M   1        24 360
24  68  32  50   1  15   0 0.00  0.0    0  2.9 16 240   M    M   6        21 220
25  58  49  54   5  11   0 0.02  0.0    0  6.5 16 130   M    M  10        20 140
26  59  47  53   3  12   0 0.01  0.0    0  3.6 15 180   M    M  10        18 180
27  48  36  42  -8  23   0 0.06    T    0 12.0 23 360   M    M   8 14     31 360
28  56  37  47  -3  18   0 0.03    T    0 16.9 29 300   M    M   7 1      37 300
29  62  38  50  -1  15   0 0.00  0.0    0 13.6 24 320   M    M   3        32 310
30  73  47  60   9   5   0 0.00  0.0    0  3.8 12  50   M    M   9        14  50
================================================================================
SM 1914 1196       398   9  0.84    T    236.5          M      206
================================================================================
AV 63.8 39.9                               7.9 FASTST   M    M   7    MAX(MPH)
                                 MISC ---->  # 30 310               # 38  310
================================================================================
NOTES:
# LAST OF SEVERAL OCCURRENCES

COLUMN 17 PEAK WIND IN M.P.H.

PRELIMINARY LOCAL CLIMATOLOGICAL DATA (WS FORM: F-6) , PAGE 2

                                          STATION:  SYRACUSE NY
                                          MONTH:    APRIL
                                          YEAR:     2010
                                          LATITUDE:   43  7 N
                                          LONGITUDE:  76  7 W

[TEMPERATURE DATA]      [PRECIPITATION DATA]       SYMBOLS USED IN COLUMN 16

AVERAGE MONTHLY: 51.8   TOTAL FOR MONTH:   0.84    1 = FOG OR MIST
DPTR FM NORMAL:   6.5   DPTR FM NORMAL:   -2.55    2 = FOG REDUCING VISIBILITY
HIGHEST:    87 ON  3, 2 GRTST 24HR  0.36 ON 16-17      TO 1/4 MILE OR LESS
LOWEST:     31 ON 23, 1                            3 = THUNDER
                        SNOW, ICE PELLETS, HAIL    4 = ICE PELLETS
                        TOTAL MONTH:    T          5 = HAIL
                        GRTST 24HR    T  ON 28-28  6 = FREEZING RAIN OR DRIZZLE
                        GRTST DEPTH:   0           7 = DUSTSTORM OR SANDSTORM:
                                                       VSBY 1/2 MILE OR LESS
                                                   8 = SMOKE OR HAZE
[NO. OF DAYS WITH]      [WEATHER - DAYS WITH]      9 = BLOWING SNOW
                                                   X = TORNADO
MAX 32 OR BELOW:   0    0.01 INCH OR MORE:  10
MAX 90 OR ABOVE:   0    0.10 INCH OR MORE:   3
MIN 32 OR BELOW:   4    0.50 INCH OR MORE:   0
MIN  0 OR BELOW:   0    1.00 INCH OR MORE:   0

[HDD (BASE 65) ]
TOTAL THIS MO.   398    CLEAR  (SCALE 0-3)   2
DPTR FM NORMAL  -181    PTCLDY (SCALE 4-7)  17
TOTAL FM JUL 1  5943    CLOUDY (SCALE 8-10) 11
DPTR FM NORMAL  -536

[CDD (BASE 65) ]
TOTAL THIS MO.     9
DPTR FM NORMAL     5    [PRESSURE DATA]
TOTAL FM JAN 1     9    HIGHEST SLP 30.60 ON 14
DPTR FM NORMAL     4    LOWEST  SLP 29.29 ON 27

[REMARKS]
#FINAL-04-10#
