000
CXUS51 KBGM 110427 CCB
CF6SYR

PRELIMINARY LOCAL CLIMATOLOGICAL DATA (WS FORM: F-6)

                                          STATION:   SYRACUSE NY
                                          MONTH:     MARCH
                                          YEAR:      2017
                                          LATITUDE:   43  7 N
                                          LONGITUDE:  76  7 W

  TEMPERATURE IN F:       :PCPN:    SNOW:  WIND      :SUNSHINE: SKY     :PK WND
================================================================================
1   2   3   4   5  6A  6B    7    8   9   10  11  12  13   14  15   16   17  18
                                     12Z  AVG MX 2MIN
DY MAX MIN AVG DEP HDD CDD  WTR  SNW DPTH SPD SPD DIR MIN PSBL S-S WX    SPD DR
================================================================================

 1  68  45  57  28   8   0 0.05  0.0    0 15.8 38 270   M    M   9        47 270
 2  45  19  32   3  33   0    T  1.8    1 22.6 44 260   M    M   9 19     64 270
 3  29  15  22  -8  43   0    T  0.5    0 15.5 36 280   M    M   8 1      45 280
 4  16   7  12 -18  53   0 0.01  0.3    1 10.7 25 320   M    M   7 19     30 330
 5  27   2  15 -15  50   0 0.00  0.0    0  2.8 10  80   M    M   2        13 210
 6  49  18  34   4  31   0 0.01  0.0    0  7.9 15 100   M    M   9        18  70
 7  55  37  46  15  19   0 0.43  0.0    0 10.2 33 300   M    M   8 1      41 300
 8  55  34  45  14  20   0 0.20  0.0    0 14.4 41 250   M    M   7 1      50 260
 9  40  30  35   4  30   0    T    T    0 12.3 30 290   M    M   8        38 290
10  31  11  21 -11  44   0    T  0.5    0 16.9 32 290   M    M   8 9      45 290
11  17   8  13 -19  52   0 0.02  1.0    T 16.4 28 280   M    M   9 19     39 250
12  19   8  14 -18  51   0 0.03  1.0    1 11.1 24 270   M    M   8 189    29 270
13  21   6  14 -19  51   0 0.00  0.0    2  3.9 12  20   M    M   8        14  10
14  22  15  19 -14  46   0 0.96 18.9    2 13.2 24 330   M    M  10 129    34 330
15  25  15  20 -14  45   0 0.20  5.5   21 15.0 23 310   M    M  10 129    32 310
16  30  19  25  -9  40   0    T    T   20 16.3 31 270   M    M   7 9      40 280
17  38  19  29  -5  36   0 0.00  0.0   15  8.9 17 260   M    M   4        21 250
18  35  15  25 -10  40   0 0.11  0.7   12  9.1 17  90   M    M   9 1      22  90
19  42  25  34  -1  31   0    T    T   11  5.6 17 330   M    M   5        20 290
20  39  20  30  -6  35   0 0.00  0.0    8  1.4 10 250   M    M   8 1      12 260
21  46  33  40   4  25   0    T    T    6  9.7 30 290   M    M   8 1      39 280
22  34  15  25 -11  40   0 0.02  0.5    5 16.3 28 330   M    M   5 19     36 330
23  34  10  22 -15  43   0 0.00  0.0    4  4.2 15 240   M    M   3        17 240
24  47  30  39   2  26   0 0.13  0.0    3  7.4 16 190   M    M  10 1      23 170
25  39  34  37  -1  28   0 0.36  0.0    1  4.3  9 300   M    M   9 1      11 310
26  43  33  38   0  27   0 0.04  0.0    T 12.9 21 120   M    M  10 16     26 110
27  53  37  45   7  20   0 0.17  0.0    0  5.7 16 140   M    M   9 1      21 140
28  52  39  46   7  19   0    T  0.0    0  6.0 16 320   M    M  10 1      20 310
29  47  28  38  -1  27   0 0.00  0.0    0  9.2 23 330   M    M   6        29 330
30  47  25  36  -4  29   0 0.30  0.2    0  7.3 20  90   M    M   8 18     26  90
31  38  32  35  -5  30   0 0.81    T    0 13.6 20  80   M    M  10 14     25  80
================================================================================
SM 1183  684      1072   0  3.85    30.9 326.6          M      241
================================================================================
AV 38.2 22.1                              10.5 FASTST   M    M   8    MAX(MPH)
                                 MISC ---->  # 44 260               # 64  270
================================================================================
NOTES:
# LAST OF SEVERAL OCCURRENCES

COLUMN 17 PEAK WIND IN M.P.H.

PRELIMINARY LOCAL CLIMATOLOGICAL DATA (WS FORM: F-6) , PAGE 2

                                          STATION:  SYRACUSE NY
                                          MONTH:    MARCH
                                          YEAR:     2017
                                          LATITUDE:   43  7 N
                                          LONGITUDE:  76  7 W

[TEMPERATURE DATA]      [PRECIPITATION DATA]       SYMBOLS USED IN COLUMN 16

AVERAGE MONTHLY: 30.1   TOTAL FOR MONTH:   3.85    1 = FOG OR MIST
DPTR FM NORMAL:  -4.1   DPTR FM NORMAL:    0.90    2 = FOG REDUCING VISIBILITY
HIGHEST:    68 ON  1    GRTST 24HR  1.01 ON 14-15      TO 1/4 MILE OR LESS
LOWEST:      2 ON  5                               3 = THUNDER
                        SNOW, ICE PELLETS, HAIL    4 = ICE PELLETS
                        TOTAL MONTH:  30.9 INCHES  5 = HAIL
                        GRTST 24HR  20.7 ON 14-15  6 = FREEZING RAIN OR DRIZZLE
                        GRTST DEPTH:  22 ON 15     7 = DUSTSTORM OR SANDSTORM:
                                                       VSBY 1/2 MILE OR LESS
                                                   8 = SMOKE OR HAZE
[NO. OF DAYS WITH]      [WEATHER - DAYS WITH]      9 = BLOWING SNOW
                                                   X = TORNADO
MAX 32 OR BELOW:  10    0.01 INCH OR MORE:  17
MAX 90 OR ABOVE:   0    0.10 INCH OR MORE:  10
MIN 32 OR BELOW:  23    0.50 INCH OR MORE:   2
MIN  0 OR BELOW:   0    1.00 INCH OR MORE:   0

[HDD (BASE 65) ]
TOTAL THIS MO.  1072    CLEAR  (SCALE 0-3)   1
DPTR FM NORMAL   115    PTCLDY (SCALE 4-7)  14
TOTAL FM JUL 1  5341    CLOUDY (SCALE 8-10) 16
DPTR FM NORMAL  -447

[CDD (BASE 65) ]
TOTAL THIS MO.     0
DPTR FM NORMAL     0    [PRESSURE DATA]
TOTAL FM JAN 1     0    HIGHEST SLP 30.79 ON  5
DPTR FM NORMAL     0    LOWEST  SLP 29.24 ON  1

[REMARKS]
CORRECTED SNOWFALL ON 31ST FROM 0.2" TO TRACE AND MONTHLY SNOWFALL TO 30.9"
PREVIOUSLY CORRECTED GREATEST SNOW DEPTH AND GREATEST 24 HOUR SNOWFALL
AND PRECIPITATION
2ND GREATEST CALENDAR DAY MARCH SNOWFALL


#FINAL-03-17#
