000
CXUS51 KBGM 092013 CCA
CF6SYR

PRELIMINARY LOCAL CLIMATOLOGICAL DATA (WS FORM: F-6)

                                          STATION:   SYRACUSE NY
                                          MONTH:     DECEMBER
                                          YEAR:      2016
                                          LATITUDE:   43  7 N
                                          LONGITUDE:  76  7 W

  TEMPERATURE IN F:       :PCPN:    SNOW:  WIND      :SUNSHINE: SKY     :PK WND
================================================================================
1   2   3   4   5  6A  6B    7    8   9   10  11  12  13   14  15   16   17  18
                                     12Z  AVG MX 2MIN
DY MAX MIN AVG DEP HDD CDD  WTR  SNW DPTH SPD SPD DIR MIN PSBL S-S WX    SPD DR
================================================================================

 1  54  38  46  11  19   0 0.44  0.0    0 16.2 30 260   M    M   9 1      39 270
 2  44  33  39   5  26   0 0.09    T    0 16.5 29 250   M    M  10 1      34 250
 3  37  34  36   2  29   0 0.02    T    T 10.5 20 290   M    M   9 14     24 300
 4  38  27  33  -1  32   0 0.00  0.0    0  5.3 13  80   M    M   8        16 260
 5  40  30  35   2  30   0 0.08  0.5    1 12.3 25 260   M    M  10 1      35 260
 6  42  26  34   1  31   0 0.29  0.6    0  6.6 15 260   M    M   9 1      21 260
 7  42  29  36   4  29   0 0.07  0.2    T  8.3 20 280   M    M   9 1      25 250
 8  36  29  33   1  32   0 0.01  0.7    T 15.0 29 250   M    M  10 1      38 260
 9  30  22  26  -6  39   0 0.09  4.4    1 12.7 26 270   M    M  10 189    35 270
10  26  15  21 -10  44   0 0.04  1.7    3  4.4 17 250   M    M   9 1      21 240
11  29  14  22  -9  43   0 0.03  0.5    3  8.6 15 160   M    M   8 1      22 170
12  37  27  32   2  33   0 0.37  4.0    6 11.9 28 250   M    M  10 1      36 270
13  35  28  32   2  33   0    T    T    2  9.5 22 250   M    M   9 1      25 250
14  33  20  27  -3  38   0 0.01  0.8    1 16.8 29 260   M    M   8 1      36 210
15  21   9  15 -15  50   0 0.14  6.1    2 21.7 37 250   M    M   8 19     47 240
16  22  -2  10 -19  55   0    T  0.3    6  6.0 16 200   M    M   9 1      19 200
17  33  18  26  -3  39   0 0.31  3.1    6  7.0 14 130   M    M  10 12     19 160
18  36  15  26  -2  39   0 0.71  3.5    5 13.8 29 260   M    M   9 1469   36 270
19  23  10  17 -11  48   0    T    T    7  5.5 10 240   M    M   6        14 220
20  34   4  19  -9  46   0 0.00  0.0    6  8.8 24 200   M    M   6 8      31 190
21  35  26  31   3  34   0 0.00  0.0    6  8.8 16 240   M    M   9        20 250
22  36  28  32   5  33   0 0.10  1.6    6 10.2 21 270   M    M  10 1      27 260
23  40  30  35   8  30   0    T  0.0    6  7.8 16 250   M    M   8        21 250
24  42  34  38  11  27   0    T  0.0    5 11.3 24 270   M    M  10        30 270
25  36  22  29   3  36   0 0.01  0.0    3  7.7 17 250   M    M   5        20 250
26  50  22  36  10  29   0 0.05  0.0    2 14.7 31 170   M    M   7        44 160
27  50  30  40  14  25   0 0.07    T    T 14.9 31 270   M    M   9 1      41 260
28  32  28  30   4  35   0 0.01  0.9    1 12.3 22 240   M    M  10 1      26 250
29  37  27  32   7  33   0 0.10  1.5    T 12.2 22 250   M    M  10 1      30 160
30  32  26  29   4  36   0 0.19  6.7    2 16.1 35 270   M    M   9 19     44 270
31  39  15  27   2  38   0 0.01  0.1    6 12.6 28 200   M    M   9 1      34 230
================================================================================
SM 1121  714      1091   0  3.24    37.2 346.0          M      272
================================================================================
AV 36.2 23.0                              11.2 FASTST   M    M   9    MAX(MPH)
                                 MISC ---->  # 37 250               # 47  240
================================================================================
NOTES:
# LAST OF SEVERAL OCCURRENCES

COLUMN 17 PEAK WIND IN M.P.H.

PRELIMINARY LOCAL CLIMATOLOGICAL DATA (WS FORM: F-6) , PAGE 2

                                          STATION:  SYRACUSE NY
                                          MONTH:    DECEMBER
                                          YEAR:     2016
                                          LATITUDE:   43  7 N
                                          LONGITUDE:  76  7 W

[TEMPERATURE DATA]      [PRECIPITATION DATA]       SYMBOLS USED IN COLUMN 16

AVERAGE MONTHLY: 29.6   TOTAL FOR MONTH:   3.24    1 = FOG OR MIST
DPTR FM NORMAL:   0.2   DPTR FM NORMAL:    0.02    2 = FOG REDUCING VISIBILITY
HIGHEST:    54 ON  1    GRTST 24HR  0.83 ON 17-18      TO 1/4 MILE OR LESS
LOWEST:     -2 ON 16                               3 = THUNDER
                        SNOW, ICE PELLETS, HAIL    4 = ICE PELLETS
                        TOTAL MONTH:  37.2 INCHES  5 = HAIL
                        GRTST 24HR   6.7 ON 30     6 = FREEZING RAIN OR DRIZZLE
                        GRTST DEPTH:   7 ON 18, 19 7 = DUSTSTORM OR SANDSTORM:
                                                       VSBY 1/2 MILE OR LESS
                                                   8 = SMOKE OR HAZE
[NO. OF DAYS WITH]      [WEATHER - DAYS WITH]      9 = BLOWING SNOW
                                                   X = TORNADO
MAX 32 OR BELOW:   8    0.01 INCH OR MORE:  23
MAX 90 OR ABOVE:   0    0.10 INCH OR MORE:   9
MIN 32 OR BELOW:  27    0.50 INCH OR MORE:   1
MIN  0 OR BELOW:   1    1.00 INCH OR MORE:   0

[HDD (BASE 65) ]
TOTAL THIS MO.  1091    CLEAR  (SCALE 0-3)   0
DPTR FM NORMAL   -13    PTCLDY (SCALE 4-7)   7
TOTAL FM JUL 1  2285    CLOUDY (SCALE 8-10) 24
DPTR FM NORMAL  -168

[CDD (BASE 65) ]
TOTAL THIS MO.     0
DPTR FM NORMAL     0    [PRESSURE DATA]
TOTAL FM JAN 1   809    HIGHEST SLP 30.77 ON 19
DPTR FM NORMAL   240    LOWEST  SLP 29.34 ON  1

[REMARKS]
#FINAL-12-16#
