258
CXUS51 KBGM 030618
CF6SYR
PRELIMINARY LOCAL CLIMATOLOGICAL DATA (WS FORM: F-6)

                                          STATION:   SYRACUSE NY
                                          MONTH:     OCTOBER
                                          YEAR:      2015
                                          LATITUDE:   43  7 N
                                          LONGITUDE:  76  7 W

  TEMPERATURE IN F:       :PCPN:    SNOW:  WIND      :SUNSHINE: SKY     :PK WND
================================================================================
1   2   3   4   5  6A  6B    7    8   9   10  11  12  13   14  15   16   17  18
                                     12Z  AVG MX 2MIN
DY MAX MIN AVG DEP HDD CDD  WTR  SNW DPTH SPD SPD DIR MIN PSBL S-S WX    SPD DR
================================================================================

 1  62  44  53  -3  12   0 0.00  0.0    0  8.0 15 350   M    M   8        19 350
 2  54  40  47  -9  18   0 0.00  0.0    0  8.3 15  40   M    M   9        23  10
 3  55  38  47  -8  18   0    T  0.0    0  9.1 20 100   M    M   9        26 100
 4  62  45  54  -1  11   0 0.00  0.0    0  8.2 15  90   M    M   8        18  90
 5  67  41  54   0  11   0 0.00  0.0    0  4.6 10  10   M    M   6        13  20
 6  63  53  58   4   7   0    T  0.0    0  6.0 14 300   M    M   9 1      16 290
 7  68  53  61   7   4   0 0.01  0.0    0  5.1 14 260   M    M   9 1      16 260
 8  66  49  58   5   7   0 0.00  0.0    0  3.3 13  10   M    M   8 1      15  10
 9  64  47  56   3   9   0 1.25  0.0    0  9.4 24 280   M    M  10 13     32 280
10  56  39  48  -4  17   0 0.00  0.0    0  5.0 12 230   M    M   5 1      14 250
11  71  38  55   3  10   0 0.00  0.0    0  5.2 17 230   M    M   3        21 220
12  78  50  64  12   1   0 0.00  0.0    0  7.1 17 170   M    M   4        26 170
13  69  56  63  12   2   0 0.31  0.0    0 10.6 32 270   M    M   8 1      40 280
14  57  44  51   0  14   0 0.03  0.0    0 11.2 23 270   M    M   9 1      30 270
15  64  42  53   2  12   0 0.06  0.0    0  9.5 31 250   M    M   7 1      40 250
16  57  43  50   0  15   0 0.26    T    0 11.9 25 250   M    M   8 134    30 250
17  45  32  39 -11  26   0 0.02    T    0 10.6 25 270   M    M   8        30 270
18  43  28  36 -14  29   0 0.09  0.4    0  4.7 16 360   M    M   8 145    20 350
19  54  30  42  -8  23   0 0.03  0.0    0  7.2 17 180   M    M   6 3      24 180
20  65  46  56   7   9   0 0.10  0.0    0  7.0 17 230   M    M   9 3      23 230
21  61  53  57   8   8   0 0.01  0.0    0  3.0 10 100   M    M   9        12 100
22  66  46  56   8   9   0 0.08  0.0    0 10.0 21 290   M    M   8 1      26 290
23  50  32  41  -7  24   0 0.00  0.0    0  7.8 21 340   M    M   5        25 340
24  53  31  42  -6  23   0 0.44  0.0    0 11.0 21 190   M    M   9 1      30 150
25  55  39  47  -1  18   0 0.22  0.0    0 11.5 24 280   M    M   8 1      31 170
26  51  32  42  -5  23   0 0.00  0.0    0  4.9 10 310   M    M   5        14 290
27  55  29  42  -5  23   0 0.00  0.0    0  4.5 12  80   M    M   8        14  90
28  54  41  48   1  17   0 0.71  0.0    0 12.0 20  80   M    M  10 1      26  90
29  59  46  53   7  12   0 0.14  0.0    0 12.5 32 270   M    M   8 12     38 230
30  49  34  42  -4  23   0 0.01  0.0    0 11.6 24 260   M    M   7        30 270
31  51  29  40  -6  25   0 0.00  0.0    0  4.5 10 220   M    M   7        12 230
================================================================================
SM 1824 1270       460   0  3.77     0.4 245.3          M      235
================================================================================
AV 58.8 41.0                               7.9 FASTST   M    M   8    MAX(MPH)
                                 MISC ---->  # 32 270               # 40  280
================================================================================
NOTES:
# LAST OF SEVERAL OCCURRENCES

COLUMN 17 PEAK WIND IN M.P.H.

PRELIMINARY LOCAL CLIMATOLOGICAL DATA (WS FORM: F-6) , PAGE 2

                                          STATION:  SYRACUSE NY
                                          MONTH:    OCTOBER
                                          YEAR:     2015
                                          LATITUDE:   43  7 N
                                          LONGITUDE:  76  7 W

[TEMPERATURE DATA]      [PRECIPITATION DATA]       SYMBOLS USED IN COLUMN 16

AVERAGE MONTHLY: 49.9   TOTAL FOR MONTH:   3.77    1 = FOG OR MIST
DPTR FM NORMAL:  -0.7   DPTR FM NORMAL:    0.33    2 = FOG REDUCING VISIBILITY
HIGHEST:    78 ON 12    GRTST 24HR  1.25 ON  9- 9      TO 1/4 MILE OR LESS
LOWEST:     28 ON 18                               3 = THUNDER
                        SNOW, ICE PELLETS, HAIL    4 = ICE PELLETS
                        TOTAL MONTH:   0.4 INCH    5 = HAIL
                        GRTST 24HR   0.4 ON   M    6 = FREEZING RAIN OR DRIZZLE
                        GRTST DEPTH:   0           7 = DUSTSTORM OR SANDSTORM:
                                                       VSBY 1/2 MILE OR LESS
                                                   8 = SMOKE OR HAZE
[NO. OF DAYS WITH]      [WEATHER - DAYS WITH]      9 = BLOWING SNOW
                                                   X = TORNADO
MAX 32 OR BELOW:   0    0.01 INCH OR MORE:  17
MAX 90 OR ABOVE:   0    0.10 INCH OR MORE:   8
MIN 32 OR BELOW:   8    0.50 INCH OR MORE:   2
MIN  0 OR BELOW:   0    1.00 INCH OR MORE:   1

[HDD (BASE 65) ]
TOTAL THIS MO.   460    CLEAR  (SCALE 0-3)   0
DPTR FM NORMAL    10    PTCLDY (SCALE 4-7)  19
TOTAL FM JUL 1   520    CLOUDY (SCALE 8-10) 12
DPTR FM NORMAL   -97

[CDD (BASE 65) ]
TOTAL THIS MO.     0
DPTR FM NORMAL    -4    [PRESSURE DATA]
TOTAL FM JAN 1   717    HIGHEST SLP 30.56 ON 27
DPTR FM NORMAL   148    LOWEST  SLP 29.40 ON 13

[REMARKS]
#FINAL-10-15#
