000
CXUS51 KBGM 010530
CF6SYR
PRELIMINARY LOCAL CLIMATOLOGICAL DATA (WS FORM: F-6)

                                          STATION:   SYRACUSE NY
                                          MONTH:     MAY
                                          YEAR:      2014
                                          LATITUDE:   43  7 N
                                          LONGITUDE:  76  7 W

  TEMPERATURE IN F:       :PCPN:    SNOW:  WIND      :SUNSHINE: SKY     :PK WND
================================================================================
1   2   3   4   5  6A  6B    7    8   9   10  11  12  13   14  15   16   17  18
                                     12Z  AVG MX 2MIN
DY MAX MIN AVG DEP HDD CDD  WTR  SNW DPTH SPD SPD DIR MIN PSBL S-S WX    SPD DR
================================================================================

 1  62  46  54   1  11   0 0.09  0.0    0  5.9 17 300   M    M   9 1      23 290
 2  59  49  54   1  11   0    T  0.0    0 10.3 24 240   M    M   9        31 240
 3  62  49  56   2   9   0 0.04  0.0    0  8.5 25 240   M    M   9        32 240
 4  54  43  49  -5  16   0 0.04  0.0    0 18.4 32 280   M    M   9        46 280
 5  57  40  49  -5  16   0 0.00  0.0    0  8.2 18 310   M    M   6        25 300
 6  59  42  51  -3  14   0 0.00  0.0    0  7.8 20 290   M    M   5        26 330
 7  64  36  50  -5  15   0 0.00  0.0    0  2.4 10  20   M    M   8        14  30
 8  75  45  60   5   5   0 0.09  0.0    0  4.1 12 360   M    M   9 1      14  10
 9  84  52  68  12   0   3 0.50  0.0    0  9.2 28 250   M    M   9 13     36 250
10  75  55  65   9   0   0 0.45  0.0    0 12.4 28 280   M    M   9 1      33 260
11  72  49  61   5   4   0 0.00  0.0    0  7.9 17 240   M    M   3        23 270
12  84  50  67  11   0   2    T  0.0    0  4.4 10 350   M    M   8        14 290
13  82  63  73  16   0   8 0.51  0.0    0  6.0 18 250   M    M   8 13     24 250
14  85  60  73  16   0   8 0.27  0.0    0  8.2 20 170   M    M   7 13     25 150
15  85  66  76  19   0  11 0.30  0.0    0 16.3 32 160   M    M   9 1      51 170
16  69  42  56  -2   9   0 1.14  0.0    0  7.7 16 280   M    M  10 1      22 280
17  57  40  49  -9  16   0 0.00  0.0    0  6.4 17 270   M    M   6        24 250
18  60  39  50  -8  15   0 0.03  0.0    0  3.9 20 320   M    M   6 15     28 330
19  69  37  53  -5  12   0    T  0.0    0  6.0 18 300   M    M   5        24 320
20  74  42  58  -1   7   0 0.00  0.0    0  3.9 13 310   M    M   7 1      16 260
21  75  53  64   5   1   0 0.00  0.0    0  5.2 15 200   M    M   8        20 210
22  74  58  66   7   0   1 0.04  0.0    0  6.7 15 290   M    M   8 1      21 360
23  59  51  55  -5  10   0 0.21  0.0    0  8.1 15 270   M    M  10 18     21 290
24  71  53  62   2   3   0    T  0.0    0  6.9 16 300   M    M   9        24 290
25  77  46  62   2   3   0    T  0.0    0  6.4 18 300   M    M   5        25 300
26  85  64  75  14   0  10    T  0.0    0 12.0 26 260   M    M   7        33 260
27  86  68  77  16   0  12    T  0.0    0  9.4 17 270   M    M   9        25 290
28  70  55  63   2   2   0    T  0.0    0  8.3 15 310   M    M   9 1      20 310
29  68  54  61  -1   4   0 0.00  0.0    0  5.6 13  80   M    M   9        16  80
30  74  49  62   0   3   0 0.00  0.0    0  6.2 21 340   M    M   4 1      25 320
31  74  46  60  -2   5   0 0.00  0.0    0  4.2 18  30   M    M   3        32  20
================================================================================
SM 2201 1542       191  55  3.71     0.0 236.9          M      232
================================================================================
AV 71.0 49.7                               7.6 FASTST   M    M   7    MAX(MPH)
                                 MISC ---->  # 32 280               # 51  170
================================================================================
NOTES:
# LAST OF SEVERAL OCCURRENCES

COLUMN 17 PEAK WIND IN M.P.H.

PRELIMINARY LOCAL CLIMATOLOGICAL DATA (WS FORM: F-6) , PAGE 2

                                          STATION:  SYRACUSE NY
                                          MONTH:    MAY
                                          YEAR:     2014
                                          LATITUDE:   43  7 N
                                          LONGITUDE:  76  7 W

[TEMPERATURE DATA]      [PRECIPITATION DATA]       SYMBOLS USED IN COLUMN 16

AVERAGE MONTHLY: 60.4   TOTAL FOR MONTH:   3.71    1 = FOG OR MIST
DPTR FM NORMAL:   2.8   DPTR FM NORMAL:    0.49    2 = FOG REDUCING VISIBILITY
HIGHEST:    86 ON 27    GRTST 24HR  1.44 ON 15-16      TO 1/4 MILE OR LESS
LOWEST:     36 ON  7                               3 = THUNDER
                        SNOW, ICE PELLETS, HAIL    4 = ICE PELLETS
                        TOTAL MONTH:   0.0 INCH    5 = HAIL
                        GRTST 24HR     0.0         6 = FREEZING RAIN OR DRIZZLE
                        GRTST DEPTH:   0           7 = DUSTSTORM OR SANDSTORM:
                                                       VSBY 1/2 MILE OR LESS
                                                   8 = SMOKE OR HAZE
[NO. OF DAYS WITH]      [WEATHER - DAYS WITH]      9 = BLOWING SNOW
                                                   X = TORNADO
MAX 32 OR BELOW:   0    0.01 INCH OR MORE:  13
MAX 90 OR ABOVE:   0    0.10 INCH OR MORE:   7
MIN 32 OR BELOW:   0    0.50 INCH OR MORE:   3
MIN  0 OR BELOW:   0    1.00 INCH OR MORE:   1

[HDD (BASE 65) ]
TOTAL THIS MO.   191    CLEAR  (SCALE 0-3)   1
DPTR FM NORMAL   -64    PTCLDY (SCALE 4-7)  14
TOTAL FM JUL 1  7056    CLOUDY (SCALE 8-10) 16
DPTR FM NORMAL   466

[CDD (BASE 65) ]
TOTAL THIS MO.    55
DPTR FM NORMAL    29    [PRESSURE DATA]
TOTAL FM JAN 1    56    HIGHEST SLP 30.26 ON 14
DPTR FM NORMAL    26    LOWEST  SLP 29.68 ON M

[REMARKS]
#FINAL-05-14#
