000
CXUS51 KBGM 011420 CCA
CF6SYR

PRELIMINARY LOCAL CLIMATOLOGICAL DATA (WS FORM: F-6)

                                          STATION:   SYRACUSE NY
                                          MONTH:     MARCH
                                          YEAR:      2014
                                          LATITUDE:   43  7 N
                                          LONGITUDE:  76  7 W

  TEMPERATURE IN F:       :PCPN:    SNOW:  WIND      :SUNSHINE: SKY     :PK WND
================================================================================
1   2   3   4   5  6A  6B    7    8   9   10  11  12  13   14  15   16   17  18
                                     12Z  AVG MX 2MIN
DY MAX MIN AVG DEP HDD CDD  WTR  SNW DPTH SPD SPD DIR MIN PSBL S-S WX    SPD DR
================================================================================

 1  35   5  20  -9  45   0    T    T    7  8.0 16 270   M    M   8 1      20 300
 2  29  10  20  -9  45   0 0.18  3.7    7  8.8 17 300   M    M   9 1      21 310
 3  12   4   8 -22  57   0 0.01  0.5   10  9.6 17 280   M    M   8 19     22 310
 4  19   4  12 -18  53   0    T  0.3    9  4.2 13 260   M    M  10 1      15 260
 5  23   0  12 -18  53   0    T  0.4    9  5.4 16 330   M    M   7 18     21 330
 6  26  -8   9 -21  56   0 0.00  0.0    9  4.5 13  50   M    M   1        22 350
 7  42   8  25  -6  40   0 0.00  0.0    8  5.8 13 160   M    M   2        26 350
 8  37  21  29  -2  36   0    T    T    7  5.7 14 300   M    M   8        16 300
 9  30  21  26  -5  39   0    T    T    7  8.9 18 250   M    M   8        25 240
10  43  26  35   3  30   0    T    T    6  4.8 13 240   M    M  10        23 360
11  50  36  43  11  22   0    T  0.0    4  7.5 23 250   M    M   8        28 260
12  39  11  25  -7  40   0 1.31 12.1    2 10.6 26 330   M    M   9 129    37 330
13  17   7  12 -21  53   0 0.05  1.5   14 16.7 26 280   M    M   9 19     36 270
14  48  16  32  -1  33   0 0.00  0.0   12 10.0 29 180   M    M  10        38 200
15  46  22  34   0  31   0 0.06  0.2    9 13.8 28 280   M    M   9        44 310
16  23   9  16 -18  49   0    T    T    7 10.2 21 280   M    M   8        28 300
17  26   4  15 -19  50   0 0.00  0.0    7  3.6 10 100   M    M   6        13  90
18  41  11  26  -9  39   0 0.00  0.0    6  7.7 14  40   M    M   2        21  20
19  46  27  37   2  28   0 0.01  0.0    5 12.6 24 160   M    M   8        30 160
20  41  30  36   0  29   0 0.03  1.0    2 17.2 31 250   M    M  10 1      39 250
21  35  22  29  -7  36   0 0.01  0.3    2 11.8 22 270   M    M   8 1      29 280
22  42  24  33  -3  32   0    T    T    1 15.0 33 260   M    M  10        41 190
23  31  18  25 -12  40   0    T  0.6    1 12.7 24 290   M    M   8 1      32 290
24  25  13  19 -18  46   0    T  0.4    1  6.9 17 270   M    M   7 18     21 250
25  38  15  27 -11  38   0    T  0.2    T  7.3 20 200   M    M   7 1      26 220
26  25  17  21 -17  44   0    T  0.4    T 15.6 29 280   M    M   7 19     37 280
27  41  14  28 -10  37   0 0.02  0.1    T  9.1 15 150   M    M   9        22 160
28  52  33  43   4  22   0 0.27    T    T 13.2 26 250   M    M   8 1      36 250
29  41  32  37  -2  28   0 1.16  0.0    T  6.5 15 330   M    M  10 16     20 330
30  36  30  33  -7  32   0 0.37    T    0 12.3 23 340   M    M  10 16     31 350
31  45  28  37  -3  28   0 0.00  0.0    0 10.2 23 330   M    M   6        29 330
================================================================================
SM 1084  510      1211   0  3.48    21.7 296.2          M      240
================================================================================
AV 35.0 16.5                               9.6 FASTST   M    M   8    MAX(MPH)
                                 MISC ---->  # 33 260               # 44  310
================================================================================
NOTES:
# LAST OF SEVERAL OCCURRENCES

COLUMN 17 PEAK WIND IN M.P.H.

PRELIMINARY LOCAL CLIMATOLOGICAL DATA (WS FORM: F-6) , PAGE 2

                                          STATION:  SYRACUSE NY
                                          MONTH:    MARCH
                                          YEAR:     2014
                                          LATITUDE:   43  7 N
                                          LONGITUDE:  76  7 W

[TEMPERATURE DATA]      [PRECIPITATION DATA]       SYMBOLS USED IN COLUMN 16

AVERAGE MONTHLY: 25.7   TOTAL FOR MONTH:   3.48    1 = FOG OR MIST
DPTR FM NORMAL:  -8.5   DPTR FM NORMAL:    0.53    2 = FOG REDUCING VISIBILITY
HIGHEST:    52 ON 28    GRTST 24HR  1.31 ON 12         TO 1/4 MILE OR LESS
LOWEST:     -8 ON  6                               3 = THUNDER
                        SNOW, ICE PELLETS, HAIL    4 = ICE PELLETS
                        TOTAL MONTH:  21.7 INCHES  5 = HAIL
                        GRTST 24HR  13.6 ON 12-13  6 = FREEZING RAIN OR DRIZZLE
                        GRTST DEPTH:  14 ON 13     7 = DUSTSTORM OR SANDSTORM:
                                                       VSBY 1/2 MILE OR LESS
                                                   8 = SMOKE OR HAZE
[NO. OF DAYS WITH]      [WEATHER - DAYS WITH]      9 = BLOWING SNOW
                                                   X = TORNADO
MAX 32 OR BELOW:  12    0.01 INCH OR MORE:  12
MAX 90 OR ABOVE:   0    0.10 INCH OR MORE:   5
MIN 32 OR BELOW:  29    0.50 INCH OR MORE:   2
MIN  0 OR BELOW:   2    1.00 INCH OR MORE:   2

[HDD (BASE 65) ]
TOTAL THIS MO.  1211    CLEAR  (SCALE 0-3)   3
DPTR FM NORMAL   254    PTCLDY (SCALE 4-7)  12
TOTAL FM JUL 1  6303    CLOUDY (SCALE 8-10) 16
DPTR FM NORMAL   515

[CDD (BASE 65) ]
TOTAL THIS MO.     0
DPTR FM NORMAL     0    [PRESSURE DATA]
TOTAL FM JAN 1     0    HIGHEST SLP 30.69 ON  6
DPTR FM NORMAL     0    LOWEST  SLP 29.24 ON 12

[REMARKS]
CORRECTED 24HR PRECIPITATION AND SNOWFALL
PRECIPITATION WAS ESTIMATED ON 12 AND 13

#FINAL-03-14#
