000
CXUS51 KBGM 011654
CF6SYR
PRELIMINARY LOCAL CLIMATOLOGICAL DATA (WS FORM: F-6)

                                          STATION:   SYRACUSE NY
                                          MONTH:     MARCH
                                          YEAR:      2010
                                          LATITUDE:   43  7 N
                                          LONGITUDE:  76  7 W

  TEMPERATURE IN F:       :PCPN:    SNOW:  WIND      :SUNSHINE: SKY     :PK WND
================================================================================
1   2   3   4   5  6A  6B    7    8   9   10  11  12  13   14  15   16   17  18
                                     12Z  AVG MX 2MIN
DY MAX MIN AVG DEP HDD CDD  WTR  SNW DPTH SPD SPD DIR MIN PSBL S-S WX    SPD DR
================================================================================

 1  37  32  35   7  30   0    T    T   14  9.4 18 360   M    M   9 18     22 360
 2  40  32  36   7  29   0 0.00  0.0   13  6.2 12 320   M    M   9        15 320
 3  39  30  35   6  30   0    T    T   11  6.0 16 360   M    M  10        21 360
 4  36  27  32   3  33   0 0.00  0.0   10 10.6 21 350   M    M   7        25 360
 5  36  24  30   0  35   0 0.00  0.0    9  9.5 20 360   M    M   3        26 350
 6  41  18  30   0  35   0 0.00  0.0    9  6.0 17 290   M    M   2        20 300
 7  47  29  38   8  27   0 0.00  0.0    9  9.9 17 300   M    M   5        22 290
 8  47  32  40   9  25   0 0.00  0.0    7 10.1 21 300   M    M   2        26 300
 9  49  30  40   9  25   0 0.00  0.0    5  3.8  8 360   M    M   3        12 330
10  54  26  40   9  25   0 0.00  0.0    3  5.2 13 130   M    M   6 18     15 130
11  57  40  49  17  16   0    T  0.0    1  9.1 17 110   M    M   8        28  50
12  50  41  46  14  19   0    T  0.0    T 13.3 23 120   M    M  10        28 110
13  44  39  42  10  23   0 0.05  0.0    0 23.9 37 120   M    M  10        52 130
14  51  39  45  12  20   0 0.01  0.0    0 15.4 29 120   M    M  10        38 120
15  54  36  45  12  20   0 0.03  0.0    0  7.8 15  10   M    M   9        20 360
16  60  26  43   9  22   0 0.00  0.0    0  4.8 15 360   M    M   3        21  10
17  60  27  44  10  21   0 0.00  0.0    0  5.3 15 300   M    M   1        23 290
18  66  40  53  19  12   0 0.00  0.0    0 11.8 20 330   M    M   5        26 280
19  64  35  50  15  15   0 0.00  0.0    0  5.9 17 290   M    M   6        22 280
20  56  37  47  12  18   0 0.00  0.0    0  7.7 16 330   M    M   7        23  20
21  57  34  46  11  19   0    T  0.0    0  3.9 14  10   M    M   8        17 360
22  47  36  42   6  23   0 0.45  0.0    0  6.2 17 100   M    M  10 1      21  90
23  48  34  41   5  24   0 0.85    T    0 11.4 17 310   M    M  10 1      24 310
24  52  34  43   6  22   0    T    T    0 11.4 22 320   M    M   4        28 310
25  55  31  43   6  22   0 0.28  0.0    0  6.3 20 360   M    M   8 1      24  10
26  33  21  27 -10  38   0 0.00  0.0    0 11.1 18 360   M    M   6        25 360
27  44  18  31  -7  34   0 0.00  0.0    0  5.0 13  30   M    M   5        17 150
28  48  34  41   3  24   0 0.08  0.0    0 11.8 24 190   M    M   9        33 220
29  50  40  45   7  20   0 0.01  0.0    0  6.9 16 330   M    M  10        18 330
30  44  33  39   0  26   0 0.66  0.0    0  9.8 20  10   M    M  10 1      26  10
31  53  38  46   7  19   0 0.12  0.0    0  7.4 16 340   M    M   8 1      23 320
================================================================================
SM 1519  993       751   0  2.54    T    272.9          M      213
================================================================================
AV 49.0 32.0                               8.8 FASTST   M    M   7    MAX(MPH)
                                 MISC ---->  # 37 120               # 52  130
================================================================================
NOTES:
# LAST OF SEVERAL OCCURRENCES

COLUMN 17 PEAK WIND IN M.P.H.

PRELIMINARY LOCAL CLIMATOLOGICAL DATA (WS FORM: F-6) , PAGE 2

                                          STATION:  SYRACUSE NY
                                          MONTH:    MARCH
                                          YEAR:     2010
                                          LATITUDE:   43  7 N
                                          LONGITUDE:  76  7 W

[TEMPERATURE DATA]      [PRECIPITATION DATA]       SYMBOLS USED IN COLUMN 16

AVERAGE MONTHLY: 40.5   TOTAL FOR MONTH:   2.54    1 = FOG OR MIST
DPTR FM NORMAL:   6.9   DPTR FM NORMAL:   -0.48    2 = FOG REDUCING VISIBILITY
HIGHEST:    66 ON 18    GRTST 24HR  0.85 ON 23-23      TO 1/4 MILE OR LESS
LOWEST:     18 ON 27, 6                            3 = THUNDER
                        SNOW, ICE PELLETS, HAIL    4 = ICE PELLETS
                        TOTAL MONTH:    T          5 = HAIL
                        GRTST 24HR    T  ON 24-24  6 = FREEZING RAIN OR DRIZZLE
                        GRTST DEPTH:  14 ON  1     7 = DUSTSTORM OR SANDSTORM:
                                                       VSBY 1/2 MILE OR LESS
                                                   8 = SMOKE OR HAZE
[NO. OF DAYS WITH]      [WEATHER - DAYS WITH]      9 = BLOWING SNOW
                                                   X = TORNADO
MAX 32 OR BELOW:   0    0.01 INCH OR MORE:  10
MAX 90 OR ABOVE:   0    0.10 INCH OR MORE:   5
MIN 32 OR BELOW:  15    0.50 INCH OR MORE:   2
MIN  0 OR BELOW:   0    1.00 INCH OR MORE:   0

[HDD (BASE 65) ]
TOTAL THIS MO.   751    CLEAR  (SCALE 0-3)   6
DPTR FM NORMAL  -208    PTCLDY (SCALE 4-7)  11
TOTAL FM JUL 1  5545    CLOUDY (SCALE 8-10) 14
DPTR FM NORMAL  -355

[CDD (BASE 65) ]
TOTAL THIS MO.     0
DPTR FM NORMAL    -1    [PRESSURE DATA]
TOTAL FM JAN 1     0    HIGHEST SLP 30.43 ON 27
DPTR FM NORMAL    -1    LOWEST  SLP 29.52 ON 23

[REMARKS]
#FINAL-03-10#
