000
CXUS51 KBGM 011809 CCA
CF6SYR

PRELIMINARY LOCAL CLIMATOLOGICAL DATA (WS FORM: F-6)

                                          STATION:   SYRACUSE NY
                                          MONTH:     FEBRUARY
                                          YEAR:      2014
                                          LATITUDE:   43  7 N
                                          LONGITUDE:  76  7 W

  TEMPERATURE IN F:       :PCPN:    SNOW:  WIND      :SUNSHINE: SKY     :PK WND
================================================================================
1   2   3   4   5  6A  6B    7    8   9   10  11  12  13   14  15   16   17  18
                                     12Z  AVG MX 2MIN
DY MAX MIN AVG DEP HDD CDD  WTR  SNW DPTH SPD SPD DIR MIN PSBL S-S WX    SPD DR
================================================================================

 1  43  20  32   8  33   0 0.17  0.3    5  5.2 21 170   M    M  10 14     29 200
 2  43  28  36  12  29   0 0.01    T    4  8.4 15 310   M    M   9 1      18 280
 3  28  20  24   0  41   0    T    T    3  6.9 14 290   M    M   9        20 280
 4  28  20  24   0  41   0    T    T    3  2.1 12  40   M    M   9        15  40
 5  26  13  20  -4  45   0 0.91 10.0    6 10.1 18 330   M    M  10 12     24 330
 6  20   1  11 -13  54   0    T    T   10  4.7 14 250   M    M   9 8      18 240
 7  20   4  12 -12  53   0    T    T    9  9.9 25 240   M    M   6        29 240
 8  18   0   9 -16  56   0 0.00  0.0    9  6.1 14 250   M    M   6        17 240
 9  21  13  17  -8  48   0 0.11  2.1    9  4.8 20 250   M    M  10 1      23 250
10  22  13  18  -7  47   0 0.06  2.6   12 10.0 21 260   M    M  10 12     23 270
11  18   7  13 -12  52   0 0.07  2.1   12  7.9 16 270   M    M  10 18     20 300
12  23  -5   9 -16  56   0    T    T   12  5.5 12  80   M    M   7 1      14  80
13  26  12  19  -6  46   0 0.25  4.1   11  6.0 15 310   M    M  10 1      20 310
14  32  19  26   0  39   0 0.39  5.4   18 12.4 22 250   M    M  10 1      29 270
15  29  19  24  -2  41   0 0.02  0.9   17  8.5 25 280   M    M  10 1      32 290
16  19   8  14 -12  51   0 0.08  3.8   18 11.1 21 280   M    M   9 19     28 290
17  22  -8   7 -19  58   0 0.00  0.0   20  3.4 16  80   M    M   4 1      18  80
18  34  17  26   0  39   0    T  0.1   17 12.9 29 160   M    M   9 9      39 150
19  43  19  31   4  34   0 0.02    T   15  9.7 22 270   M    M   9 16     29 270
20  43  16  30   3  35   0 0.33    T   12  6.0 17  70   M    M   7 1      24 170
21  46  33  40  13  25   0 0.73  0.0    6 10.4 22 310   M    M   9 1      28 320
22  46  35  41  14  24   0 0.00  0.0    6 15.8 36 250   M    M   5        45 260
23  42  27  35   7  30   0    T    T    6  8.4 20 270   M    M   8        24 260
24  27  18  23  -5  42   0 0.05  2.3    5 15.8 29 270   M    M   9 19     36 280
25  22  16  19  -9  46   0 0.09  2.8    7 10.5 24 250   M    M   9 19     28 270
26  19   3  11 -17  54   0    T  0.4    6 13.8 32 250   M    M   7 189    41 270
27  22   4  13 -15  52   0 0.03  2.3    5 18.4 37 250   M    M   9 1289   45 280
28  15   4  10 -19  55   0 0.03  2.1    9  6.7 22 250   M    M   7 19     26 250
================================================================================
SM  797  376      1226   0  3.35    41.3 251.4          M      236
================================================================================
AV 28.5 13.4                               9.0 FASTST   M    M   8    MAX(MPH)
                                 MISC ---->  # 37 250               # 45  260
================================================================================
NOTES:
# LAST OF SEVERAL OCCURRENCES

COLUMN 17 PEAK WIND IN M.P.H.

PRELIMINARY LOCAL CLIMATOLOGICAL DATA (WS FORM: F-6) , PAGE 2

                                          STATION:  SYRACUSE NY
                                          MONTH:    FEBRUARY
                                          YEAR:     2014
                                          LATITUDE:   43  7 N
                                          LONGITUDE:  76  7 W

[TEMPERATURE DATA]      [PRECIPITATION DATA]       SYMBOLS USED IN COLUMN 16

AVERAGE MONTHLY: 20.9   TOTAL FOR MONTH:   3.35    1 = FOG OR MIST
DPTR FM NORMAL:  -5.0   DPTR FM NORMAL:    1.28    2 = FOG REDUCING VISIBILITY
HIGHEST:    46 ON 22,21 GRTST 24HR  1.06 ON 20-21      TO 1/4 MILE OR LESS
LOWEST:     -8 ON 17                               3 = THUNDER
                        SNOW, ICE PELLETS, HAIL    4 = ICE PELLETS
                        TOTAL MONTH:  41.3 INCHES  5 = HAIL
                        GRTST 24HR  10.0 ON  5- 5  6 = FREEZING RAIN OR DRIZZLE
                        GRTST DEPTH:  20 ON 17     7 = DUSTSTORM OR SANDSTORM:
                                                       VSBY 1/2 MILE OR LESS
                                                   8 = SMOKE OR HAZE
[NO. OF DAYS WITH]      [WEATHER - DAYS WITH]      9 = BLOWING SNOW
                                                   X = TORNADO
MAX 32 OR BELOW:  20    0.01 INCH OR MORE:  17
MAX 90 OR ABOVE:   0    0.10 INCH OR MORE:   7
MIN 32 OR BELOW:  26    0.50 INCH OR MORE:   2
MIN  0 OR BELOW:   3    1.00 INCH OR MORE:   0

[HDD (BASE 65) ]
TOTAL THIS MO.  1226    CLEAR  (SCALE 0-3)   0
DPTR FM NORMAL   131    PTCLDY (SCALE 4-7)   9
TOTAL FM JUL 1  5092    CLOUDY (SCALE 8-10) 19
DPTR FM NORMAL   261

[CDD (BASE 65) ]
TOTAL THIS MO.     0
DPTR FM NORMAL     0    [PRESSURE DATA]
TOTAL FM JAN 1     0    HIGHEST SLP 30.56 ON 12
DPTR FM NORMAL     0    LOWEST  SLP 29.32 ON 14

[REMARKS]
#FINAL-02-14#
CORRECTED GREATEST 24 HOUR PRECIPITATION
