000
CXUS51 KBGM 010800
CF6SYR
PRELIMINARY LOCAL CLIMATOLOGICAL DATA (WS FORM: F-6)

                                          STATION:   SYRACUSE NY
                                          MONTH:     DECEMBER
                                          YEAR:      2015
                                          LATITUDE:   43  7 N
                                          LONGITUDE:  76  7 W

  TEMPERATURE IN F:       :PCPN:    SNOW:  WIND      :SUNSHINE: SKY     :PK WND
================================================================================
1   2   3   4   5  6A  6B    7    8   9   10  11  12  13   14  15   16   17  18
                                     12Z  AVG MX 2MIN
DY MAX MIN AVG DEP HDD CDD  WTR  SNW DPTH SPD SPD DIR MIN PSBL S-S WX    SPD DR
================================================================================

 1  49  34  42   7  23   0 0.26  0.0    0  9.7 15 140   M    M  10 18     22 110
 2  48  40  44  10  21   0 0.93  0.0    0  5.8 17 300   M    M  10 1      22 300
 3  42  35  39   5  26   0 0.14  0.0    0 11.3 22 280   M    M   9 1      29 280
 4  43  38  41   7  24   0    T  0.0    0  9.9 21 270   M    M  10        26 270
 5  43  30  37   4  28   0 0.00  0.0    0  5.0 13 250   M    M   9 1      15 250
 6  39  25  32  -1  33   0 0.00  0.0    0  3.1  8  90   M    M   6 1       9  90
 7  41  25  33   1  32   0 0.00  0.0    0  3.3 10 320   M    M   8 1      12 330
 8  39  28  34   2  31   0 0.00  0.0    0  4.5 13 130   M    M   9        14 170
 9  53  30  42  10  23   0    T  0.0    0 10.0 23 170   M    M   8        33 170
10  57  45  51  20  14   0 0.10  0.0    0  7.9 20 180   M    M   8 1      28 190
11  60  41  51  20  14   0 0.00  0.0    0 10.4 24 260   M    M   7        30 270
12  52  34  43  13  22   0 0.02  0.0    0  2.2  9 100   M    M   8 1      10  90
13  54  46  50  20  15   0    T  0.0    0  5.0 14  90   M    M   9        18  90
14  66  45  56  26   9   0 0.33  0.0    0  7.4 28 300   M    M  10 1      37 300
15  54  40  47  17  18   0 0.02  0.0    0 15.8 33 260   M    M  10 1      40 250
16  46  37  42  13  23   0 0.00  0.0    0  6.6 20 150   M    M  10        31 170
17  51  41  46  17  19   0 0.45  0.0    0  8.1 18 150   M    M  10 1      23 300
18  41  33  37   9  28   0    T    T    0 12.1 21 250   M    M  10        28 250
19  34  27  31   3  34   0    T    T    0 21.2 33 260   M    M   8        42 250
20  38  29  34   6  31   0    T    T    0 11.5 29 250   M    M   8        34 250
21  52  35  44  16  21   0    T  0.0    0 11.0 22 220   M    M  10        29 220
22  55  41  48  21  17   0 0.90  0.0    0  5.5 14 190   M    M   9 1      19 200
23  60  42  51  24  14   0 0.14  0.0    0  9.0 20 130   M    M  10 1      25 140
24  68  37  53  26  12   0 0.00  0.0    0 12.0 35 240   M    M   7        44 240
25  54  32  43  17  22   0    T  0.0    0  3.1 10 340   M    M   8        13 360
26  46  27  37  11  28   0 0.06  0.0    0  4.5 14  80   M    M   8 12     17  80
27  50  33  42  16  23   0 0.61    T    0  7.8 18 300   M    M  10 1      25 310
28  33  23  28   2  37   0 0.33  1.3    T 11.5 23  70   M    M  10 1469   30  60
29  41  22  32   7  33   0 0.45  0.8    2  8.9 28 100   M    M  10 146    35 100
30  44  33  39  14  26   0 0.07  0.0    2  3.5 12 270   M    M  10 1      14 260
31  37  33  35  10  30   0 0.02    T    T 11.3 23 260   M    M   9 1      29 260
================================================================================
SM 1490 1061       731   0  4.83     2.1 258.9          M      278
================================================================================
AV 48.1 34.2                               8.4 FASTST   M    M   9    MAX(MPH)
                                 MISC ---->  # 35 240               # 44  240
================================================================================
NOTES:
# LAST OF SEVERAL OCCURRENCES

COLUMN 17 PEAK WIND IN M.P.H.

PRELIMINARY LOCAL CLIMATOLOGICAL DATA (WS FORM: F-6) , PAGE 2

                                          STATION:  SYRACUSE NY
                                          MONTH:    DECEMBER
                                          YEAR:     2015
                                          LATITUDE:   43  7 N
                                          LONGITUDE:  76  7 W

[TEMPERATURE DATA]      [PRECIPITATION DATA]       SYMBOLS USED IN COLUMN 16

AVERAGE MONTHLY: 41.1   TOTAL FOR MONTH:   4.83    1 = FOG OR MIST
DPTR FM NORMAL:  11.7   DPTR FM NORMAL:    1.61    2 = FOG REDUCING VISIBILITY
HIGHEST:    68 ON 24    GRTST 24HR  1.00 ON  1- 2      TO 1/4 MILE OR LESS
LOWEST:     22 ON 29                               3 = THUNDER
                        SNOW, ICE PELLETS, HAIL    4 = ICE PELLETS
                        TOTAL MONTH:   2.1 INCHES  5 = HAIL
                        GRTST 24HR   1.3 ON   M    6 = FREEZING RAIN OR DRIZZLE
                        GRTST DEPTH:   2 ON 30,29  7 = DUSTSTORM OR SANDSTORM:
                                                       VSBY 1/2 MILE OR LESS
                                                   8 = SMOKE OR HAZE
[NO. OF DAYS WITH]      [WEATHER - DAYS WITH]      9 = BLOWING SNOW
                                                   X = TORNADO
MAX 32 OR BELOW:   0    0.01 INCH OR MORE:  16
MAX 90 OR ABOVE:   0    0.10 INCH OR MORE:  11
MIN 32 OR BELOW:  11    0.50 INCH OR MORE:   3
MIN  0 OR BELOW:   0    1.00 INCH OR MORE:   0

[HDD (BASE 65) ]
TOTAL THIS MO.   731    CLEAR  (SCALE 0-3)   0
DPTR FM NORMAL  -373    PTCLDY (SCALE 4-7)   8
TOTAL FM JUL 1  1816    CLOUDY (SCALE 8-10) 23
DPTR FM NORMAL  -637

[CDD (BASE 65) ]
TOTAL THIS MO.     0
DPTR FM NORMAL     0    [PRESSURE DATA]
TOTAL FM JAN 1   717    HIGHEST SLP 30.72 ON  5
DPTR FM NORMAL   148    LOWEST  SLP 29.31 ON 14

[REMARKS]
#FINAL-12-15#
