000
CXUS51 KBGM 010905 AAA
CF6SYR

PRELIMINARY LOCAL CLIMATOLOGICAL DATA (WS FORM: F-6)

                                          STATION:   SYRACUSE NY
                                          MONTH:     SEPTEMBER
                                          YEAR:      2015
                                          LATITUDE:   43  7 N
                                          LONGITUDE:  76  7 W

  TEMPERATURE IN F:       :PCPN:    SNOW:  WIND      :SUNSHINE: SKY     :PK WND
================================================================================
1   2   3   4   5  6A  6B    7    8   9   10  11  12  13   14  15   16   17  18
                                     12Z  AVG MX 2MIN
DY MAX MIN AVG DEP HDD CDD  WTR  SNW DPTH SPD SPD DIR MIN PSBL S-S WX    SPD DR
================================================================================

 1  82  64  73   6   0   8    T  0.0    0  2.9  9 240   M    M   6 18     11 240
 2  85  60  73   6   0   8 0.00  0.0    0  3.5 12 320   M    M   4 18     20 280
 3  87  66  77  11   0  12 0.00  0.0    0  4.0 15 340   M    M   6 18     19 360
 4  85  62  74   8   0   9 0.00  0.0    0  5.2 12  40   M    M   3 12     15  40
 5  88  64  76  10   0  11 0.00  0.0    0  6.1 13  30   M    M   5 1      15 180
 6  91  62  77  11   0  12 0.00  0.0    0  4.9 12 200   M    M   2 1      14 200
 7  93  69  81  16   0  16 0.00  0.0    0  7.0 18 260   M    M   3        22 250
 8  93  75  84  19   0  19 0.00  0.0    0  7.0 10 190   M    M   7        17 220
 9  90  68  79  14   0  14 0.82  0.0    0  9.0 25 300   M    M   8 13     33 320
10  73  60  67   3   0   2 0.00  0.0    0  1.7  6  50   M    M  10         8 320
11  78  57  68   4   0   3 0.00  0.0    0  4.7 14 300   M    M   6 1      18 290
12  65  57  61  -3   4   0 0.35  0.0    0  3.1 10 260   M    M  10 1      12  60
13  64  54  59  -4   6   0 0.06  0.0    0 13.9 24 240   M    M  10 1      30 250
14  72  54  63   0   2   0 0.48  0.0    0 13.8 25 280   M    M   6 1      33 300
15  80  51  66   4   0   1 0.00  0.0    0  4.1 13 270   M    M   1        16 280
16  84  54  69   7   0   4 0.00  0.0    0  3.2  8  10   M    M   3        10 260
17  86  58  72  10   0   7 0.00  0.0    0  2.6  9  10   M    M   3 1      11  10
18  85  57  71  10   0   6 0.00  0.0    0  4.8 14 220   M    M   4 1      18 220
19  83  61  72  11   0   7 0.36  0.0    0 11.9 23 290   M    M   8 13     33 210
20  67  49  58  -2   7   0 0.00  0.0    0  6.5 16 300   M    M   6        22 310
21  67  42  55  -5  10   0 0.00  0.0    0  4.7 15  80   M    M   7        19  80
22  76  47  62   2   3   0 0.00  0.0    0  5.4 10  50   M    M   4        15 110
23  76  46  61   2   4   0 0.00  0.0    0  3.4 13 330   M    M   1        15 320
24  78  51  65   6   0   0 0.00  0.0    0  2.5 10 360   M    M   5        14 360
25  75  52  64   6   1   0 0.00  0.0    0  4.7 13  60   M    M   9        16  80
26  72  51  62   4   3   0 0.00  0.0    0  7.1 13  30   M    M   8        18  40
27  76  48  62   4   3   0 0.00  0.0    0  6.9 14 160   M    M   4        18 190
28  74  58  66   9   0   1    T  0.0    0  5.5 18 190   M    M   9        23 210
29  74  65  70  13   0   5 1.89  0.0    0  3.8  9  20   M    M   9 1      13  30
30  65  46  56   0   9   0 1.09  0.0    0  8.9 17 330   M    M  10 1      22 310
================================================================================
SM 2364 1708        52 145  5.05     0.0 172.8          M      177
================================================================================
AV 78.8 56.9                               5.8 FASTST   M    M   6    MAX(MPH)
                                 MISC ---->  # 25 300               # 33  320
================================================================================
NOTES:
# LAST OF SEVERAL OCCURRENCES

COLUMN 17 PEAK WIND IN M.P.H.

PRELIMINARY LOCAL CLIMATOLOGICAL DATA (WS FORM: F-6) , PAGE 2

                                          STATION:  SYRACUSE NY
                                          MONTH:    SEPTEMBER
                                          YEAR:     2015
                                          LATITUDE:   43  7 N
                                          LONGITUDE:  76  7 W

[TEMPERATURE DATA]      [PRECIPITATION DATA]       SYMBOLS USED IN COLUMN 16

AVERAGE MONTHLY: 67.9   TOTAL FOR MONTH:   5.05    1 = FOG OR MIST
DPTR FM NORMAL:   5.9   DPTR FM NORMAL:    1.36    2 = FOG REDUCING VISIBILITY
HIGHEST:    93 ON  8, 7 GRTST 24HR  2.96 ON 29-30      TO 1/4 MILE OR LESS
LOWEST:     42 ON 21                               3 = THUNDER
                        SNOW, ICE PELLETS, HAIL    4 = ICE PELLETS
                        TOTAL MONTH:   0.0 INCH    5 = HAIL
                        GRTST 24HR     0.0         6 = FREEZING RAIN OR DRIZZLE
                        GRTST DEPTH:   0           7 = DUSTSTORM OR SANDSTORM:
                                                       VSBY 1/2 MILE OR LESS
                                                   8 = SMOKE OR HAZE
[NO. OF DAYS WITH]      [WEATHER - DAYS WITH]      9 = BLOWING SNOW
                                                   X = TORNADO
MAX 32 OR BELOW:   0    0.01 INCH OR MORE:   7
MAX 90 OR ABOVE:   4    0.10 INCH OR MORE:   6
MIN 32 OR BELOW:   0    0.50 INCH OR MORE:   3
MIN  0 OR BELOW:   0    1.00 INCH OR MORE:   2

[HDD (BASE 65) ]
TOTAL THIS MO.    52    CLEAR  (SCALE 0-3)   5
DPTR FM NORMAL   -89    PTCLDY (SCALE 4-7)  17
TOTAL FM JUL 1    60    CLOUDY (SCALE 8-10)  8
DPTR FM NORMAL  -107

[CDD (BASE 65) ]
TOTAL THIS MO.   145
DPTR FM NORMAL    93    [PRESSURE DATA]
TOTAL FM JAN 1   717    HIGHEST SLP 30.45 ON 26
DPTR FM NORMAL   152    LOWEST  SLP 29.58 ON 13

[REMARKS]
#FINAL-09-15#
3RD WARMEST SEPTEMBER
