000
CXUS51 KBGM 041650 CCA
CF6SYR

PRELIMINARY LOCAL CLIMATOLOGICAL DATA (WS FORM: F-6)

                                          STATION:   SYRACUSE NY
                                          MONTH:     JANUARY
                                          YEAR:      2014
                                          LATITUDE:   43  7 N
                                          LONGITUDE:  76  7 W

  TEMPERATURE IN F:       :PCPN:    SNOW:  WIND      :SUNSHINE: SKY     :PK WND
================================================================================
1   2   3   4   5  6A  6B    7    8   9   10  11  12  13   14  15   16   17  18
                                     12Z  AVG MX 2MIN
DY MAX MIN AVG DEP HDD CDD  WTR  SNW DPTH SPD SPD DIR MIN PSBL S-S WX    SPD DR
================================================================================

 1  20  13  17  -8  48   0 0.01  0.5    1 10.4 22 230   M    M  10 1      28 230
 2  13  -2   6 -19  59   0 0.51  7.7    4  6.9 14  40   M    M  10 1      16  50
 3   7  -8   0 -24  65   0 0.02  0.3    7  6.7 14 310   M    M   8 18     20 320
 4  32  -4  14 -10  51   0 0.00  0.0    7  7.8 18 170   M    M   7        22 180
 5  46  19  33   9  32   0 0.16    T    6  7.5 14 140   M    M   9 146    17  70
 6  50   7  29   5  36   0 0.17  0.1    2 20.9 46 250   M    M  10 1489   52 250
 7   8   0   4 -20  61   0    T    T    T 23.7 39 250   M    M   8        49 240
 8  21   7  14 -10  51   0    T    T    T  9.0 22 240   M    M   7        26 240
 9  25  16  21  -3  44   0    T  0.1    T  8.9 20 260   M    M   8        28 230
10  39  18  29   5  36   0 0.10  1.4    1  4.7 12  90   M    M  10 1      14  10
11  55  35  45  21  20   0 0.22  0.0    T 13.4 32 250   M    M  10 1      44 250
12  41  28  35  12  30   0    T    T    0 14.7 31 250   M    M   9 1      37 250
13  51  25  38  15  27   0 0.07  0.0    0  9.0 20 170   M    M   7        28 170
14  46  30  38  15  27   0 0.28  0.0    0  5.2 12 320   M    M  10 1      15 330
15  42  28  35  12  30   0 0.01    T    0  5.2 16 300   M    M   8 1      22 310
16  36  25  31   8  34   0    T    T    0  4.4  9 130   M    M   7        13 120
17  42  26  34  11  31   0    T    T    0  7.6 20 220   M    M   9        26 250
18  30  20  25   2  40   0 0.28  4.8    1 11.1 21 250   M    M   9 129    25 240
19  31  17  24   1  41   0 0.03  1.3    5 12.0 28 250   M    M  10 189    35 250
20  32   8  20  -3  45   0 0.07  1.5    4  8.1 21 250   M    M  10 1      28 250
21   8  -9   0 -23  65   0    T    T    5  6.6 13 320   M    M   6        16 300
22   5 -12  -3 -26  68   0    T    T    4  5.8 14 250   M    M   3        18 250
23  14  -3   6 -17  59   0 0.06  1.5    4  4.2 16 320   M    M   9 18     20 320
24  19   0  10 -13  55   0 0.02  0.7    5 11.2 22 220   M    M   8 18     28 220
25  28  14  21  -2  44   0 0.03  1.4    5 15.8 26 190   M    M  10 129    36 200
26  27   5  16  -7  49   0 0.14  2.6    8 11.7 20 290   M    M   9 129    20 290
27  38   7  23   0  42   0 0.02  1.4    7 19.8 38 250   M    M   6 1289   47 240
28  11  -4   4 -20  61   0 0.00  0.0    7 13.1 29 230   M    M   6 8      39 240
29  17  -3   7 -17  58   0 0.00  0.0    7 13.0 28 250   M    M   4        36 260
30  29   5  17  -7  48   0 0.00  0.0    6 10.4 22 190   M    M   6 8      30 200
31  35  26  31   7  34   0 0.00  0.0    5  8.0 22 200   M    M  10        26 190
================================================================================
SM  898  334      1391   0  2.20    25.3 316.8          M      253
================================================================================
AV 29.0 10.8                              10.2 FASTST   M    M   8    MAX(MPH)
                                 MISC ---->  # 46 250               # 52  250
================================================================================
NOTES:
# LAST OF SEVERAL OCCURRENCES

COLUMN 17 PEAK WIND IN M.P.H.

PRELIMINARY LOCAL CLIMATOLOGICAL DATA (WS FORM: F-6) , PAGE 2

                                          STATION:  SYRACUSE NY
                                          MONTH:    JANUARY
                                          YEAR:     2014
                                          LATITUDE:   43  7 N
                                          LONGITUDE:  76  7 W

[TEMPERATURE DATA]      [PRECIPITATION DATA]       SYMBOLS USED IN COLUMN 16

AVERAGE MONTHLY: 19.9   TOTAL FOR MONTH:   2.20    1 = FOG OR MIST
DPTR FM NORMAL:  -3.7   DPTR FM NORMAL:   -0.30    2 = FOG REDUCING VISIBILITY
HIGHEST:    55 ON 11    GRTST 24HR  0.51 ON 2          TO 1/4 MILE OR LESS
LOWEST:    -12 ON 22                               3 = THUNDER
                        SNOW, ICE PELLETS, HAIL    4 = ICE PELLETS
                        TOTAL MONTH:  25.3 INCHES  5 = HAIL
                        GRTST 24HR   7.7 ON 2      6 = FREEZING RAIN OR DRIZZLE
                        GRTST DEPTH:   8 ON 26     7 = DUSTSTORM OR SANDSTORM:
                                                       VSBY 1/2 MILE OR LESS
                                                   8 = SMOKE OR HAZE
[NO. OF DAYS WITH]      [WEATHER - DAYS WITH]      9 = BLOWING SNOW
                                                   X = TORNADO
MAX 32 OR BELOW:  19    0.01 INCH OR MORE:  18
MAX 90 OR ABOVE:   0    0.10 INCH OR MORE:   8
MIN 32 OR BELOW:  30    0.50 INCH OR MORE:   1
MIN  0 OR BELOW:  10    1.00 INCH OR MORE:   0

[HDD (BASE 65) ]
TOTAL THIS MO.  1391    CLEAR  (SCALE 0-3)   0
DPTR FM NORMAL   108    PTCLDY (SCALE 4-7)  13
TOTAL FM JUL 1  3866    CLOUDY (SCALE 8-10) 18
DPTR FM NORMAL   130

[CDD (BASE 65) ]
TOTAL THIS MO.     0
DPTR FM NORMAL     0    [PRESSURE DATA]
TOTAL FM JAN 1     0    HIGHEST SLP 30.65 ON  9
DPTR FM NORMAL     0    LOWEST  SLP 29.23 ON 11

[REMARKS]
#FINAL-01-14#
CORRECTED GREATEST 24HR PRECIP AND GREATEST 24 HR SNOWFALL DATE
