000
CXUS51 KBGM 310800
CF6SYR
PRELIMINARY LOCAL CLIMATOLOGICAL DATA (WS FORM: F-6)

                                          STATION:   SYRACUSE NY
                                          MONTH:     DECEMBER
                                          YEAR:      2013
                                          LATITUDE:   43  7 N
                                          LONGITUDE:  76  7 W

  TEMPERATURE IN F:       :PCPN:    SNOW:  WIND      :SUNSHINE: SKY     :PK WND
================================================================================
1   2   3   4   5  6A  6B    7    8   9   10  11  12  13   14  15   16   17  18
                                     12Z  AVG MX 2MIN
DY MAX MIN AVG DEP HDD CDD  WTR  SNW DPTH SPD SPD DIR MIN PSBL S-S WX    SPD DR
================================================================================

 1  38  31  35   0  30   0 0.02  0.2    3  4.3 10 150   M    M  10 1      14 160
 2  39  33  36   2  29   0    T    T    1  2.0  7  90   M    M  10 1       8  80
 3  42  27  35   1  30   0 0.00  0.0    T  4.1  9 250   M    M   8 18     13 210
 4  46  25  36   2  29   0 0.02  0.0    T  6.3 12  90   M    M   9 168    16  70
 5  59  36  48  15  17   0 0.04  0.0    0 11.2 25 280   M    M  10 1      31 150
 6  41  31  36   3  29   0 0.36  0.2    T  9.1 15 280   M    M  10 14     18 260
 7  33  27  30  -2  35   0    T  0.6    T 13.5 21 270   M    M   9 1      26 250
 8  32  23  28  -4  37   0 0.01  0.2    T  8.2 18 260   M    M  10        22 250
 9  45  27  36   4  29   0 0.05  0.3    T 15.8 29 280   M    M  10 146    40 170
10  36  22  29  -2  36   0    T    T    T 14.8 26 250   M    M   9 18     36 250
11  28  19  24  -7  41   0 0.02  0.5    T 16.6 26 260   M    M   7 1      31 260
12  22   7  15 -15  50   0 0.06  1.6    2  9.9 25 250   M    M   9 1      32 240
13  24  11  18 -12  47   0 0.07  2.7    1 12.5 28 250   M    M  10 12     35 260
14  15   8  12 -18  53   0 0.26  4.1    2 10.2 22  80   M    M  10 19     28  90
15  26  15  21  -9  44   0 0.14  1.6    6 10.9 26 250   M    M  10 19     35 240
16  21   2  12 -17  53   0 0.12  5.4    8  7.1 25 230   M    M   8 189    31 250
17  18  -3   8 -21  57   0 0.17  2.5    8  5.2 12  70   M    M   9 1      16  70
18  32  12  22  -6  43   0 0.01  0.6    9  8.3 21 260   M    M   8 1      26 250
19  41  28  35   7  30   0 0.00  0.0    8  7.1 22 210   M    M   9        29 200
20  50  34  42  14  23   0 0.09  0.0    5  3.9 15 180   M    M  10 1      18 160
21  56  33  45  17  20   0 0.63  0.0    1  7.6 16 190   M    M  10 1      21 190
22  45  33  39  12  26   0 0.11    T    0  5.3 21 320   M    M  10 1      26 270
23  41  27  34   7  31   0 0.12  0.4    0  6.7 16 290   M    M   9 1      21 280
24  27  14  21  -6  44   0 0.05  3.4    1  7.5 24 250   M    M  10 189    29 260
25  22  -2  10 -16  55   0    T  0.3    4  3.9 14 310   M    M   8 1      17 310
26  33  22  28   2  37   0 0.12  2.3    4  9.9 21 250   M    M   8 1      26 250
27  32  21  27   1  38   0    T  0.1    3  9.7 23 250   M    M   9 18     31 240
28  42  19  31   5  34   0 0.00  0.0    2  6.3 17 200   M    M   6 1      25 210
29  43  27  35  10  30   0 0.40  0.0    2  3.7 15 250   M    M   8 1      22 270
30  38  14  26   1  39   0    T  1.4    1 12.1 24 280   M    M   9 1689   31 290
================================================================================
SM 1067  623      1096   0  2.87    28.4 253.7          M      272
================================================================================
AV 35.6 20.8                               8.5 FASTST   M    M   9    MAX(MPH)
                                 MISC ---->  # 29 280               # 40  170
================================================================================
NOTES:
# LAST OF SEVERAL OCCURRENCES

COLUMN 17 PEAK WIND IN M.P.H.

PRELIMINARY LOCAL CLIMATOLOGICAL DATA (WS FORM: F-6) , PAGE 2

                                          STATION:  SYRACUSE NY
                                          MONTH:    DECEMBER
                                          YEAR:     2013
                                          LATITUDE:   43  7 N
                                          LONGITUDE:  76  7 W

[TEMPERATURE DATA]      [PRECIPITATION DATA]       SYMBOLS USED IN COLUMN 16

AVERAGE MONTHLY: 28.2   TOTAL FOR MONTH:   2.87    1 = FOG OR MIST
DPTR FM NORMAL:  -1.4   DPTR FM NORMAL:   -0.26    2 = FOG REDUCING VISIBILITY
HIGHEST:    59 ON  5    GRTST 24HR  0.69 ON 21-22      TO 1/4 MILE OR LESS
LOWEST:     -3 ON 17                               3 = THUNDER
                        SNOW, ICE PELLETS, HAIL    4 = ICE PELLETS
                        TOTAL MONTH:  28.4 INCHES  5 = HAIL
                        GRTST 24HR   5.4 ON   M    6 = FREEZING RAIN OR DRIZZLE
                        GRTST DEPTH:   9 ON 18     7 = DUSTSTORM OR SANDSTORM:
                                                       VSBY 1/2 MILE OR LESS
                                                   8 = SMOKE OR HAZE
[NO. OF DAYS WITH]      [WEATHER - DAYS WITH]      9 = BLOWING SNOW
                                                   X = TORNADO
MAX 32 OR BELOW:  12    0.01 INCH OR MORE:  21
MAX 90 OR ABOVE:   0    0.10 INCH OR MORE:  10
MIN 32 OR BELOW:  25    0.50 INCH OR MORE:   1
MIN  0 OR BELOW:   2    1.00 INCH OR MORE:   0

[HDD (BASE 65) ]
TOTAL THIS MO.  1096    CLEAR  (SCALE 0-3)   0
DPTR FM NORMAL    32    PTCLDY (SCALE 4-7)   5
TOTAL FM JUL 1  2429    CLOUDY (SCALE 8-10) 25
DPTR FM NORMAL    16

[CDD (BASE 65) ]
TOTAL THIS MO.     0
DPTR FM NORMAL     0    [PRESSURE DATA]
TOTAL FM JAN 1   712    HIGHEST SLP M ON M
DPTR FM NORMAL   143    LOWEST  SLP 29.56 ON 29

[REMARKS]
