000
CXUS51 KBGM 071028 CCA
CF6SYR

PRELIMINARY LOCAL CLIMATOLOGICAL DATA (WS FORM: F-6)

                                          STATION:   SYRACUSE NY
                                          MONTH:     NOVEMBER
                                          YEAR:      2013
                                          LATITUDE:   43  7 N
                                          LONGITUDE:  76  7 W

  TEMPERATURE IN F:       :PCPN:    SNOW:  WIND      :SUNSHINE: SKY     :PK WND
================================================================================
1   2   3   4   5  6A  6B    7    8   9   10  11  12  13   14  15   16   17  18
                                     12Z  AVG MX 2MIN
DY MAX MIN AVG DEP HDD CDD  WTR  SNW DPTH SPD SPD DIR MIN PSBL S-S WX    SPD DR
================================================================================

 1  69  50  60  14   5   0 0.32  0.0    0 18.4 35 230   M    M   8 1      43 240
 2  56  37  47   2  18   0 0.05  0.0    0  8.5 18 330   M    M   9        22 330
 3  40  26  33 -12  32   0 0.00  0.0    0  6.9 18 320   M    M   6        24 320
 4  43  22  33 -12  32   0 0.00  0.0    0  4.8 12  80   M    M   5        16  50
 5  58  33  46   2  19   0 0.00  0.0    0  8.9 16 190   M    M   8        22 190
 6  64  48  56  12   9   0    T  0.0    0 12.9 26 190   M    M   8        39 190
 7  63  37  50   6  15   0 0.55    T    0 11.8 26 190   M    M  10 1      35 190
 8  45  33  39  -4  26   0 0.27  0.2    0 12.1 23 270   M    M   9 18     29 270
 9  49  36  43   0  22   0 0.02    T    0  8.2 16 180   M    M   9 1      22 190
10  50  38  44   1  21   0 0.27    T    0 15.4 29 280   M    M   9 1      38 280
11  46  33  40  -2  25   0 0.05    T    0 12.1 24 230   M    M   9 1      33 210
12  34  27  31 -11  34   0    T  0.2    0 11.7 23 270   M    M   9 15     31 270
13  38  21  30 -12  35   0    T    T    T 10.4 20 250   M    M   6        25 270
14  51  27  39  -2  26   0 0.00  0.0    0  8.2 16 230   M    M   5        20 230
15  56  37  47   6  18   0 0.00  0.0    0  5.2 14 200   M    M   9        18 220
16  62  34  48   7  17   0 0.00  0.0    0  5.1 12 120   M    M   6        14 100
17  62  47  55  15  10   0 0.04  0.0    0 13.5 31 160   M    M   9        46 170
18  62  38  50  10  15   0 0.13  0.0    0 21.0 38 230   M    M   7        47 210
19  38  27  33  -7  32   0 0.05  0.1    0 12.9 29 260   M    M  10 1      37 250
20  39  20  30  -9  35   0 0.00  0.0    0  4.0 10  80   M    M   6        13  90
21  48  23  36  -3  29   0 0.01  0.0    0  6.5 17 160   M    M   8        24 170
22  48  37  43   5  22   0 0.22  0.0    0  7.8 26 270   M    M  10 1      37 270
23  40  19  30  -8  35   0 0.16  4.5    0 16.7 33 280   M    M   9 129    45 280
24  25  17  21 -17  44   0 0.07  2.2    6 14.4 23 300   M    M   9 589    29 280
25  34  17  26 -11  39   0 0.03  1.5    7  8.6 21 200   M    M   9        26 200
26  36  31  34  -3  31   0 0.59  0.7    3  8.7 17 200   M    M   9 14     23 180
27  36  25  31  -5  34   0 0.92  0.3    2 13.0 29 280   M    M  10 18     36 270
28  28  19  24 -12  41   0 0.07  3.7    3  9.4 25 270   M    M   9 129    33 280
29  28  12  20 -16  45   0 0.02  0.9    4  5.1 18 280   M    M   6 1      23 280
30  33   7  20 -15  45   0 0.00  0.0    3  7.1 17 180   M    M   6        24 170
================================================================================
SM 1381  878       811   0  3.84    14.3 309.3          M      242
================================================================================
AV 46.0 29.3                              10.3 FASTST   M    M   8    MAX(MPH)
                                 MISC ---->  # 38 230               # 47  210
================================================================================
NOTES:
# LAST OF SEVERAL OCCURRENCES

COLUMN 17 PEAK WIND IN M.P.H.

PRELIMINARY LOCAL CLIMATOLOGICAL DATA (WS FORM: F-6) , PAGE 2

                                          STATION:  SYRACUSE NY
                                          MONTH:    NOVEMBER
                                          YEAR:     2013
                                          LATITUDE:   43  7 N
                                          LONGITUDE:  76  7 W

[TEMPERATURE DATA]      [PRECIPITATION DATA]       SYMBOLS USED IN COLUMN 16

AVERAGE MONTHLY: 37.7   TOTAL FOR MONTH:   3.84    1 = FOG OR MIST
DPTR FM NORMAL:  -2.9   DPTR FM NORMAL:    0.31    2 = FOG REDUCING VISIBILITY
HIGHEST:    69 ON  1    GRTST 24HR  1.48 ON 26-27      TO 1/4 MILE OR LESS
LOWEST:      7 ON 30                               3 = THUNDER
                        SNOW, ICE PELLETS, HAIL    4 = ICE PELLETS
                        TOTAL MONTH:  14.3 INCHES  5 = HAIL
                        GRTST 24HR   5.5 ON 23-24  6 = FREEZING RAIN OR DRIZZLE
                        GRTST DEPTH:   7 ON 25     7 = DUSTSTORM OR SANDSTORM:
                                                       VSBY 1/2 MILE OR LESS
                                                   8 = SMOKE OR HAZE
[NO. OF DAYS WITH]      [WEATHER - DAYS WITH]      9 = BLOWING SNOW
                                                   X = TORNADO
MAX 32 OR BELOW:   3    0.01 INCH OR MORE:  19
MAX 90 OR ABOVE:   0    0.10 INCH OR MORE:   9
MIN 32 OR BELOW:  16    0.50 INCH OR MORE:   3
MIN  0 OR BELOW:   0    1.00 INCH OR MORE:   0

[HDD (BASE 65) ]
TOTAL THIS MO.   811    CLEAR  (SCALE 0-3)   0
DPTR FM NORMAL    79    PTCLDY (SCALE 4-7)  10
TOTAL FM JUL 1  1333    CLOUDY (SCALE 8-10) 20
DPTR FM NORMAL   -16

[CDD (BASE 65) ]
TOTAL THIS MO.     0
DPTR FM NORMAL     0    [PRESSURE DATA]
TOTAL FM JAN 1   712    HIGHEST SLP 30.77 ON 30
DPTR FM NORMAL   143    LOWEST  SLP 29.22 ON  1

[REMARKS]
#FINAL-11-13#
