000
CXUS51 KBGM 061010 CCA
CF6SYR

PRELIMINARY LOCAL CLIMATOLOGICAL DATA (WS FORM: F-6)

                                          STATION:   SYRACUSE NY
                                          MONTH:     MAY
                                          YEAR:      2016
                                          LATITUDE:   43  7 N
                                          LONGITUDE:  76  7 W

  TEMPERATURE IN F:       :PCPN:    SNOW:  WIND      :SUNSHINE: SKY     :PK WND
================================================================================
1   2   3   4   5  6A  6B    7    8   9   10  11  12  13   14  15   16   17  18
                                     12Z  AVG MX 2MIN
DY MAX MIN AVG DEP HDD CDD  WTR  SNW DPTH SPD SPD DIR MIN PSBL S-S WX    SPD DR
================================================================================

 1  54  45  50  -3  15   0 0.24  0.0    0  9.0 20 120   M    M  10 1      24 120
 2  53  42  48  -5  17   0 0.57  0.0    0  6.1 16 290   M    M  10 1      20 290
 3  58  38  48  -6  17   0 0.00  0.0    0  2.2 10 350   M    M   9 12     16 270
 4  61  45  53  -1  12   0 0.06  0.0    0  7.2 18  90   M    M   9 1      26  90
 5  61  45  53  -1  12   0 0.00  0.0    0  6.4 13  20   M    M   8        18  10
 6  64  44  54   0  11   0 0.09  0.0    0  5.5 13  60   M    M   8 1      16  20
 7  68  49  59   4   6   0 0.01  0.0    0  7.2 15 200   M    M   7 12     20 200
 8  59  42  51  -4  14   0    T  0.0    0 14.8 26 260   M    M   8 1      32 260
 9  57  37  47  -9  18   0    T  0.0    0  9.3 21 320   M    M   4        27 310
10  65  33  49  -7  16   0 0.00  0.0    0  3.4 14 330   M    M   4        17 330
11  74  37  56   0   9   0 0.00  0.0    0  4.0 14 340   M    M   3        16 350
12  83  43  63   7   2   0 0.00  0.0    0  6.6 17 170   M    M   7        26 160
13  73  54  64   7   1   0 0.06  0.0    0 11.9 23 170   M    M   8 1      31 170
14  67  45  56  -1   9   0 0.05  0.0    0 11.9 31 260   M    M   8        41 240
15  45  38  42 -15  23   0 0.02    T    0 18.1 26 280   M    M   9 1      35 280
16  58  39  49  -9  16   0    T    T    0 13.3 30 280   M    M   8        43 300
17  60  40  50  -8  15   0 0.00  0.0    0  6.0 16 270   M    M   7        19 250
18  62  35  49  -9  16   0 0.00  0.0    0  5.1 14 310   M    M   5        19 300
19  68  39  54  -4  11   0 0.00  0.0    0  6.0 18 320   M    M   5        24 300
20  73  43  58  -1   7   0 0.00  0.0    0  3.8 13 260   M    M   4        17 280
21  70  46  58  -1   7   0    T  0.0    0  3.7 14 220   M    M  10        18 220
22  70  52  61   2   4   0 0.06  0.0    0  3.1 15 340   M    M   9 1      17 330
23  79  48  64   4   1   0 0.00  0.0    0  5.3 18 340   M    M   4 1      23 330
24  80  46  63   3   2   0 0.00  0.0    0  5.2 21 290   M    M   4        26 300
25  84  47  66   6   0   1 0.00  0.0    0  5.5 16 250   M    M   5        20 320
26  87  57  72  11   0   7 0.00  0.0    0  4.1 14 180   M    M   8        18 180
27  87  63  75  14   0  10    T  0.0    0  4.5 26 260   M    M   7 3      32 270
28  91  63  77  16   0  12 0.00  0.0    0  4.3 13 280   M    M   6        17 280
29  88  66  77  15   0  12 2.42  0.0    0  6.4 43 360   M    M   9 13     59 350
30  84  64  74  12   0   9    T  0.0    0  9.9 18 300   M    M   7        23 280
31  80  59  70   8   0   5 0.00  0.0    0  7.3 22 260   M    M   5        28 260
================================================================================
SM 2163 1444       261  56  3.58    T    217.1          M      215
================================================================================
AV 69.8 46.6                               7.0 FASTST   M    M   7    MAX(MPH)
                                 MISC ---->  # 43 360               # 59  350
================================================================================
NOTES:
# LAST OF SEVERAL OCCURRENCES

COLUMN 17 PEAK WIND IN M.P.H.

PRELIMINARY LOCAL CLIMATOLOGICAL DATA (WS FORM: F-6) , PAGE 2

                                          STATION:  SYRACUSE NY
                                          MONTH:    MAY
                                          YEAR:     2016
                                          LATITUDE:   43  7 N
                                          LONGITUDE:  76  7 W

[TEMPERATURE DATA]      [PRECIPITATION DATA]       SYMBOLS USED IN COLUMN 16

AVERAGE MONTHLY: 58.2   TOTAL FOR MONTH:   3.58    1 = FOG OR MIST
DPTR FM NORMAL:   0.6   DPTR FM NORMAL:    0.36    2 = FOG REDUCING VISIBILITY
HIGHEST:    91 ON 28    GRTST 24HR  2.42 ON 29-29      TO 1/4 MILE OR LESS
LOWEST:     33 ON 10                               3 = THUNDER
                        SNOW, ICE PELLETS, HAIL    4 = ICE PELLETS
                        TOTAL MONTH:    T          5 = HAIL
                        GRTST 24HR    T  ON 15, 16 6 = FREEZING RAIN OR DRIZZLE
                        GRTST DEPTH:   T 15,16     7 = DUSTSTORM OR SANDSTORM:
                                                       VSBY 1/2 MILE OR LESS
                                                   8 = SMOKE OR HAZE
[NO. OF DAYS WITH]      [WEATHER - DAYS WITH]      9 = BLOWING SNOW
                                                   X = TORNADO
MAX 32 OR BELOW:   0    0.01 INCH OR MORE:  10
MAX 90 OR ABOVE:   1    0.10 INCH OR MORE:   3
MIN 32 OR BELOW:   0    0.50 INCH OR MORE:   2
MIN  0 OR BELOW:   0    1.00 INCH OR MORE:   1

[HDD (BASE 65) ]
TOTAL THIS MO.   261    CLEAR  (SCALE 0-3)   1
DPTR FM NORMAL     6    PTCLDY (SCALE 4-7)  18
TOTAL FM JUL 1  5798    CLOUDY (SCALE 8-10) 12
DPTR FM NORMAL  -792

[CDD (BASE 65) ]
TOTAL THIS MO.    56
DPTR FM NORMAL    30    [PRESSURE DATA]
TOTAL FM JAN 1    56    HIGHEST SLP 30.29 ON 20
DPTR FM NORMAL    26    LOWEST  SLP 29.49 ON  8

[REMARKS]
#FINAL-05-16#
