000
CXUS51 KBGM 012048
CF6SYR
PRELIMINARY LOCAL CLIMATOLOGICAL DATA (WS FORM: F-6)

                                          STATION:   SYRACUSE NY
                                          MONTH:     AUGUST
                                          YEAR:      2013
                                          LATITUDE:   43  7 N
                                          LONGITUDE:  76  7 W

  TEMPERATURE IN F:       :PCPN:    SNOW:  WIND      :SUNSHINE: SKY     :PK WND
================================================================================
1   2   3   4   5  6A  6B    7    8   9   10  11  12  13   14  15   16   17  18
                                     12Z  AVG MX 2MIN
DY MAX MIN AVG DEP HDD CDD  WTR  SNW DPTH SPD SPD DIR MIN PSBL S-S WX    SPD DR
================================================================================

 1  79  62  71   0   0   6 0.28  0.0    0  6.4 29 270   M    M   8 13     38 280
 2  77  62  70  -1   0   5 0.02  0.0    0  5.5 23 240   M    M   7 3      29 240
 3  77  62  70  -1   0   5 0.04  0.0    0  9.4 20 290   M    M   7 1      26 270
 4  73  61  67  -4   0   2    T  0.0    0 10.8 23 290   M    M   6 8      32 300
 5  76  52  64  -7   1   0 0.00  0.0    0  4.2 13 330   M    M   6        29  30
 6  80  51  66  -5   0   1 0.00  0.0    0  5.8 15 160   M    M   7        18 150
 7  79  66  73   2   0   8 0.00  0.0    0 10.5 20 160   M    M   9        26 160
 8  88  70  79   8   0  14 0.14  0.0    0  4.1 12 230   M    M   9 1      15 220
 9  79  66  73   2   0   8 0.12  0.0    0  5.1 15 290   M    M   9 1      20 280
10  73  57  65  -6   0   0 0.00  0.0    0  9.3 20 300   M    M   5        25 300
11  77  52  65  -6   0   0 0.00  0.0    0  3.5 14 290   M    M   4        17 300
12  81  58  70   0   0   5 0.00  0.0    0  4.1 12 240   M    M   8        18 270
13  79  57  68  -2   0   3 0.69  0.0    0  8.9 22 300   M    M   9 1      29 320
14  70  56  63  -7   2   0    T  0.0    0 13.2 21 300   M    M   7        29 280
15  76  54  65  -5   0   0 0.00  0.0    0  6.9 17 290   M    M   4        24 270
16  77  53  65  -5   0   0 0.00  0.0    0  3.9 13 270   M    M   4        15 330
17  81  53  67  -3   0   2 0.00  0.0    0  2.3  9  20   M    M   4        10  30
18  80  58  69  -1   0   4 0.00  0.0    0  1.5  8 360   M    M   8        16 100
19  83  59  71   1   0   6 0.00  0.0    0  3.6 13 320   M    M   6        17 310
20  85  58  72   2   0   7 0.00  0.0    0  4.2 15 260   M    M   2        21 250
21  87  61  74   5   0   9 0.00  0.0    0  4.3 12 270   M    M   3 1      15 260
22  88  64  76   7   0  11 0.39  0.0    0  7.0 28 270   M    M   7 13     35 280
23  76  58  67  -2   0   2 0.00  0.0    0  4.9 15 320   M    M   3 1      20 320
24  78  52  65  -4   0   0 0.00  0.0    0  2.1 10 360   M    M   3        16 300
25  83  54  69   0   0   4 0.01  0.0    0  5.8 17 270   M    M   6        23 220
26  78  67  73   5   0   8 0.50  0.0    0  7.0 20 260   M    M  10 1     270  24
27  84  66  75   7   0  10    T  0.0    0  2.1  7 260   M    M   8 12      9 270
28  88  66  77   9   0  12    T  0.0    0  2.9 15 360   M    M   6 1      20  10
29  86  64  75   7   0  10 0.00  0.0    0  3.7 17 330   M    M   4 1      21 320
30  87  62  75   7   0  10 0.19  0.0    0  3.5 14 240   M    M   5 1      17 250
31  84  70  77  10   0  12 0.20  0.0    0  6.5 17 240   M    M   9 1      24  10
================================================================================
SM 2489 1851         3 164  2.58     0.0 173.0          M      193
================================================================================
AV 80.3 59.7                               5.6 FASTST   M    M   6    MAX(MPH)
                                 MISC ---->  # 29 270               #270   24
================================================================================
NOTES:
# LAST OF SEVERAL OCCURRENCES

COLUMN 17 PEAK WIND IN M.P.H.

PRELIMINARY LOCAL CLIMATOLOGICAL DATA (WS FORM: F-6) , PAGE 2

                                          STATION:  SYRACUSE NY
                                          MONTH:    AUGUST
                                          YEAR:     2013
                                          LATITUDE:   43  7 N
                                          LONGITUDE:  76  7 W

[TEMPERATURE DATA]      [PRECIPITATION DATA]       SYMBOLS USED IN COLUMN 16

AVERAGE MONTHLY: 70.0   TOTAL FOR MONTH:   2.58    1 = FOG OR MIST
DPTR FM NORMAL:   0.2   DPTR FM NORMAL:   -0.99    2 = FOG REDUCING VISIBILITY
HIGHEST:    88 ON 28,22 GRTST 24HR  0.69 ON 12-13      TO 1/4 MILE OR LESS
LOWEST:     51 ON  6                               3 = THUNDER
                        SNOW, ICE PELLETS, HAIL    4 = ICE PELLETS
                        TOTAL MONTH:   0.0 INCH    5 = HAIL
                        GRTST 24HR     0.0         6 = FREEZING RAIN OR DRIZZLE
                        GRTST DEPTH:   0           7 = DUSTSTORM OR SANDSTORM:
                                                       VSBY 1/2 MILE OR LESS
                                                   8 = SMOKE OR HAZE
[NO. OF DAYS WITH]      [WEATHER - DAYS WITH]      9 = BLOWING SNOW
                                                   X = TORNADO
MAX 32 OR BELOW:   0    0.01 INCH OR MORE:  11
MAX 90 OR ABOVE:   0    0.10 INCH OR MORE:   8
MIN 32 OR BELOW:   0    0.50 INCH OR MORE:   2
MIN  0 OR BELOW:   0    1.00 INCH OR MORE:   0

[HDD (BASE 65) ]
TOTAL THIS MO.     3    CLEAR  (SCALE 0-3)   4
DPTR FM NORMAL   -15    PTCLDY (SCALE 4-7)  19
TOTAL FM JUL 1     6    CLOUDY (SCALE 8-10)  8
DPTR FM NORMAL   -20

[CDD (BASE 65) ]
TOTAL THIS MO.   164
DPTR FM NORMAL    -3    [PRESSURE DATA]
TOTAL FM JAN 1   643    HIGHEST SLP 30.36 ON 25
DPTR FM NORMAL   130    LOWEST  SLP 29.70 ON 13

[REMARKS]
#FINAL-08-13#
