000
CXUS51 KBGM 030405 AAA
CLASYR
CLIMATE REPORT...AMENDED
NATIONAL WEATHER SERVICE BINGHAMTON, NY
1105 PM EST TUE JAN 02 2024
...................................
...THE SYRACUSE NY CLIMATE SUMMARY FOR THE YEAR OF 2023...
CLIMATE NORMAL PERIOD 1991 TO 2020
CLIMATE RECORD PERIOD 1902 TO 2023
WEATHER OBSERVED NORMAL DEPART LAST YEAR`S
VALUE DATE(S) VALUE FROM VALUE DATE(S)
NORMAL
................................................................
TEMPERATURE (F)
RECORD
HIGH 101 07/17/2012
07/21/2011
08/14/2002
LOW -26 02/18/1979
01/26/1966
HIGHEST 94 07/06 57 37 95 07/20
07/23
LOWEST -13 02/04 38 -51 -9 01/22
01/30
AVG. MAXIMUM 60.8 57.6 3.2 60.0
AVG. MINIMUM 42.8 39.4 3.4 40.0
MEAN 51.8 48.5 3.3 50.0
DAYS MAX >= 90 9 10.2 -1.2 15
DAYS MAX <= 32 13 46.8 -33.8 41
DAYS MIN <= 32 113 132.5 -19.5 125
DAYS MIN <= 0 2 7.7 -5.7 12
PRECIPITATION (INCHES)
RECORD
MAXIMUM 58.17 1976
MINIMUM 27.10 1964
TOTALS 44.55 39.88 4.67 37.08
DAILY AVG. 0.12 0.11 0.01 0.10
DAYS >= .01 173 173.7 -0.7 161
DAYS >= .10 97 90.2 6.8 87
DAYS >= .50 31 23.8 7.2 20
DAYS >= 1.00 7 5.9 1.1 6
GREATEST
24 HR. TOTAL 2.87 08/07 TO 08/08 2.63 11/11 TO 11/12
SNOWFALL (INCHES)
RECORDS
TOTAL 192.1 1992
24 HR TOTAL 22.1 03/13/1993 TO 03/13/1993
SNOW DEPTH 48 02/01/1966
02/21/1958
02/20/1958
TOTALS 55.8 127.8 -72.0 82.4
SINCE 7/1 10.3 40.6 -30.3 20.1
SNOWDEPTH AVG. 0 1
DAYS >= TRACE 88 65.5 22.5 96
DAYS >= 1.0 17 34.1 -17.1 27
GREATEST
SNOW DEPTH 9 03/15 13 02/05
03/16
24 HR TOTAL 7.2 03/14 TO 03/15 7.7 02/03 TO 02/04
DEGREE DAYS
HEATING TOTAL 5460 6588 -1128 6165
SINCE 7/1 1906 2384 -478 2092
COOLING TOTAL 766 619 147 818
SINCE 1/1 766 619 147 818
FREEZE DATES
RECORD
EARLIEST 09/23/1963
LATEST 05/24/1963
EARLIEST 11/02
LATEST 05/18
................................................................
WIND (MPH)
AVERAGE WIND SPEED 7.4
RESULTANT WIND SPEED/DIRECTION 2/260
HIGHEST WIND SPEED/DIRECTION 38/180 DATE 04/11
HIGHEST GUST SPEED/DIRECTION 46/230 DATE 05/01
SKY COVER
POSSIBLE SUNSHINE (PERCENT) MM
AVERAGE SKY COVER 0.74
NUMBER OF DAYS FAIR 33
NUMBER OF DAYS PC 130
NUMBER OF DAYS CLOUDY 202
AVERAGE RH (PERCENT) 67
WEATHER CONDITIONS. NUMBER OF DAYS WITH
THUNDERSTORM 30 MIXED PRECIP 2
HEAVY RAIN 24 RAIN 56
LIGHT RAIN 194 FREEZING RAIN 1
LT FREEZING RAIN 10 HAIL 4
HEAVY SNOW 6 SNOW 13
LIGHT SNOW 83 SLEET 20
FOG 180 FOG W/VIS <= 1/4 MILE 7
HAZE 79
- INDICATES NEGATIVE NUMBERS.
R INDICATES RECORD WAS SET OR TIED.
MM INDICATES DATA IS MISSING.
T INDICATES TRACE AMOUNT.
&&
3RD WARMEST CALENDAR YEAR RECORD 52.6F IN 2012
15TH MOST CALENDAR YEAR PRECIPITATION
LEAST CALENDAR YEAR SNOWFALL AT HANCOCK FIELD OLD RECORD 66.8" IN 1952
$$
MWG/TAC